{"id":9215,"date":"2024-04-22T15:56:43","date_gmt":"2024-04-22T18:56:43","guid":{"rendered":"https:\/\/rosemvd.com\/?post_type=product&#038;p=9215"},"modified":"2026-04-21T15:50:21","modified_gmt":"2026-04-21T18:50:21","slug":"compresor-aerografo-inalambrico","status":"publish","type":"product","link":"https:\/\/rosemvd.com\/index.php\/producto\/compresor-aerografo-inalambrico\/","title":{"rendered":"Compresor Aer\u00f3grafo Inal\u00e1mbrico"},"content":{"rendered":"<p>U\u00f1as, Maquillaje y Reposter\u00eda<\/p>\n<p><strong>Caracter\u00edsticas<\/strong><br \/>\n1. mini compresor de aire peque\u00f1o y pr\u00e1ctico, ligero port\u00e1til y f\u00e1cil de transportar.<br \/>\nBoquilla de aguja de 2. 0,4mm, pulverizaci\u00f3n amplia, disparador de acci\u00f3n para una pulverizaci\u00f3n f\u00e1cil y precisa.<br \/>\n3. El dise\u00f1o del disparador de acci\u00f3n ahorra materias primas y es pr\u00e1ctico.<br \/>\n4. Hecho de material de alta calidad, c\u00f3modo de usar y no se romper\u00e1.<br \/>\n5. Regadera de gran capacidad, recambios fluidos f\u00e1ciles y f\u00e1cil limpieza.<br \/>\n6. Equipado con una almohadilla suave, ayuda a estabilizar y reducir el ruido.<br \/>\n7. F\u00e1cil de rellenar y limpiar.<br \/>\n8. para hacer modelos Aer\u00f3grafo, decoraciones de pasteles, dibujar el contorno de camuflaje, tatuajes de u\u00f1as, etc.<br \/>\n9. Para Bellas Artes, arte de u\u00f1as, tatuajes temporales, decoraci\u00f3n de pasteles, pasatiempos, etc.<br \/>\n10. Tambi\u00e9n se puede utilizar para regar la piel, inyectar agua y ox\u00edgeno.<br \/>\n11. Ampliamente utilizado por los entusiastas del modelo general.<\/p>\n<p><strong>Especificaci\u00f3n<\/strong><br \/>\nTipo de art\u00edculo: aer\u00f3grafo port\u00e1til<br \/>\nColor: negro<br \/>\nMaterial:Metal<br \/>\nSalida: 8,4 V<br \/>\nEntrada: 100-240V<br \/>\nTama\u00f1o: 4,5*11cm<\/p>\n<p><strong>Producto incluido<\/strong><br \/>\n1 compresor de aire<br \/>\n1 * pieza de mano<br \/>\n3 * regadera<br \/>\n1 * adaptador<br \/>\n1 * Manual<br \/>\n1 * caja<\/p>\n<p><strong>* Es normal que la pistola pulverice aire cuando est\u00e1 encendida, no es un problema de calidad.<\/strong><br \/>\n<strong>* Este dispositivo es de acci\u00f3n \u00fanica. Cuando el dispositivo est\u00e1 encendido, la pistola rociadora rociar\u00e1 aire, pero no rociar\u00e1 l\u00edquido. Debe tirar de la paleta hacia abajo y hacia atr\u00e1s para rociar l\u00edquido.<\/strong><\/p>\n","protected":false},"excerpt":{"rendered":"<p>U\u00f1as, Maquillaje y Reposter\u00eda Caracter\u00edsticas 1. mini compresor de aire peque\u00f1o y pr\u00e1ctico, ligero port\u00e1til y f\u00e1cil de transportar. Boquilla de aguja de 2. 0,4mm, pulverizaci\u00f3n amplia, disparador de acci\u00f3n para una pulverizaci\u00f3n f\u00e1cil y precisa. 3. El dise\u00f1o del disparador de acci\u00f3n ahorra materias primas y es pr\u00e1ctico. 4. Hecho de material de alta [&hellip;]<\/p>\n","protected":false},"featured_media":9220,"template":"","meta":{"site-sidebar-layout":"default","site-content-layout":"","ast-site-content-layout":"default","site-content-style":"default","site-sidebar-style":"default","ast-global-header-display":"","ast-banner-title-visibility":"","ast-main-header-display":"","ast-hfb-above-header-display":"","ast-hfb-below-header-display":"","ast-hfb-mobile-header-display":"","site-post-title":"","ast-breadcrumbs-content":"","ast-featured-img":"","footer-sml-layout":"","ast-disable-related-posts":"","theme-transparent-header-meta":"default","adv-header-id-meta":"","stick-header-meta":"","header-above-stick-meta":"","header-main-stick-meta":"","header-below-stick-meta":"","astra-migrate-meta-layouts":"set","ast-page-background-enabled":"default","ast-page-background-meta":{"desktop":{"background-color":"var(--ast-global-color-4)","background-image":"","background-repeat":"repeat","background-position":"center center","background-size":"auto","background-attachment":"scroll","background-type":"","background-media":"","overlay-type":"","overlay-color":"","overlay-opacity":"","overlay-gradient":""},"tablet":{"background-color":"","background-image":"","background-repeat":"repeat","background-position":"center center","background-size":"auto","background-attachment":"scroll","background-type":"","background-media":"","overlay-type":"","overlay-color":"","overlay-opacity":"","overlay-gradient":""},"mobile":{"background-color":"","background-image":"","background-repeat":"repeat","background-position":"center center","background-size":"auto","background-attachment":"scroll","background-type":"","background-media":"","overlay-type":"","overlay-color":"","overlay-opacity":"","overlay-gradient":""}},"ast-content-background-meta":{"desktop":{"background-color":"var(--ast-global-color-5)","background-image":"","background-repeat":"repeat","background-position":"center center","background-size":"auto","background-attachment":"scroll","background-type":"","background-media":"","overlay-type":"","overlay-color":"","overlay-opacity":"","overlay-gradient":""},"tablet":{"background-color":"var(--ast-global-color-5)","background-image":"","background-repeat":"repeat","background-position":"center center","background-size":"auto","background-attachment":"scroll","background-type":"","background-media":"","overlay-type":"","overlay-color":"","overlay-opacity":"","overlay-gradient":""},"mobile":{"background-color":"var(--ast-global-color-5)","background-image":"","background-repeat":"repeat","background-position":"center center","background-size":"auto","background-attachment":"scroll","background-type":"","background-media":"","overlay-type":"","overlay-color":"","overlay-opacity":"","overlay-gradient":""}}},"product_brand":[],"product_cat":[17,466],"product_tag":[],"class_list":{"0":"post-9215","1":"product","2":"type-product","3":"status-publish","4":"has-post-thumbnail","6":"product_cat-belleza","7":"product_cat-unas-belleza","8":"desktop-align-left","9":"tablet-align-left","10":"mobile-align-left","12":"first","13":"instock","14":"sale","15":"shipping-taxable","16":"purchasable","17":"product-type-simple"},"yoast_head":"<!-- This site is optimized with the Yoast SEO plugin v27.3 - https:\/\/yoast.com\/product\/yoast-seo-wordpress\/ -->\n<title>Compresor Aer\u00f3grafo Inal\u00e1mbrico - ROSE MVD<\/title>\n<meta name=\"description\" content=\"Compresor Aer\u00f3grafo Inal\u00e1mbrico, para U\u00f1as, Maquillaje y Reposter\u00eda. Mini compresor de aire peque\u00f1o y pr\u00e1ctico, ligero port\u00e1til y f\u00e1cil de transportar.\" \/>\n<meta name=\"robots\" content=\"index, follow, max-snippet:-1, max-image-preview:large, max-video-preview:-1\" \/>\n<link rel=\"canonical\" href=\"https:\/\/rosemvd.com\/index.php\/producto\/compresor-aerografo-inalambrico\/\" \/>\n<meta property=\"og:locale\" content=\"es_ES\" \/>\n<meta property=\"og:type\" content=\"article\" \/>\n<meta property=\"og:title\" content=\"Compresor Aer\u00f3grafo Inal\u00e1mbrico - ROSE MVD\" \/>\n<meta property=\"og:description\" content=\"Compresor Aer\u00f3grafo Inal\u00e1mbrico, para U\u00f1as, Maquillaje y Reposter\u00eda. Mini compresor de aire peque\u00f1o y pr\u00e1ctico, ligero port\u00e1til y f\u00e1cil de transportar.\" \/>\n<meta property=\"og:url\" content=\"https:\/\/rosemvd.com\/index.php\/producto\/compresor-aerografo-inalambrico\/\" \/>\n<meta property=\"og:site_name\" content=\"ROSE MVD\" \/>\n<meta property=\"article:publisher\" content=\"https:\/\/www.facebook.com\/TiendaRoseMvd\" \/>\n<meta property=\"article:modified_time\" content=\"2026-04-21T18:50:21+00:00\" \/>\n<meta property=\"og:image\" content=\"https:\/\/rosemvd.com\/wp-content\/uploads\/2024\/04\/319uBLguPXL._AC_.jpg\" \/>\n\t<meta property=\"og:image:width\" content=\"530\" \/>\n\t<meta property=\"og:image:height\" content=\"607\" \/>\n\t<meta property=\"og:image:type\" content=\"image\/jpeg\" \/>\n<meta name=\"twitter:card\" content=\"summary_large_image\" \/>\n<meta name=\"twitter:label1\" content=\"Tiempo de lectura\" \/>\n\t<meta name=\"twitter:data1\" content=\"2 minutos\" \/>\n<script type=\"application\/ld+json\" class=\"yoast-schema-graph\">{\"@context\":\"https:\\\/\\\/schema.org\",\"@graph\":[{\"@type\":\"WebPage\",\"@id\":\"https:\\\/\\\/rosemvd.com\\\/index.php\\\/producto\\\/compresor-aerografo-inalambrico\\\/\",\"url\":\"https:\\\/\\\/rosemvd.com\\\/index.php\\\/producto\\\/compresor-aerografo-inalambrico\\\/\",\"name\":\"Compresor Aer\u00f3grafo Inal\u00e1mbrico - ROSE MVD\",\"isPartOf\":{\"@id\":\"https:\\\/\\\/rosemvd.com\\\/#website\"},\"primaryImageOfPage\":{\"@id\":\"https:\\\/\\\/rosemvd.com\\\/index.php\\\/producto\\\/compresor-aerografo-inalambrico\\\/#primaryimage\"},\"image\":{\"@id\":\"https:\\\/\\\/rosemvd.com\\\/index.php\\\/producto\\\/compresor-aerografo-inalambrico\\\/#primaryimage\"},\"thumbnailUrl\":\"https:\\\/\\\/rosemvd.com\\\/wp-content\\\/uploads\\\/2024\\\/04\\\/319uBLguPXL._AC_.jpg\",\"datePublished\":\"2024-04-22T18:56:43+00:00\",\"dateModified\":\"2026-04-21T18:50:21+00:00\",\"description\":\"Compresor Aer\u00f3grafo Inal\u00e1mbrico, para U\u00f1as, Maquillaje y Reposter\u00eda. Mini compresor de aire peque\u00f1o y pr\u00e1ctico, ligero port\u00e1til y f\u00e1cil de transportar.\",\"breadcrumb\":{\"@id\":\"https:\\\/\\\/rosemvd.com\\\/index.php\\\/producto\\\/compresor-aerografo-inalambrico\\\/#breadcrumb\"},\"inLanguage\":\"es\",\"potentialAction\":[{\"@type\":\"ReadAction\",\"target\":[\"https:\\\/\\\/rosemvd.com\\\/index.php\\\/producto\\\/compresor-aerografo-inalambrico\\\/\"]}]},{\"@type\":\"ImageObject\",\"inLanguage\":\"es\",\"@id\":\"https:\\\/\\\/rosemvd.com\\\/index.php\\\/producto\\\/compresor-aerografo-inalambrico\\\/#primaryimage\",\"url\":\"https:\\\/\\\/rosemvd.com\\\/wp-content\\\/uploads\\\/2024\\\/04\\\/319uBLguPXL._AC_.jpg\",\"contentUrl\":\"https:\\\/\\\/rosemvd.com\\\/wp-content\\\/uploads\\\/2024\\\/04\\\/319uBLguPXL._AC_.jpg\",\"width\":530,\"height\":607},{\"@type\":\"BreadcrumbList\",\"@id\":\"https:\\\/\\\/rosemvd.com\\\/index.php\\\/producto\\\/compresor-aerografo-inalambrico\\\/#breadcrumb\",\"itemListElement\":[{\"@type\":\"ListItem\",\"position\":1,\"name\":\"Portada\",\"item\":\"https:\\\/\\\/rosemvd.com\\\/\"},{\"@type\":\"ListItem\",\"position\":2,\"name\":\"Tienda\",\"item\":\"https:\\\/\\\/rosemvd.com\\\/index.php\\\/tienda\\\/\"},{\"@type\":\"ListItem\",\"position\":3,\"name\":\"Compresor Aer\u00f3grafo Inal\u00e1mbrico\"}]},{\"@type\":\"WebSite\",\"@id\":\"https:\\\/\\\/rosemvd.com\\\/#website\",\"url\":\"https:\\\/\\\/rosemvd.com\\\/\",\"name\":\"ROSE MVD\",\"description\":\"Todo lo que no sab\u00edas que necesitabas, lo \u00faltimo en tendencia, utilidad e innovaci\u00f3n\",\"publisher\":{\"@id\":\"https:\\\/\\\/rosemvd.com\\\/#organization\"},\"potentialAction\":[{\"@type\":\"SearchAction\",\"target\":{\"@type\":\"EntryPoint\",\"urlTemplate\":\"https:\\\/\\\/rosemvd.com\\\/?s={search_term_string}\"},\"query-input\":{\"@type\":\"PropertyValueSpecification\",\"valueRequired\":true,\"valueName\":\"search_term_string\"}}],\"inLanguage\":\"es\"},{\"@type\":\"Organization\",\"@id\":\"https:\\\/\\\/rosemvd.com\\\/#organization\",\"name\":\"ROSE MVD\",\"alternateName\":\"ROSE MVD\",\"url\":\"https:\\\/\\\/rosemvd.com\\\/\",\"logo\":{\"@type\":\"ImageObject\",\"inLanguage\":\"es\",\"@id\":\"https:\\\/\\\/rosemvd.com\\\/#\\\/schema\\\/logo\\\/image\\\/\",\"url\":\"https:\\\/\\\/rosemvd.com\\\/wp-content\\\/uploads\\\/2023\\\/03\\\/Sin-titulo-2_Mesa-de-trabajo-1.png\",\"contentUrl\":\"https:\\\/\\\/rosemvd.com\\\/wp-content\\\/uploads\\\/2023\\\/03\\\/Sin-titulo-2_Mesa-de-trabajo-1.png\",\"width\":2084,\"height\":2084,\"caption\":\"ROSE MVD\"},\"image\":{\"@id\":\"https:\\\/\\\/rosemvd.com\\\/#\\\/schema\\\/logo\\\/image\\\/\"},\"sameAs\":[\"https:\\\/\\\/www.facebook.com\\\/TiendaRoseMvd\",\"https:\\\/\\\/www.instagram.com\\\/rose.mvd\"]}]}<\/script>\n<!-- \/ Yoast SEO plugin. -->","yoast_head_json":{"title":"Compresor Aer\u00f3grafo Inal\u00e1mbrico - ROSE MVD","description":"Compresor Aer\u00f3grafo Inal\u00e1mbrico, para U\u00f1as, Maquillaje y Reposter\u00eda. Mini compresor de aire peque\u00f1o y pr\u00e1ctico, ligero port\u00e1til y f\u00e1cil de transportar.","robots":{"index":"index","follow":"follow","max-snippet":"max-snippet:-1","max-image-preview":"max-image-preview:large","max-video-preview":"max-video-preview:-1"},"canonical":"https:\/\/rosemvd.com\/index.php\/producto\/compresor-aerografo-inalambrico\/","og_locale":"es_ES","og_type":"article","og_title":"Compresor Aer\u00f3grafo Inal\u00e1mbrico - ROSE MVD","og_description":"Compresor Aer\u00f3grafo Inal\u00e1mbrico, para U\u00f1as, Maquillaje y Reposter\u00eda. Mini compresor de aire peque\u00f1o y pr\u00e1ctico, ligero port\u00e1til y f\u00e1cil de transportar.","og_url":"https:\/\/rosemvd.com\/index.php\/producto\/compresor-aerografo-inalambrico\/","og_site_name":"ROSE MVD","article_publisher":"https:\/\/www.facebook.com\/TiendaRoseMvd","article_modified_time":"2026-04-21T18:50:21+00:00","og_image":[{"width":530,"height":607,"url":"https:\/\/rosemvd.com\/wp-content\/uploads\/2024\/04\/319uBLguPXL._AC_.jpg","type":"image\/jpeg"}],"twitter_card":"summary_large_image","twitter_misc":{"Tiempo de lectura":"2 minutos"},"schema":{"@context":"https:\/\/schema.org","@graph":[{"@type":"WebPage","@id":"https:\/\/rosemvd.com\/index.php\/producto\/compresor-aerografo-inalambrico\/","url":"https:\/\/rosemvd.com\/index.php\/producto\/compresor-aerografo-inalambrico\/","name":"Compresor Aer\u00f3grafo Inal\u00e1mbrico - ROSE MVD","isPartOf":{"@id":"https:\/\/rosemvd.com\/#website"},"primaryImageOfPage":{"@id":"https:\/\/rosemvd.com\/index.php\/producto\/compresor-aerografo-inalambrico\/#primaryimage"},"image":{"@id":"https:\/\/rosemvd.com\/index.php\/producto\/compresor-aerografo-inalambrico\/#primaryimage"},"thumbnailUrl":"https:\/\/rosemvd.com\/wp-content\/uploads\/2024\/04\/319uBLguPXL._AC_.jpg","datePublished":"2024-04-22T18:56:43+00:00","dateModified":"2026-04-21T18:50:21+00:00","description":"Compresor Aer\u00f3grafo Inal\u00e1mbrico, para U\u00f1as, Maquillaje y Reposter\u00eda. Mini compresor de aire peque\u00f1o y pr\u00e1ctico, ligero port\u00e1til y f\u00e1cil de transportar.","breadcrumb":{"@id":"https:\/\/rosemvd.com\/index.php\/producto\/compresor-aerografo-inalambrico\/#breadcrumb"},"inLanguage":"es","potentialAction":[{"@type":"ReadAction","target":["https:\/\/rosemvd.com\/index.php\/producto\/compresor-aerografo-inalambrico\/"]}]},{"@type":"ImageObject","inLanguage":"es","@id":"https:\/\/rosemvd.com\/index.php\/producto\/compresor-aerografo-inalambrico\/#primaryimage","url":"https:\/\/rosemvd.com\/wp-content\/uploads\/2024\/04\/319uBLguPXL._AC_.jpg","contentUrl":"https:\/\/rosemvd.com\/wp-content\/uploads\/2024\/04\/319uBLguPXL._AC_.jpg","width":530,"height":607},{"@type":"BreadcrumbList","@id":"https:\/\/rosemvd.com\/index.php\/producto\/compresor-aerografo-inalambrico\/#breadcrumb","itemListElement":[{"@type":"ListItem","position":1,"name":"Portada","item":"https:\/\/rosemvd.com\/"},{"@type":"ListItem","position":2,"name":"Tienda","item":"https:\/\/rosemvd.com\/index.php\/tienda\/"},{"@type":"ListItem","position":3,"name":"Compresor Aer\u00f3grafo Inal\u00e1mbrico"}]},{"@type":"WebSite","@id":"https:\/\/rosemvd.com\/#website","url":"https:\/\/rosemvd.com\/","name":"ROSE MVD","description":"Todo lo que no sab\u00edas que necesitabas, lo \u00faltimo en tendencia, utilidad e innovaci\u00f3n","publisher":{"@id":"https:\/\/rosemvd.com\/#organization"},"potentialAction":[{"@type":"SearchAction","target":{"@type":"EntryPoint","urlTemplate":"https:\/\/rosemvd.com\/?s={search_term_string}"},"query-input":{"@type":"PropertyValueSpecification","valueRequired":true,"valueName":"search_term_string"}}],"inLanguage":"es"},{"@type":"Organization","@id":"https:\/\/rosemvd.com\/#organization","name":"ROSE MVD","alternateName":"ROSE MVD","url":"https:\/\/rosemvd.com\/","logo":{"@type":"ImageObject","inLanguage":"es","@id":"https:\/\/rosemvd.com\/#\/schema\/logo\/image\/","url":"https:\/\/rosemvd.com\/wp-content\/uploads\/2023\/03\/Sin-titulo-2_Mesa-de-trabajo-1.png","contentUrl":"https:\/\/rosemvd.com\/wp-content\/uploads\/2023\/03\/Sin-titulo-2_Mesa-de-trabajo-1.png","width":2084,"height":2084,"caption":"ROSE MVD"},"image":{"@id":"https:\/\/rosemvd.com\/#\/schema\/logo\/image\/"},"sameAs":["https:\/\/www.facebook.com\/TiendaRoseMvd","https:\/\/www.instagram.com\/rose.mvd"]}]}},"_links":{"self":[{"href":"https:\/\/rosemvd.com\/index.php\/wp-json\/wp\/v2\/product\/9215","targetHints":{"allow":["GET"]}}],"collection":[{"href":"https:\/\/rosemvd.com\/index.php\/wp-json\/wp\/v2\/product"}],"about":[{"href":"https:\/\/rosemvd.com\/index.php\/wp-json\/wp\/v2\/types\/product"}],"wp:featuredmedia":[{"embeddable":true,"href":"https:\/\/rosemvd.com\/index.php\/wp-json\/wp\/v2\/media\/9220"}],"wp:attachment":[{"href":"https:\/\/rosemvd.com\/index.php\/wp-json\/wp\/v2\/media?parent=9215"}],"wp:term":[{"taxonomy":"product_brand","embeddable":true,"href":"https:\/\/rosemvd.com\/index.php\/wp-json\/wp\/v2\/product_brand?post=9215"},{"taxonomy":"product_cat","embeddable":true,"href":"https:\/\/rosemvd.com\/index.php\/wp-json\/wp\/v2\/product_cat?post=9215"},{"taxonomy":"product_tag","embeddable":true,"href":"https:\/\/rosemvd.com\/index.php\/wp-json\/wp\/v2\/product_tag?post=9215"}],"curies":[{"name":"wp","href":"https:\/\/api.w.org\/{rel}","templated":true}]}}