{"id":8272,"date":"2024-02-16T12:02:35","date_gmt":"2024-02-16T15:02:35","guid":{"rendered":"https:\/\/rosemvd.com\/?post_type=product&#038;p=8272"},"modified":"2025-06-12T11:47:36","modified_gmt":"2025-06-12T14:47:36","slug":"microfono-para-celular-inalambrico-lavalier","status":"publish","type":"product","link":"https:\/\/rosemvd.com\/index.php\/producto\/microfono-para-celular-inalambrico-lavalier\/","title":{"rendered":"Micr\u00f3fono Para Celular Inal\u00e1mbrico Lavalier"},"content":{"rendered":"<p>Explora la libertad de la grabaci\u00f3n sin restricciones con nuestro Micr\u00f3fono Inal\u00e1mbrico 2.4G. Dise\u00f1ado para ofrecer un rendimiento excepcional, este micr\u00f3fono te brinda una experiencia de grabaci\u00f3n profesional sin complicaciones. Compatible con <strong>Android con entrada Tipo USB-C y iPhone y iPad<\/strong>, es la elecci\u00f3n perfecta para transmitir en vivo, grabar videos y juegos, todo con la comodidad de la conexi\u00f3n inal\u00e1mbrica.<\/p>\n<p><strong>Caracter\u00edsticas:<\/strong><\/p>\n<p>Baja Latencia y Recepci\u00f3n Amplia: Con una latencia ultra baja de 9 ms y un alcance de recepci\u00f3n de hasta 20 metros sin barreras, este micr\u00f3fono es perfecto para transmisiones en vivo al aire libre y grabaciones de video compactas.<\/p>\n<p>F\u00e1cil de Usar sin Necesidad de Aplicaciones: No se requiere aplicaci\u00f3n; simplemente conecta y reproduce. La conexi\u00f3n es r\u00e1pida y sencilla, facilitando la grabaci\u00f3n en cualquier momento y lugar.<\/p>\n<p>Reducci\u00f3n Inteligente de Ruido: Disfruta de una grabaci\u00f3n clara y n\u00edtida en entornos ruidosos gracias a la tecnolog\u00eda de reducci\u00f3n de ruido inteligente. Con una duraci\u00f3n de bater\u00eda de hasta 10 horas, estar\u00e1s listo para afrontar cualquier desaf\u00edo de grabaci\u00f3n durante todo el d\u00eda.<\/p>\n<p>Captura Completa de Sonido a 360 Grados: El micr\u00f3fono garantiza una captura completa de sonido a 360 grados, registrando cada detalle para una calidad de audio excepcional.<\/p>\n<p>Compacto y Compatible: Peque\u00f1o y conveniente, este micr\u00f3fono es compatible con una variedad de dispositivos, como tel\u00e9fonos m\u00f3viles, tabletas, c\u00e1maras y notebooks.<\/p>\n<p>Especificaciones:<\/p>\n<p>Voltaje de Entrada: DC4.8-5.4V<br \/>\nPuerto de Carga: Tipo USB-C \/\u00a0para Lightning<br \/>\nCapacidad de la Bater\u00eda: 80mAh<br \/>\nDistancia de Transmisi\u00f3n: 8 m sin barreras, 20 m con barreras<br \/>\nTama\u00f1o del Micr\u00f3fono: 622328mm<br \/>\nTama\u00f1o del Receptor: 45277mm<\/p>\n<p>Paquete Incluido:<\/p>\n<p>1 x Micr\u00f3fono Inal\u00e1mbrico Recargable<br \/>\n1 x Receptor<br \/>\n1 x Manual<br \/>\n1 x Cable USB<\/p>\n<p>Haz de cada grabaci\u00f3n una experiencia profesional con el Micr\u00f3fono Inal\u00e1mbrico \u00a1Compralo ahora y lleva tus proyectos de audio y video al siguiente nivel!<\/p>\n","protected":false},"excerpt":{"rendered":"<p>Explora la libertad de la grabaci\u00f3n sin restricciones con nuestro Micr\u00f3fono Inal\u00e1mbrico 2.4G. Dise\u00f1ado para ofrecer un rendimiento excepcional, este micr\u00f3fono te brinda una experiencia de grabaci\u00f3n profesional sin complicaciones. Compatible con Android con entrada Tipo USB-C y iPhone y iPad, es la elecci\u00f3n perfecta para transmitir en vivo, grabar videos y juegos, todo con [&hellip;]<\/p>\n","protected":false},"featured_media":8275,"template":"","meta":{"site-sidebar-layout":"default","site-content-layout":"default","ast-site-content-layout":"default","site-content-style":"default","site-sidebar-style":"default","ast-global-header-display":"","ast-banner-title-visibility":"","ast-main-header-display":"","ast-hfb-above-header-display":"","ast-hfb-below-header-display":"","ast-hfb-mobile-header-display":"","site-post-title":"","ast-breadcrumbs-content":"","ast-featured-img":"","footer-sml-layout":"","ast-disable-related-posts":"","theme-transparent-header-meta":"default","adv-header-id-meta":"","stick-header-meta":"","header-above-stick-meta":"","header-main-stick-meta":"","header-below-stick-meta":"","astra-migrate-meta-layouts":"set","ast-page-background-enabled":"default","ast-page-background-meta":{"desktop":{"background-color":"var(--ast-global-color-4)","background-image":"","background-repeat":"repeat","background-position":"center center","background-size":"auto","background-attachment":"scroll","background-type":"","background-media":"","overlay-type":"","overlay-color":"","overlay-opacity":"","overlay-gradient":""},"tablet":{"background-color":"","background-image":"","background-repeat":"repeat","background-position":"center center","background-size":"auto","background-attachment":"scroll","background-type":"","background-media":"","overlay-type":"","overlay-color":"","overlay-opacity":"","overlay-gradient":""},"mobile":{"background-color":"","background-image":"","background-repeat":"repeat","background-position":"center center","background-size":"auto","background-attachment":"scroll","background-type":"","background-media":"","overlay-type":"","overlay-color":"","overlay-opacity":"","overlay-gradient":""}},"ast-content-background-meta":{"desktop":{"background-color":"var(--ast-global-color-5)","background-image":"","background-repeat":"repeat","background-position":"center center","background-size":"auto","background-attachment":"scroll","background-type":"","background-media":"","overlay-type":"","overlay-color":"","overlay-opacity":"","overlay-gradient":""},"tablet":{"background-color":"var(--ast-global-color-5)","background-image":"","background-repeat":"repeat","background-position":"center center","background-size":"auto","background-attachment":"scroll","background-type":"","background-media":"","overlay-type":"","overlay-color":"","overlay-opacity":"","overlay-gradient":""},"mobile":{"background-color":"var(--ast-global-color-5)","background-image":"","background-repeat":"repeat","background-position":"center center","background-size":"auto","background-attachment":"scroll","background-type":"","background-media":"","overlay-type":"","overlay-color":"","overlay-opacity":"","overlay-gradient":""}}},"product_brand":[],"product_cat":[368,387],"product_tag":[],"class_list":{"0":"post-8272","1":"product","2":"type-product","3":"status-publish","4":"has-post-thumbnail","6":"product_cat-otros","7":"product_cat-tecnologia","8":"desktop-align-left","9":"tablet-align-left","10":"mobile-align-left","12":"first","13":"instock","14":"shipping-taxable","15":"purchasable","16":"product-type-variable"},"yoast_head":"<!-- This site is optimized with the Yoast SEO plugin v27.3 - https:\/\/yoast.com\/product\/yoast-seo-wordpress\/ -->\n<title>Micr\u00f3fono Para Celular Inal\u00e1mbrico Lavalier - ROSE MVD<\/title>\n<meta name=\"description\" content=\"Haz de cada grabaci\u00f3n una experiencia profesional con el Micr\u00f3fono Inal\u00e1mbrico \u00a1Compralo ahora y lleva tus proyectos de audio y video al siguiente nivel!\" \/>\n<meta name=\"robots\" content=\"index, follow, max-snippet:-1, max-image-preview:large, max-video-preview:-1\" \/>\n<link rel=\"canonical\" href=\"https:\/\/rosemvd.com\/index.php\/producto\/microfono-para-celular-inalambrico-lavalier\/\" \/>\n<meta property=\"og:locale\" content=\"es_ES\" \/>\n<meta property=\"og:type\" content=\"article\" \/>\n<meta property=\"og:title\" content=\"Micr\u00f3fono Para Celular Inal\u00e1mbrico Lavalier - ROSE MVD\" \/>\n<meta property=\"og:description\" content=\"Haz de cada grabaci\u00f3n una experiencia profesional con el Micr\u00f3fono Inal\u00e1mbrico \u00a1Compralo ahora y lleva tus proyectos de audio y video al siguiente nivel!\" \/>\n<meta property=\"og:url\" content=\"https:\/\/rosemvd.com\/index.php\/producto\/microfono-para-celular-inalambrico-lavalier\/\" \/>\n<meta property=\"og:site_name\" content=\"ROSE MVD\" \/>\n<meta property=\"article:publisher\" content=\"https:\/\/www.facebook.com\/TiendaRoseMvd\" \/>\n<meta property=\"article:modified_time\" content=\"2025-06-12T14:47:36+00:00\" \/>\n<meta property=\"og:image\" content=\"https:\/\/rosemvd.com\/wp-content\/uploads\/2024\/02\/D_NQ_NP_2X_890457-MLU73179543374_122023-F.webp\" \/>\n\t<meta property=\"og:image:width\" content=\"804\" \/>\n\t<meta property=\"og:image:height\" content=\"1050\" \/>\n\t<meta property=\"og:image:type\" content=\"image\/webp\" \/>\n<meta name=\"twitter:card\" content=\"summary_large_image\" \/>\n<meta name=\"twitter:label1\" content=\"Tiempo de lectura\" \/>\n\t<meta name=\"twitter:data1\" content=\"2 minutos\" \/>\n<script type=\"application\/ld+json\" class=\"yoast-schema-graph\">{\"@context\":\"https:\\\/\\\/schema.org\",\"@graph\":[{\"@type\":\"WebPage\",\"@id\":\"https:\\\/\\\/rosemvd.com\\\/index.php\\\/producto\\\/microfono-para-celular-inalambrico-lavalier\\\/\",\"url\":\"https:\\\/\\\/rosemvd.com\\\/index.php\\\/producto\\\/microfono-para-celular-inalambrico-lavalier\\\/\",\"name\":\"Micr\u00f3fono Para Celular Inal\u00e1mbrico Lavalier - ROSE MVD\",\"isPartOf\":{\"@id\":\"https:\\\/\\\/rosemvd.com\\\/#website\"},\"primaryImageOfPage\":{\"@id\":\"https:\\\/\\\/rosemvd.com\\\/index.php\\\/producto\\\/microfono-para-celular-inalambrico-lavalier\\\/#primaryimage\"},\"image\":{\"@id\":\"https:\\\/\\\/rosemvd.com\\\/index.php\\\/producto\\\/microfono-para-celular-inalambrico-lavalier\\\/#primaryimage\"},\"thumbnailUrl\":\"https:\\\/\\\/rosemvd.com\\\/wp-content\\\/uploads\\\/2024\\\/02\\\/D_NQ_NP_2X_890457-MLU73179543374_122023-F.webp\",\"datePublished\":\"2024-02-16T15:02:35+00:00\",\"dateModified\":\"2025-06-12T14:47:36+00:00\",\"description\":\"Haz de cada grabaci\u00f3n una experiencia profesional con el Micr\u00f3fono Inal\u00e1mbrico \u00a1Compralo ahora y lleva tus proyectos de audio y video al siguiente nivel!\",\"breadcrumb\":{\"@id\":\"https:\\\/\\\/rosemvd.com\\\/index.php\\\/producto\\\/microfono-para-celular-inalambrico-lavalier\\\/#breadcrumb\"},\"inLanguage\":\"es\",\"potentialAction\":[{\"@type\":\"ReadAction\",\"target\":[\"https:\\\/\\\/rosemvd.com\\\/index.php\\\/producto\\\/microfono-para-celular-inalambrico-lavalier\\\/\"]}]},{\"@type\":\"ImageObject\",\"inLanguage\":\"es\",\"@id\":\"https:\\\/\\\/rosemvd.com\\\/index.php\\\/producto\\\/microfono-para-celular-inalambrico-lavalier\\\/#primaryimage\",\"url\":\"https:\\\/\\\/rosemvd.com\\\/wp-content\\\/uploads\\\/2024\\\/02\\\/D_NQ_NP_2X_890457-MLU73179543374_122023-F.webp\",\"contentUrl\":\"https:\\\/\\\/rosemvd.com\\\/wp-content\\\/uploads\\\/2024\\\/02\\\/D_NQ_NP_2X_890457-MLU73179543374_122023-F.webp\",\"width\":804,\"height\":1050},{\"@type\":\"BreadcrumbList\",\"@id\":\"https:\\\/\\\/rosemvd.com\\\/index.php\\\/producto\\\/microfono-para-celular-inalambrico-lavalier\\\/#breadcrumb\",\"itemListElement\":[{\"@type\":\"ListItem\",\"position\":1,\"name\":\"Portada\",\"item\":\"https:\\\/\\\/rosemvd.com\\\/\"},{\"@type\":\"ListItem\",\"position\":2,\"name\":\"Tienda\",\"item\":\"https:\\\/\\\/rosemvd.com\\\/index.php\\\/tienda\\\/\"},{\"@type\":\"ListItem\",\"position\":3,\"name\":\"Micr\u00f3fono Para Celular Inal\u00e1mbrico Lavalier\"}]},{\"@type\":\"WebSite\",\"@id\":\"https:\\\/\\\/rosemvd.com\\\/#website\",\"url\":\"https:\\\/\\\/rosemvd.com\\\/\",\"name\":\"ROSE MVD\",\"description\":\"Todo lo que buscas lo pod\u00e9s encontrar en rose mvd, especializados en traer todas las cosas nuevas en tendencia y accesorios diferentes y \u00fanicos.\",\"publisher\":{\"@id\":\"https:\\\/\\\/rosemvd.com\\\/#organization\"},\"potentialAction\":[{\"@type\":\"SearchAction\",\"target\":{\"@type\":\"EntryPoint\",\"urlTemplate\":\"https:\\\/\\\/rosemvd.com\\\/?s={search_term_string}\"},\"query-input\":{\"@type\":\"PropertyValueSpecification\",\"valueRequired\":true,\"valueName\":\"search_term_string\"}}],\"inLanguage\":\"es\"},{\"@type\":\"Organization\",\"@id\":\"https:\\\/\\\/rosemvd.com\\\/#organization\",\"name\":\"ROSE MVD\",\"alternateName\":\"ROSE MVD\",\"url\":\"https:\\\/\\\/rosemvd.com\\\/\",\"logo\":{\"@type\":\"ImageObject\",\"inLanguage\":\"es\",\"@id\":\"https:\\\/\\\/rosemvd.com\\\/#\\\/schema\\\/logo\\\/image\\\/\",\"url\":\"https:\\\/\\\/rosemvd.com\\\/wp-content\\\/uploads\\\/2023\\\/03\\\/Sin-titulo-2_Mesa-de-trabajo-1.png\",\"contentUrl\":\"https:\\\/\\\/rosemvd.com\\\/wp-content\\\/uploads\\\/2023\\\/03\\\/Sin-titulo-2_Mesa-de-trabajo-1.png\",\"width\":2084,\"height\":2084,\"caption\":\"ROSE MVD\"},\"image\":{\"@id\":\"https:\\\/\\\/rosemvd.com\\\/#\\\/schema\\\/logo\\\/image\\\/\"},\"sameAs\":[\"https:\\\/\\\/www.facebook.com\\\/TiendaRoseMvd\",\"https:\\\/\\\/www.instagram.com\\\/rose.mvd\"]}]}<\/script>\n<!-- \/ Yoast SEO plugin. -->","yoast_head_json":{"title":"Micr\u00f3fono Para Celular Inal\u00e1mbrico Lavalier - ROSE MVD","description":"Haz de cada grabaci\u00f3n una experiencia profesional con el Micr\u00f3fono Inal\u00e1mbrico \u00a1Compralo ahora y lleva tus proyectos de audio y video al siguiente nivel!","robots":{"index":"index","follow":"follow","max-snippet":"max-snippet:-1","max-image-preview":"max-image-preview:large","max-video-preview":"max-video-preview:-1"},"canonical":"https:\/\/rosemvd.com\/index.php\/producto\/microfono-para-celular-inalambrico-lavalier\/","og_locale":"es_ES","og_type":"article","og_title":"Micr\u00f3fono Para Celular Inal\u00e1mbrico Lavalier - ROSE MVD","og_description":"Haz de cada grabaci\u00f3n una experiencia profesional con el Micr\u00f3fono Inal\u00e1mbrico \u00a1Compralo ahora y lleva tus proyectos de audio y video al siguiente nivel!","og_url":"https:\/\/rosemvd.com\/index.php\/producto\/microfono-para-celular-inalambrico-lavalier\/","og_site_name":"ROSE MVD","article_publisher":"https:\/\/www.facebook.com\/TiendaRoseMvd","article_modified_time":"2025-06-12T14:47:36+00:00","og_image":[{"width":804,"height":1050,"url":"https:\/\/rosemvd.com\/wp-content\/uploads\/2024\/02\/D_NQ_NP_2X_890457-MLU73179543374_122023-F.webp","type":"image\/webp"}],"twitter_card":"summary_large_image","twitter_misc":{"Tiempo de lectura":"2 minutos"},"schema":{"@context":"https:\/\/schema.org","@graph":[{"@type":"WebPage","@id":"https:\/\/rosemvd.com\/index.php\/producto\/microfono-para-celular-inalambrico-lavalier\/","url":"https:\/\/rosemvd.com\/index.php\/producto\/microfono-para-celular-inalambrico-lavalier\/","name":"Micr\u00f3fono Para Celular Inal\u00e1mbrico Lavalier - ROSE MVD","isPartOf":{"@id":"https:\/\/rosemvd.com\/#website"},"primaryImageOfPage":{"@id":"https:\/\/rosemvd.com\/index.php\/producto\/microfono-para-celular-inalambrico-lavalier\/#primaryimage"},"image":{"@id":"https:\/\/rosemvd.com\/index.php\/producto\/microfono-para-celular-inalambrico-lavalier\/#primaryimage"},"thumbnailUrl":"https:\/\/rosemvd.com\/wp-content\/uploads\/2024\/02\/D_NQ_NP_2X_890457-MLU73179543374_122023-F.webp","datePublished":"2024-02-16T15:02:35+00:00","dateModified":"2025-06-12T14:47:36+00:00","description":"Haz de cada grabaci\u00f3n una experiencia profesional con el Micr\u00f3fono Inal\u00e1mbrico \u00a1Compralo ahora y lleva tus proyectos de audio y video al siguiente nivel!","breadcrumb":{"@id":"https:\/\/rosemvd.com\/index.php\/producto\/microfono-para-celular-inalambrico-lavalier\/#breadcrumb"},"inLanguage":"es","potentialAction":[{"@type":"ReadAction","target":["https:\/\/rosemvd.com\/index.php\/producto\/microfono-para-celular-inalambrico-lavalier\/"]}]},{"@type":"ImageObject","inLanguage":"es","@id":"https:\/\/rosemvd.com\/index.php\/producto\/microfono-para-celular-inalambrico-lavalier\/#primaryimage","url":"https:\/\/rosemvd.com\/wp-content\/uploads\/2024\/02\/D_NQ_NP_2X_890457-MLU73179543374_122023-F.webp","contentUrl":"https:\/\/rosemvd.com\/wp-content\/uploads\/2024\/02\/D_NQ_NP_2X_890457-MLU73179543374_122023-F.webp","width":804,"height":1050},{"@type":"BreadcrumbList","@id":"https:\/\/rosemvd.com\/index.php\/producto\/microfono-para-celular-inalambrico-lavalier\/#breadcrumb","itemListElement":[{"@type":"ListItem","position":1,"name":"Portada","item":"https:\/\/rosemvd.com\/"},{"@type":"ListItem","position":2,"name":"Tienda","item":"https:\/\/rosemvd.com\/index.php\/tienda\/"},{"@type":"ListItem","position":3,"name":"Micr\u00f3fono Para Celular Inal\u00e1mbrico Lavalier"}]},{"@type":"WebSite","@id":"https:\/\/rosemvd.com\/#website","url":"https:\/\/rosemvd.com\/","name":"ROSE MVD","description":"Todo lo que buscas lo pod\u00e9s encontrar en rose mvd, especializados en traer todas las cosas nuevas en tendencia y accesorios diferentes y \u00fanicos.","publisher":{"@id":"https:\/\/rosemvd.com\/#organization"},"potentialAction":[{"@type":"SearchAction","target":{"@type":"EntryPoint","urlTemplate":"https:\/\/rosemvd.com\/?s={search_term_string}"},"query-input":{"@type":"PropertyValueSpecification","valueRequired":true,"valueName":"search_term_string"}}],"inLanguage":"es"},{"@type":"Organization","@id":"https:\/\/rosemvd.com\/#organization","name":"ROSE MVD","alternateName":"ROSE MVD","url":"https:\/\/rosemvd.com\/","logo":{"@type":"ImageObject","inLanguage":"es","@id":"https:\/\/rosemvd.com\/#\/schema\/logo\/image\/","url":"https:\/\/rosemvd.com\/wp-content\/uploads\/2023\/03\/Sin-titulo-2_Mesa-de-trabajo-1.png","contentUrl":"https:\/\/rosemvd.com\/wp-content\/uploads\/2023\/03\/Sin-titulo-2_Mesa-de-trabajo-1.png","width":2084,"height":2084,"caption":"ROSE MVD"},"image":{"@id":"https:\/\/rosemvd.com\/#\/schema\/logo\/image\/"},"sameAs":["https:\/\/www.facebook.com\/TiendaRoseMvd","https:\/\/www.instagram.com\/rose.mvd"]}]}},"_links":{"self":[{"href":"https:\/\/rosemvd.com\/index.php\/wp-json\/wp\/v2\/product\/8272","targetHints":{"allow":["GET"]}}],"collection":[{"href":"https:\/\/rosemvd.com\/index.php\/wp-json\/wp\/v2\/product"}],"about":[{"href":"https:\/\/rosemvd.com\/index.php\/wp-json\/wp\/v2\/types\/product"}],"wp:featuredmedia":[{"embeddable":true,"href":"https:\/\/rosemvd.com\/index.php\/wp-json\/wp\/v2\/media\/8275"}],"wp:attachment":[{"href":"https:\/\/rosemvd.com\/index.php\/wp-json\/wp\/v2\/media?parent=8272"}],"wp:term":[{"taxonomy":"product_brand","embeddable":true,"href":"https:\/\/rosemvd.com\/index.php\/wp-json\/wp\/v2\/product_brand?post=8272"},{"taxonomy":"product_cat","embeddable":true,"href":"https:\/\/rosemvd.com\/index.php\/wp-json\/wp\/v2\/product_cat?post=8272"},{"taxonomy":"product_tag","embeddable":true,"href":"https:\/\/rosemvd.com\/index.php\/wp-json\/wp\/v2\/product_tag?post=8272"}],"curies":[{"name":"wp","href":"https:\/\/api.w.org\/{rel}","templated":true}]}}