{"id":5534,"date":"2023-09-23T11:46:39","date_gmt":"2023-09-23T14:46:39","guid":{"rendered":"https:\/\/rosemvd.com\/?post_type=product&#038;p=5534"},"modified":"2025-09-23T12:37:03","modified_gmt":"2025-09-23T15:37:03","slug":"collar-antipulgas-perros-y-gatos","status":"publish","type":"product","link":"https:\/\/rosemvd.com\/index.php\/producto\/collar-antipulgas-perros-y-gatos\/","title":{"rendered":"Collar Antipulgas Perros y Gatos"},"content":{"rendered":"<p><strong>Gatos:<\/strong> 38x1cm<br \/>\n<strong>Perros:<\/strong> 62&#215;1,3cm<\/p>\n<p>Elimina eficazmente pulgas y garrapatas, seguro y no t\u00f3xico: Los ingredientes de este collar antipulgas y garrapatas son aceites esenciales de plantas naturales, seguros y no t\u00f3xicos. Puede repeler eficazmente par\u00e1sitos como pulgas y garrapatas. Mantenga a su perro o gato sano y feliz, y el collar no tiene ning\u00fan efecto sobre los adultos o ni\u00f1os cercanos.<\/p>\n<p>Resistente al agua: este material de este collar de tratamiento de pulgas para perros y gatos es resistente al agua. As\u00ed que tu querido amigo peludo se puede proteger incluso cuando nades, te ba\u00f1as o juegas bajo la lluvia. Tu mascota puede obtener protecci\u00f3n completa contra pulgas y garrapatas en cualquier momento o lugar.<\/p>\n<p>Tama\u00f1o ajustable y f\u00e1cil de usar: se adapta a la mayor\u00eda de perros y gatos, la longitud se puede ajustar.<\/p>\n<p>El material de este collar es s\u00f3lido y fiable, pero tambi\u00e9n se puede cortar, por lo que tambi\u00e9n puede cortar la longitud extra si es necesario.<\/p>\n<p>Protecci\u00f3n a largo plazo durante 8 meses: el collar de tratamiento de garrapatas de 8 meses sigue funcionando 24 horas al d\u00eda, v\u00e1lido hasta 8 meses. Puede combatir eficazmente las pulgas, garrapatas y otros insectos que pueden entrar en contacto. No necesitas cambiar frecuentemente, ahorra esfuerzo.<\/p>\n","protected":false},"excerpt":{"rendered":"<p>Gatos: 38x1cm Perros: 62&#215;1,3cm Elimina eficazmente pulgas y garrapatas, seguro y no t\u00f3xico: Los ingredientes de este collar antipulgas y garrapatas son aceites esenciales de plantas naturales, seguros y no t\u00f3xicos. Puede repeler eficazmente par\u00e1sitos como pulgas y garrapatas. Mantenga a su perro o gato sano y feliz, y el collar no tiene ning\u00fan efecto [&hellip;]<\/p>\n","protected":false},"featured_media":5544,"template":"","meta":{"site-sidebar-layout":"default","site-content-layout":"default","ast-site-content-layout":"default","site-content-style":"default","site-sidebar-style":"default","ast-global-header-display":"","ast-banner-title-visibility":"","ast-main-header-display":"","ast-hfb-above-header-display":"","ast-hfb-below-header-display":"","ast-hfb-mobile-header-display":"","site-post-title":"","ast-breadcrumbs-content":"","ast-featured-img":"","footer-sml-layout":"","ast-disable-related-posts":"","theme-transparent-header-meta":"default","adv-header-id-meta":"","stick-header-meta":"","header-above-stick-meta":"","header-main-stick-meta":"","header-below-stick-meta":"","astra-migrate-meta-layouts":"set","ast-page-background-enabled":"default","ast-page-background-meta":{"desktop":{"background-color":"var(--ast-global-color-4)","background-image":"","background-repeat":"repeat","background-position":"center center","background-size":"auto","background-attachment":"scroll","background-type":"","background-media":"","overlay-type":"","overlay-color":"","overlay-opacity":"","overlay-gradient":""},"tablet":{"background-color":"","background-image":"","background-repeat":"repeat","background-position":"center center","background-size":"auto","background-attachment":"scroll","background-type":"","background-media":"","overlay-type":"","overlay-color":"","overlay-opacity":"","overlay-gradient":""},"mobile":{"background-color":"","background-image":"","background-repeat":"repeat","background-position":"center center","background-size":"auto","background-attachment":"scroll","background-type":"","background-media":"","overlay-type":"","overlay-color":"","overlay-opacity":"","overlay-gradient":""}},"ast-content-background-meta":{"desktop":{"background-color":"var(--ast-global-color-5)","background-image":"","background-repeat":"repeat","background-position":"center center","background-size":"auto","background-attachment":"scroll","background-type":"","background-media":"","overlay-type":"","overlay-color":"","overlay-opacity":"","overlay-gradient":""},"tablet":{"background-color":"var(--ast-global-color-5)","background-image":"","background-repeat":"repeat","background-position":"center center","background-size":"auto","background-attachment":"scroll","background-type":"","background-media":"","overlay-type":"","overlay-color":"","overlay-opacity":"","overlay-gradient":""},"mobile":{"background-color":"var(--ast-global-color-5)","background-image":"","background-repeat":"repeat","background-position":"center center","background-size":"auto","background-attachment":"scroll","background-type":"","background-media":"","overlay-type":"","overlay-color":"","overlay-opacity":"","overlay-gradient":""}}},"product_brand":[],"product_cat":[439],"product_tag":[],"class_list":{"0":"post-5534","1":"product","2":"type-product","3":"status-publish","4":"has-post-thumbnail","6":"product_cat-mascotas","7":"desktop-align-left","8":"tablet-align-left","9":"mobile-align-left","11":"first","12":"instock","13":"shipping-taxable","14":"purchasable","15":"product-type-variable"},"yoast_head":"<!-- This site is optimized with the Yoast SEO plugin v27.3 - https:\/\/yoast.com\/product\/yoast-seo-wordpress\/ -->\n<title>Collar Antipulgas Perros y Gatos - ROSE MVD<\/title>\n<meta name=\"description\" content=\"Collar Antipulgas Perros y Gatos, Elimina eficazmente pulgas y garrapatas, seguro y no t\u00f3xico, Resistente al agua, Tama\u00f1o ajustable y f\u00e1cil de usar\" \/>\n<meta name=\"robots\" content=\"index, follow, max-snippet:-1, max-image-preview:large, max-video-preview:-1\" \/>\n<link rel=\"canonical\" href=\"https:\/\/rosemvd.com\/index.php\/producto\/collar-antipulgas-perros-y-gatos\/\" \/>\n<meta property=\"og:locale\" content=\"es_ES\" \/>\n<meta property=\"og:type\" content=\"article\" \/>\n<meta property=\"og:title\" content=\"Collar Antipulgas Perros y Gatos - ROSE MVD\" \/>\n<meta property=\"og:description\" content=\"Collar Antipulgas Perros y Gatos, Elimina eficazmente pulgas y garrapatas, seguro y no t\u00f3xico, Resistente al agua, Tama\u00f1o ajustable y f\u00e1cil de usar\" \/>\n<meta property=\"og:url\" content=\"https:\/\/rosemvd.com\/index.php\/producto\/collar-antipulgas-perros-y-gatos\/\" \/>\n<meta property=\"og:site_name\" content=\"ROSE MVD\" \/>\n<meta property=\"article:publisher\" content=\"https:\/\/www.facebook.com\/TiendaRoseMvd\" \/>\n<meta property=\"article:modified_time\" content=\"2025-09-23T15:37:03+00:00\" \/>\n<meta property=\"og:image\" content=\"https:\/\/rosemvd.com\/wp-content\/uploads\/2023\/09\/Antipulgs-8.webp\" \/>\n\t<meta property=\"og:image:width\" content=\"720\" \/>\n\t<meta property=\"og:image:height\" content=\"720\" \/>\n\t<meta property=\"og:image:type\" content=\"image\/webp\" \/>\n<meta name=\"twitter:card\" content=\"summary_large_image\" \/>\n<meta name=\"twitter:label1\" content=\"Tiempo de lectura\" \/>\n\t<meta name=\"twitter:data1\" content=\"2 minutos\" \/>\n<script type=\"application\/ld+json\" class=\"yoast-schema-graph\">{\"@context\":\"https:\\\/\\\/schema.org\",\"@graph\":[{\"@type\":\"WebPage\",\"@id\":\"https:\\\/\\\/rosemvd.com\\\/index.php\\\/producto\\\/collar-antipulgas-perros-y-gatos\\\/\",\"url\":\"https:\\\/\\\/rosemvd.com\\\/index.php\\\/producto\\\/collar-antipulgas-perros-y-gatos\\\/\",\"name\":\"Collar Antipulgas Perros y Gatos - ROSE MVD\",\"isPartOf\":{\"@id\":\"https:\\\/\\\/rosemvd.com\\\/#website\"},\"primaryImageOfPage\":{\"@id\":\"https:\\\/\\\/rosemvd.com\\\/index.php\\\/producto\\\/collar-antipulgas-perros-y-gatos\\\/#primaryimage\"},\"image\":{\"@id\":\"https:\\\/\\\/rosemvd.com\\\/index.php\\\/producto\\\/collar-antipulgas-perros-y-gatos\\\/#primaryimage\"},\"thumbnailUrl\":\"https:\\\/\\\/rosemvd.com\\\/wp-content\\\/uploads\\\/2023\\\/09\\\/Antipulgs-8.webp\",\"datePublished\":\"2023-09-23T14:46:39+00:00\",\"dateModified\":\"2025-09-23T15:37:03+00:00\",\"description\":\"Collar Antipulgas Perros y Gatos, Elimina eficazmente pulgas y garrapatas, seguro y no t\u00f3xico, Resistente al agua, Tama\u00f1o ajustable y f\u00e1cil de usar\",\"breadcrumb\":{\"@id\":\"https:\\\/\\\/rosemvd.com\\\/index.php\\\/producto\\\/collar-antipulgas-perros-y-gatos\\\/#breadcrumb\"},\"inLanguage\":\"es\",\"potentialAction\":[{\"@type\":\"ReadAction\",\"target\":[\"https:\\\/\\\/rosemvd.com\\\/index.php\\\/producto\\\/collar-antipulgas-perros-y-gatos\\\/\"]}]},{\"@type\":\"ImageObject\",\"inLanguage\":\"es\",\"@id\":\"https:\\\/\\\/rosemvd.com\\\/index.php\\\/producto\\\/collar-antipulgas-perros-y-gatos\\\/#primaryimage\",\"url\":\"https:\\\/\\\/rosemvd.com\\\/wp-content\\\/uploads\\\/2023\\\/09\\\/Antipulgs-8.webp\",\"contentUrl\":\"https:\\\/\\\/rosemvd.com\\\/wp-content\\\/uploads\\\/2023\\\/09\\\/Antipulgs-8.webp\",\"width\":720,\"height\":720},{\"@type\":\"BreadcrumbList\",\"@id\":\"https:\\\/\\\/rosemvd.com\\\/index.php\\\/producto\\\/collar-antipulgas-perros-y-gatos\\\/#breadcrumb\",\"itemListElement\":[{\"@type\":\"ListItem\",\"position\":1,\"name\":\"Portada\",\"item\":\"https:\\\/\\\/rosemvd.com\\\/\"},{\"@type\":\"ListItem\",\"position\":2,\"name\":\"Tienda\",\"item\":\"https:\\\/\\\/rosemvd.com\\\/index.php\\\/tienda\\\/\"},{\"@type\":\"ListItem\",\"position\":3,\"name\":\"Collar Antipulgas Perros y Gatos\"}]},{\"@type\":\"WebSite\",\"@id\":\"https:\\\/\\\/rosemvd.com\\\/#website\",\"url\":\"https:\\\/\\\/rosemvd.com\\\/\",\"name\":\"ROSE MVD\",\"description\":\"Todo lo que no sab\u00edas que necesitabas, lo \u00faltimo en tendencia, utilidad e innovaci\u00f3n\",\"publisher\":{\"@id\":\"https:\\\/\\\/rosemvd.com\\\/#organization\"},\"potentialAction\":[{\"@type\":\"SearchAction\",\"target\":{\"@type\":\"EntryPoint\",\"urlTemplate\":\"https:\\\/\\\/rosemvd.com\\\/?s={search_term_string}\"},\"query-input\":{\"@type\":\"PropertyValueSpecification\",\"valueRequired\":true,\"valueName\":\"search_term_string\"}}],\"inLanguage\":\"es\"},{\"@type\":\"Organization\",\"@id\":\"https:\\\/\\\/rosemvd.com\\\/#organization\",\"name\":\"ROSE MVD\",\"alternateName\":\"ROSE MVD\",\"url\":\"https:\\\/\\\/rosemvd.com\\\/\",\"logo\":{\"@type\":\"ImageObject\",\"inLanguage\":\"es\",\"@id\":\"https:\\\/\\\/rosemvd.com\\\/#\\\/schema\\\/logo\\\/image\\\/\",\"url\":\"https:\\\/\\\/rosemvd.com\\\/wp-content\\\/uploads\\\/2023\\\/03\\\/Sin-titulo-2_Mesa-de-trabajo-1.png\",\"contentUrl\":\"https:\\\/\\\/rosemvd.com\\\/wp-content\\\/uploads\\\/2023\\\/03\\\/Sin-titulo-2_Mesa-de-trabajo-1.png\",\"width\":2084,\"height\":2084,\"caption\":\"ROSE MVD\"},\"image\":{\"@id\":\"https:\\\/\\\/rosemvd.com\\\/#\\\/schema\\\/logo\\\/image\\\/\"},\"sameAs\":[\"https:\\\/\\\/www.facebook.com\\\/TiendaRoseMvd\",\"https:\\\/\\\/www.instagram.com\\\/rose.mvd\"]}]}<\/script>\n<!-- \/ Yoast SEO plugin. -->","yoast_head_json":{"title":"Collar Antipulgas Perros y Gatos - ROSE MVD","description":"Collar Antipulgas Perros y Gatos, Elimina eficazmente pulgas y garrapatas, seguro y no t\u00f3xico, Resistente al agua, Tama\u00f1o ajustable y f\u00e1cil de usar","robots":{"index":"index","follow":"follow","max-snippet":"max-snippet:-1","max-image-preview":"max-image-preview:large","max-video-preview":"max-video-preview:-1"},"canonical":"https:\/\/rosemvd.com\/index.php\/producto\/collar-antipulgas-perros-y-gatos\/","og_locale":"es_ES","og_type":"article","og_title":"Collar Antipulgas Perros y Gatos - ROSE MVD","og_description":"Collar Antipulgas Perros y Gatos, Elimina eficazmente pulgas y garrapatas, seguro y no t\u00f3xico, Resistente al agua, Tama\u00f1o ajustable y f\u00e1cil de usar","og_url":"https:\/\/rosemvd.com\/index.php\/producto\/collar-antipulgas-perros-y-gatos\/","og_site_name":"ROSE MVD","article_publisher":"https:\/\/www.facebook.com\/TiendaRoseMvd","article_modified_time":"2025-09-23T15:37:03+00:00","og_image":[{"width":720,"height":720,"url":"https:\/\/rosemvd.com\/wp-content\/uploads\/2023\/09\/Antipulgs-8.webp","type":"image\/webp"}],"twitter_card":"summary_large_image","twitter_misc":{"Tiempo de lectura":"2 minutos"},"schema":{"@context":"https:\/\/schema.org","@graph":[{"@type":"WebPage","@id":"https:\/\/rosemvd.com\/index.php\/producto\/collar-antipulgas-perros-y-gatos\/","url":"https:\/\/rosemvd.com\/index.php\/producto\/collar-antipulgas-perros-y-gatos\/","name":"Collar Antipulgas Perros y Gatos - ROSE MVD","isPartOf":{"@id":"https:\/\/rosemvd.com\/#website"},"primaryImageOfPage":{"@id":"https:\/\/rosemvd.com\/index.php\/producto\/collar-antipulgas-perros-y-gatos\/#primaryimage"},"image":{"@id":"https:\/\/rosemvd.com\/index.php\/producto\/collar-antipulgas-perros-y-gatos\/#primaryimage"},"thumbnailUrl":"https:\/\/rosemvd.com\/wp-content\/uploads\/2023\/09\/Antipulgs-8.webp","datePublished":"2023-09-23T14:46:39+00:00","dateModified":"2025-09-23T15:37:03+00:00","description":"Collar Antipulgas Perros y Gatos, Elimina eficazmente pulgas y garrapatas, seguro y no t\u00f3xico, Resistente al agua, Tama\u00f1o ajustable y f\u00e1cil de usar","breadcrumb":{"@id":"https:\/\/rosemvd.com\/index.php\/producto\/collar-antipulgas-perros-y-gatos\/#breadcrumb"},"inLanguage":"es","potentialAction":[{"@type":"ReadAction","target":["https:\/\/rosemvd.com\/index.php\/producto\/collar-antipulgas-perros-y-gatos\/"]}]},{"@type":"ImageObject","inLanguage":"es","@id":"https:\/\/rosemvd.com\/index.php\/producto\/collar-antipulgas-perros-y-gatos\/#primaryimage","url":"https:\/\/rosemvd.com\/wp-content\/uploads\/2023\/09\/Antipulgs-8.webp","contentUrl":"https:\/\/rosemvd.com\/wp-content\/uploads\/2023\/09\/Antipulgs-8.webp","width":720,"height":720},{"@type":"BreadcrumbList","@id":"https:\/\/rosemvd.com\/index.php\/producto\/collar-antipulgas-perros-y-gatos\/#breadcrumb","itemListElement":[{"@type":"ListItem","position":1,"name":"Portada","item":"https:\/\/rosemvd.com\/"},{"@type":"ListItem","position":2,"name":"Tienda","item":"https:\/\/rosemvd.com\/index.php\/tienda\/"},{"@type":"ListItem","position":3,"name":"Collar Antipulgas Perros y Gatos"}]},{"@type":"WebSite","@id":"https:\/\/rosemvd.com\/#website","url":"https:\/\/rosemvd.com\/","name":"ROSE MVD","description":"Todo lo que no sab\u00edas que necesitabas, lo \u00faltimo en tendencia, utilidad e innovaci\u00f3n","publisher":{"@id":"https:\/\/rosemvd.com\/#organization"},"potentialAction":[{"@type":"SearchAction","target":{"@type":"EntryPoint","urlTemplate":"https:\/\/rosemvd.com\/?s={search_term_string}"},"query-input":{"@type":"PropertyValueSpecification","valueRequired":true,"valueName":"search_term_string"}}],"inLanguage":"es"},{"@type":"Organization","@id":"https:\/\/rosemvd.com\/#organization","name":"ROSE MVD","alternateName":"ROSE MVD","url":"https:\/\/rosemvd.com\/","logo":{"@type":"ImageObject","inLanguage":"es","@id":"https:\/\/rosemvd.com\/#\/schema\/logo\/image\/","url":"https:\/\/rosemvd.com\/wp-content\/uploads\/2023\/03\/Sin-titulo-2_Mesa-de-trabajo-1.png","contentUrl":"https:\/\/rosemvd.com\/wp-content\/uploads\/2023\/03\/Sin-titulo-2_Mesa-de-trabajo-1.png","width":2084,"height":2084,"caption":"ROSE MVD"},"image":{"@id":"https:\/\/rosemvd.com\/#\/schema\/logo\/image\/"},"sameAs":["https:\/\/www.facebook.com\/TiendaRoseMvd","https:\/\/www.instagram.com\/rose.mvd"]}]}},"_links":{"self":[{"href":"https:\/\/rosemvd.com\/index.php\/wp-json\/wp\/v2\/product\/5534","targetHints":{"allow":["GET"]}}],"collection":[{"href":"https:\/\/rosemvd.com\/index.php\/wp-json\/wp\/v2\/product"}],"about":[{"href":"https:\/\/rosemvd.com\/index.php\/wp-json\/wp\/v2\/types\/product"}],"wp:featuredmedia":[{"embeddable":true,"href":"https:\/\/rosemvd.com\/index.php\/wp-json\/wp\/v2\/media\/5544"}],"wp:attachment":[{"href":"https:\/\/rosemvd.com\/index.php\/wp-json\/wp\/v2\/media?parent=5534"}],"wp:term":[{"taxonomy":"product_brand","embeddable":true,"href":"https:\/\/rosemvd.com\/index.php\/wp-json\/wp\/v2\/product_brand?post=5534"},{"taxonomy":"product_cat","embeddable":true,"href":"https:\/\/rosemvd.com\/index.php\/wp-json\/wp\/v2\/product_cat?post=5534"},{"taxonomy":"product_tag","embeddable":true,"href":"https:\/\/rosemvd.com\/index.php\/wp-json\/wp\/v2\/product_tag?post=5534"}],"curies":[{"name":"wp","href":"https:\/\/api.w.org\/{rel}","templated":true}]}}