{"id":17997,"date":"2026-05-13T09:53:07","date_gmt":"2026-05-13T12:53:07","guid":{"rendered":"https:\/\/rosemvd.com\/?post_type=product&#038;p=17997"},"modified":"2026-05-13T09:53:16","modified_gmt":"2026-05-13T12:53:16","slug":"tiras-nasales-blaze-60-ct","status":"publish","type":"product","link":"https:\/\/rosemvd.com\/index.php\/producto\/tiras-nasales-blaze-60-ct\/","title":{"rendered":"Tiras Nasales Blaze 60 Ct"},"content":{"rendered":"<div class=\"qMYqUG_convSearchResultHighlightRoot\">\n<div class=\"relative w-full overflow-visible\">\n<section class=\"text-token-text-primary w-full focus:outline-none [--shadow-height:45px] has-data-writing-block:pointer-events-none has-data-writing-block:-mt-(--shadow-height) has-data-writing-block:pt-(--shadow-height) [&amp;:has([data-writing-block])&gt;*]:pointer-events-auto [content-visibility:auto] supports-[content-visibility:auto]:[contain-intrinsic-size:auto_100lvh] R6Vx5W_threadScrollVars scroll-mb-[calc(var(--scroll-root-safe-area-inset-bottom,0px)+var(--thread-response-height))] scroll-mt-[calc(var(--header-height)+min(200px,max(70px,20svh)))]\" dir=\"auto\" data-turn-id=\"request-WEB:749b6d0d-fa3e-43ba-98af-e077ba881ccc-0\" data-turn-id-container=\"request-WEB:749b6d0d-fa3e-43ba-98af-e077ba881ccc-0\" data-testid=\"conversation-turn-2\" data-scroll-anchor=\"false\" data-turn=\"assistant\">\n<div class=\"text-base my-auto mx-auto pb-10 [--thread-content-margin:var(--thread-content-margin-xs,calc(var(--spacing)*4))] @w-sm\/main:[--thread-content-margin:var(--thread-content-margin-sm,calc(var(--spacing)*6))] @w-lg\/main:[--thread-content-margin:var(--thread-content-margin-lg,calc(var(--spacing)*16))] px-(--thread-content-margin)\">\n<div class=\"[--thread-content-max-width:40rem] @w-lg\/main:[--thread-content-max-width:48rem] mx-auto max-w-(--thread-content-max-width) flex-1 group\/turn-messages focus-visible:outline-hidden relative flex w-full min-w-0 flex-col agent-turn\">\n<div class=\"flex max-w-full flex-col gap-4 grow\">\n<div class=\"min-h-8 text-message relative flex w-full flex-col items-end gap-2 text-start break-words whitespace-normal outline-none keyboard-focused:focus-ring [.text-message+&amp;]:mt-1\" dir=\"auto\" tabindex=\"0\" data-message-author-role=\"assistant\" data-message-id=\"a517ee85-9404-4c86-af4f-cac3ebcf9d91\" data-turn-start-message=\"true\" data-message-model-slug=\"gpt-5-5\">\n<div class=\"flex w-full flex-col gap-1 empty:hidden\">\n<div class=\"markdown prose dark:prose-invert wrap-break-word w-full light markdown-new-styling\">\n<p data-start=\"0\" data-end=\"425\">Mejora tu descanso y respira mejor cada noche con las <strong data-start=\"54\" data-end=\"89\">Tiras Nasales Blaze<\/strong>. Dise\u00f1adas con <strong data-start=\"105\" data-end=\"121\">fuerza extra<\/strong>, ayudan a abrir suavemente las fosas nasales para favorecer un mayor flujo de aire, reduciendo ronquidos ocasionados por congesti\u00f3n nasal o respiraci\u00f3n dificultosa. Son ideales para dormir m\u00e1s c\u00f3modo, descansar mejor y tambi\u00e9n para usar durante actividades f\u00edsicas.<\/p>\n<p data-start=\"427\" data-end=\"697\">Su adhesivo de alta fijaci\u00f3n est\u00e1 pensado para mantenerse en su lugar durante la noche o entrenamientos intensos, brindando comodidad y seguridad. El pack incluye <strong data-start=\"590\" data-end=\"618\">60 unidades descartables<\/strong>, pr\u00e1cticas e higi\u00e9nicas para uso diario.<\/p>\n<h5 data-section-id=\"u51wan\" data-start=\"699\" data-end=\"719\">Caracter\u00edsticas:<\/h5>\n<ul data-start=\"720\" data-end=\"919\">\n<li data-section-id=\"15zmyy4\" data-start=\"720\" data-end=\"748\">Pack de 60 tiras nasales<\/li>\n<li data-section-id=\"1b2by1z\" data-start=\"749\" data-end=\"784\">Fuerza extra para mayor soporte<\/li>\n<li data-section-id=\"jsv21j\" data-start=\"785\" data-end=\"815\">Ayudan a reducir ronquidos<\/li>\n<li data-section-id=\"1dqcsck\" data-start=\"816\" data-end=\"857\">Favorecen una mejor respiraci\u00f3n nasal<\/li>\n<li data-section-id=\"1lr78sc\" data-start=\"858\" data-end=\"890\">C\u00f3modas y f\u00e1ciles de colocar<\/li>\n<li data-section-id=\"512c5y\" data-start=\"891\" data-end=\"919\">Uso nocturno o deportivo<\/li>\n<\/ul>\n<p data-start=\"921\" data-end=\"1016\">Una soluci\u00f3n simple y efectiva para quienes buscan dormir mejor y respirar con mayor facilidad.<\/p>\n<\/div>\n<\/div>\n<\/div>\n<\/div>\n<\/div>\n<\/div>\n<\/section>\n<\/div>\n<\/div>\n","protected":false},"excerpt":{"rendered":"<p>Mejora tu descanso y respira mejor cada noche con las Tiras Nasales Blaze. Dise\u00f1adas con fuerza extra, ayudan a abrir suavemente las fosas nasales para favorecer un mayor flujo de aire, reduciendo ronquidos ocasionados por congesti\u00f3n nasal o respiraci\u00f3n dificultosa. Son ideales para dormir m\u00e1s c\u00f3modo, descansar mejor y tambi\u00e9n para usar durante actividades f\u00edsicas. [&hellip;]<\/p>\n","protected":false},"featured_media":17998,"template":"","meta":{"site-sidebar-layout":"default","site-content-layout":"","ast-site-content-layout":"default","site-content-style":"default","site-sidebar-style":"default","ast-global-header-display":"","ast-banner-title-visibility":"","ast-main-header-display":"","ast-hfb-above-header-display":"","ast-hfb-below-header-display":"","ast-hfb-mobile-header-display":"","site-post-title":"","ast-breadcrumbs-content":"","ast-featured-img":"","footer-sml-layout":"","ast-disable-related-posts":"","theme-transparent-header-meta":"default","adv-header-id-meta":"","stick-header-meta":"","header-above-stick-meta":"","header-main-stick-meta":"","header-below-stick-meta":"","astra-migrate-meta-layouts":"set","ast-page-background-enabled":"default","ast-page-background-meta":{"desktop":{"background-color":"var(--ast-global-color-4)","background-image":"","background-repeat":"repeat","background-position":"center center","background-size":"auto","background-attachment":"scroll","background-type":"","background-media":"","overlay-type":"","overlay-color":"","overlay-opacity":"","overlay-gradient":""},"tablet":{"background-color":"","background-image":"","background-repeat":"repeat","background-position":"center center","background-size":"auto","background-attachment":"scroll","background-type":"","background-media":"","overlay-type":"","overlay-color":"","overlay-opacity":"","overlay-gradient":""},"mobile":{"background-color":"","background-image":"","background-repeat":"repeat","background-position":"center center","background-size":"auto","background-attachment":"scroll","background-type":"","background-media":"","overlay-type":"","overlay-color":"","overlay-opacity":"","overlay-gradient":""}},"ast-content-background-meta":{"desktop":{"background-color":"var(--ast-global-color-5)","background-image":"","background-repeat":"repeat","background-position":"center center","background-size":"auto","background-attachment":"scroll","background-type":"","background-media":"","overlay-type":"","overlay-color":"","overlay-opacity":"","overlay-gradient":""},"tablet":{"background-color":"var(--ast-global-color-5)","background-image":"","background-repeat":"repeat","background-position":"center center","background-size":"auto","background-attachment":"scroll","background-type":"","background-media":"","overlay-type":"","overlay-color":"","overlay-opacity":"","overlay-gradient":""},"mobile":{"background-color":"var(--ast-global-color-5)","background-image":"","background-repeat":"repeat","background-position":"center center","background-size":"auto","background-attachment":"scroll","background-type":"","background-media":"","overlay-type":"","overlay-color":"","overlay-opacity":"","overlay-gradient":""}}},"product_brand":[],"product_cat":[447,454],"product_tag":[],"class_list":{"0":"post-17997","1":"product","2":"type-product","3":"status-publish","4":"has-post-thumbnail","6":"product_cat-bienestar","7":"product_cat-cuerpo-y-bienestar","8":"desktop-align-left","9":"tablet-align-left","10":"mobile-align-left","12":"first","13":"instock","14":"shipping-taxable","15":"purchasable","16":"product-type-simple"},"yoast_head":"<!-- This site is optimized with the Yoast SEO plugin v27.3 - https:\/\/yoast.com\/product\/yoast-seo-wordpress\/ -->\n<title>Tiras Nasales Blaze 60 Ct - ROSE MVD<\/title>\n<meta name=\"description\" content=\"Ayudan a abrir suavemente las fosas nasales para favorecer un mayor flujo de aire, reduciendo ronquidos ocasionados por congesti\u00f3n o respiraci\u00f3n dificultosa\" \/>\n<meta name=\"robots\" content=\"index, follow, max-snippet:-1, max-image-preview:large, max-video-preview:-1\" \/>\n<link rel=\"canonical\" href=\"https:\/\/rosemvd.com\/index.php\/producto\/tiras-nasales-blaze-60-ct\/\" \/>\n<meta property=\"og:locale\" content=\"es_ES\" \/>\n<meta property=\"og:type\" content=\"article\" \/>\n<meta property=\"og:title\" content=\"Tiras Nasales Blaze 60 Ct - ROSE MVD\" \/>\n<meta property=\"og:description\" content=\"Ayudan a abrir suavemente las fosas nasales para favorecer un mayor flujo de aire, reduciendo ronquidos ocasionados por congesti\u00f3n o respiraci\u00f3n dificultosa\" \/>\n<meta property=\"og:url\" content=\"https:\/\/rosemvd.com\/index.php\/producto\/tiras-nasales-blaze-60-ct\/\" \/>\n<meta property=\"og:site_name\" content=\"ROSE MVD\" \/>\n<meta property=\"article:publisher\" content=\"https:\/\/www.facebook.com\/TiendaRoseMvd\" \/>\n<meta property=\"article:modified_time\" content=\"2026-05-13T12:53:16+00:00\" \/>\n<meta property=\"og:image\" content=\"https:\/\/rosemvd.com\/wp-content\/uploads\/2026\/05\/D_NQ_NP_2X_830777-MLA85189496251_052025-F.webp\" \/>\n\t<meta property=\"og:image:width\" content=\"997\" \/>\n\t<meta property=\"og:image:height\" content=\"1200\" \/>\n\t<meta property=\"og:image:type\" content=\"image\/webp\" \/>\n<meta name=\"twitter:card\" content=\"summary_large_image\" \/>\n<meta name=\"twitter:label1\" content=\"Tiempo de lectura\" \/>\n\t<meta name=\"twitter:data1\" content=\"1 minuto\" \/>\n<script type=\"application\/ld+json\" class=\"yoast-schema-graph\">{\"@context\":\"https:\\\/\\\/schema.org\",\"@graph\":[{\"@type\":\"WebPage\",\"@id\":\"https:\\\/\\\/rosemvd.com\\\/index.php\\\/producto\\\/tiras-nasales-blaze-60-ct\\\/\",\"url\":\"https:\\\/\\\/rosemvd.com\\\/index.php\\\/producto\\\/tiras-nasales-blaze-60-ct\\\/\",\"name\":\"Tiras Nasales Blaze 60 Ct - ROSE MVD\",\"isPartOf\":{\"@id\":\"https:\\\/\\\/rosemvd.com\\\/#website\"},\"primaryImageOfPage\":{\"@id\":\"https:\\\/\\\/rosemvd.com\\\/index.php\\\/producto\\\/tiras-nasales-blaze-60-ct\\\/#primaryimage\"},\"image\":{\"@id\":\"https:\\\/\\\/rosemvd.com\\\/index.php\\\/producto\\\/tiras-nasales-blaze-60-ct\\\/#primaryimage\"},\"thumbnailUrl\":\"https:\\\/\\\/rosemvd.com\\\/wp-content\\\/uploads\\\/2026\\\/05\\\/D_NQ_NP_2X_830777-MLA85189496251_052025-F.webp\",\"datePublished\":\"2026-05-13T12:53:07+00:00\",\"dateModified\":\"2026-05-13T12:53:16+00:00\",\"description\":\"Ayudan a abrir suavemente las fosas nasales para favorecer un mayor flujo de aire, reduciendo ronquidos ocasionados por congesti\u00f3n o respiraci\u00f3n dificultosa\",\"breadcrumb\":{\"@id\":\"https:\\\/\\\/rosemvd.com\\\/index.php\\\/producto\\\/tiras-nasales-blaze-60-ct\\\/#breadcrumb\"},\"inLanguage\":\"es\",\"potentialAction\":[{\"@type\":\"ReadAction\",\"target\":[\"https:\\\/\\\/rosemvd.com\\\/index.php\\\/producto\\\/tiras-nasales-blaze-60-ct\\\/\"]}]},{\"@type\":\"ImageObject\",\"inLanguage\":\"es\",\"@id\":\"https:\\\/\\\/rosemvd.com\\\/index.php\\\/producto\\\/tiras-nasales-blaze-60-ct\\\/#primaryimage\",\"url\":\"https:\\\/\\\/rosemvd.com\\\/wp-content\\\/uploads\\\/2026\\\/05\\\/D_NQ_NP_2X_830777-MLA85189496251_052025-F.webp\",\"contentUrl\":\"https:\\\/\\\/rosemvd.com\\\/wp-content\\\/uploads\\\/2026\\\/05\\\/D_NQ_NP_2X_830777-MLA85189496251_052025-F.webp\",\"width\":997,\"height\":1200},{\"@type\":\"BreadcrumbList\",\"@id\":\"https:\\\/\\\/rosemvd.com\\\/index.php\\\/producto\\\/tiras-nasales-blaze-60-ct\\\/#breadcrumb\",\"itemListElement\":[{\"@type\":\"ListItem\",\"position\":1,\"name\":\"Portada\",\"item\":\"https:\\\/\\\/rosemvd.com\\\/\"},{\"@type\":\"ListItem\",\"position\":2,\"name\":\"Tienda\",\"item\":\"https:\\\/\\\/rosemvd.com\\\/index.php\\\/tienda\\\/\"},{\"@type\":\"ListItem\",\"position\":3,\"name\":\"Tiras Nasales Blaze 60 Ct\"}]},{\"@type\":\"WebSite\",\"@id\":\"https:\\\/\\\/rosemvd.com\\\/#website\",\"url\":\"https:\\\/\\\/rosemvd.com\\\/\",\"name\":\"ROSE MVD\",\"description\":\"Todo lo que no sab\u00edas que necesitabas, lo \u00faltimo en tendencia, utilidad e innovaci\u00f3n\",\"publisher\":{\"@id\":\"https:\\\/\\\/rosemvd.com\\\/#organization\"},\"potentialAction\":[{\"@type\":\"SearchAction\",\"target\":{\"@type\":\"EntryPoint\",\"urlTemplate\":\"https:\\\/\\\/rosemvd.com\\\/?s={search_term_string}\"},\"query-input\":{\"@type\":\"PropertyValueSpecification\",\"valueRequired\":true,\"valueName\":\"search_term_string\"}}],\"inLanguage\":\"es\"},{\"@type\":\"Organization\",\"@id\":\"https:\\\/\\\/rosemvd.com\\\/#organization\",\"name\":\"ROSE MVD\",\"alternateName\":\"ROSE MVD\",\"url\":\"https:\\\/\\\/rosemvd.com\\\/\",\"logo\":{\"@type\":\"ImageObject\",\"inLanguage\":\"es\",\"@id\":\"https:\\\/\\\/rosemvd.com\\\/#\\\/schema\\\/logo\\\/image\\\/\",\"url\":\"https:\\\/\\\/rosemvd.com\\\/wp-content\\\/uploads\\\/2023\\\/03\\\/Sin-titulo-2_Mesa-de-trabajo-1.png\",\"contentUrl\":\"https:\\\/\\\/rosemvd.com\\\/wp-content\\\/uploads\\\/2023\\\/03\\\/Sin-titulo-2_Mesa-de-trabajo-1.png\",\"width\":2084,\"height\":2084,\"caption\":\"ROSE MVD\"},\"image\":{\"@id\":\"https:\\\/\\\/rosemvd.com\\\/#\\\/schema\\\/logo\\\/image\\\/\"},\"sameAs\":[\"https:\\\/\\\/www.facebook.com\\\/TiendaRoseMvd\",\"https:\\\/\\\/www.instagram.com\\\/rose.mvd\"]}]}<\/script>\n<!-- \/ Yoast SEO plugin. -->","yoast_head_json":{"title":"Tiras Nasales Blaze 60 Ct - ROSE MVD","description":"Ayudan a abrir suavemente las fosas nasales para favorecer un mayor flujo de aire, reduciendo ronquidos ocasionados por congesti\u00f3n o respiraci\u00f3n dificultosa","robots":{"index":"index","follow":"follow","max-snippet":"max-snippet:-1","max-image-preview":"max-image-preview:large","max-video-preview":"max-video-preview:-1"},"canonical":"https:\/\/rosemvd.com\/index.php\/producto\/tiras-nasales-blaze-60-ct\/","og_locale":"es_ES","og_type":"article","og_title":"Tiras Nasales Blaze 60 Ct - ROSE MVD","og_description":"Ayudan a abrir suavemente las fosas nasales para favorecer un mayor flujo de aire, reduciendo ronquidos ocasionados por congesti\u00f3n o respiraci\u00f3n dificultosa","og_url":"https:\/\/rosemvd.com\/index.php\/producto\/tiras-nasales-blaze-60-ct\/","og_site_name":"ROSE MVD","article_publisher":"https:\/\/www.facebook.com\/TiendaRoseMvd","article_modified_time":"2026-05-13T12:53:16+00:00","og_image":[{"width":997,"height":1200,"url":"https:\/\/rosemvd.com\/wp-content\/uploads\/2026\/05\/D_NQ_NP_2X_830777-MLA85189496251_052025-F.webp","type":"image\/webp"}],"twitter_card":"summary_large_image","twitter_misc":{"Tiempo de lectura":"1 minuto"},"schema":{"@context":"https:\/\/schema.org","@graph":[{"@type":"WebPage","@id":"https:\/\/rosemvd.com\/index.php\/producto\/tiras-nasales-blaze-60-ct\/","url":"https:\/\/rosemvd.com\/index.php\/producto\/tiras-nasales-blaze-60-ct\/","name":"Tiras Nasales Blaze 60 Ct - ROSE MVD","isPartOf":{"@id":"https:\/\/rosemvd.com\/#website"},"primaryImageOfPage":{"@id":"https:\/\/rosemvd.com\/index.php\/producto\/tiras-nasales-blaze-60-ct\/#primaryimage"},"image":{"@id":"https:\/\/rosemvd.com\/index.php\/producto\/tiras-nasales-blaze-60-ct\/#primaryimage"},"thumbnailUrl":"https:\/\/rosemvd.com\/wp-content\/uploads\/2026\/05\/D_NQ_NP_2X_830777-MLA85189496251_052025-F.webp","datePublished":"2026-05-13T12:53:07+00:00","dateModified":"2026-05-13T12:53:16+00:00","description":"Ayudan a abrir suavemente las fosas nasales para favorecer un mayor flujo de aire, reduciendo ronquidos ocasionados por congesti\u00f3n o respiraci\u00f3n dificultosa","breadcrumb":{"@id":"https:\/\/rosemvd.com\/index.php\/producto\/tiras-nasales-blaze-60-ct\/#breadcrumb"},"inLanguage":"es","potentialAction":[{"@type":"ReadAction","target":["https:\/\/rosemvd.com\/index.php\/producto\/tiras-nasales-blaze-60-ct\/"]}]},{"@type":"ImageObject","inLanguage":"es","@id":"https:\/\/rosemvd.com\/index.php\/producto\/tiras-nasales-blaze-60-ct\/#primaryimage","url":"https:\/\/rosemvd.com\/wp-content\/uploads\/2026\/05\/D_NQ_NP_2X_830777-MLA85189496251_052025-F.webp","contentUrl":"https:\/\/rosemvd.com\/wp-content\/uploads\/2026\/05\/D_NQ_NP_2X_830777-MLA85189496251_052025-F.webp","width":997,"height":1200},{"@type":"BreadcrumbList","@id":"https:\/\/rosemvd.com\/index.php\/producto\/tiras-nasales-blaze-60-ct\/#breadcrumb","itemListElement":[{"@type":"ListItem","position":1,"name":"Portada","item":"https:\/\/rosemvd.com\/"},{"@type":"ListItem","position":2,"name":"Tienda","item":"https:\/\/rosemvd.com\/index.php\/tienda\/"},{"@type":"ListItem","position":3,"name":"Tiras Nasales Blaze 60 Ct"}]},{"@type":"WebSite","@id":"https:\/\/rosemvd.com\/#website","url":"https:\/\/rosemvd.com\/","name":"ROSE MVD","description":"Todo lo que no sab\u00edas que necesitabas, lo \u00faltimo en tendencia, utilidad e innovaci\u00f3n","publisher":{"@id":"https:\/\/rosemvd.com\/#organization"},"potentialAction":[{"@type":"SearchAction","target":{"@type":"EntryPoint","urlTemplate":"https:\/\/rosemvd.com\/?s={search_term_string}"},"query-input":{"@type":"PropertyValueSpecification","valueRequired":true,"valueName":"search_term_string"}}],"inLanguage":"es"},{"@type":"Organization","@id":"https:\/\/rosemvd.com\/#organization","name":"ROSE MVD","alternateName":"ROSE MVD","url":"https:\/\/rosemvd.com\/","logo":{"@type":"ImageObject","inLanguage":"es","@id":"https:\/\/rosemvd.com\/#\/schema\/logo\/image\/","url":"https:\/\/rosemvd.com\/wp-content\/uploads\/2023\/03\/Sin-titulo-2_Mesa-de-trabajo-1.png","contentUrl":"https:\/\/rosemvd.com\/wp-content\/uploads\/2023\/03\/Sin-titulo-2_Mesa-de-trabajo-1.png","width":2084,"height":2084,"caption":"ROSE MVD"},"image":{"@id":"https:\/\/rosemvd.com\/#\/schema\/logo\/image\/"},"sameAs":["https:\/\/www.facebook.com\/TiendaRoseMvd","https:\/\/www.instagram.com\/rose.mvd"]}]}},"_links":{"self":[{"href":"https:\/\/rosemvd.com\/index.php\/wp-json\/wp\/v2\/product\/17997","targetHints":{"allow":["GET"]}}],"collection":[{"href":"https:\/\/rosemvd.com\/index.php\/wp-json\/wp\/v2\/product"}],"about":[{"href":"https:\/\/rosemvd.com\/index.php\/wp-json\/wp\/v2\/types\/product"}],"wp:featuredmedia":[{"embeddable":true,"href":"https:\/\/rosemvd.com\/index.php\/wp-json\/wp\/v2\/media\/17998"}],"wp:attachment":[{"href":"https:\/\/rosemvd.com\/index.php\/wp-json\/wp\/v2\/media?parent=17997"}],"wp:term":[{"taxonomy":"product_brand","embeddable":true,"href":"https:\/\/rosemvd.com\/index.php\/wp-json\/wp\/v2\/product_brand?post=17997"},{"taxonomy":"product_cat","embeddable":true,"href":"https:\/\/rosemvd.com\/index.php\/wp-json\/wp\/v2\/product_cat?post=17997"},{"taxonomy":"product_tag","embeddable":true,"href":"https:\/\/rosemvd.com\/index.php\/wp-json\/wp\/v2\/product_tag?post=17997"}],"curies":[{"name":"wp","href":"https:\/\/api.w.org\/{rel}","templated":true}]}}