{"id":17967,"date":"2026-05-11T10:55:29","date_gmt":"2026-05-11T13:55:29","guid":{"rendered":"https:\/\/rosemvd.com\/?post_type=product&#038;p=17967"},"modified":"2026-05-11T10:56:24","modified_gmt":"2026-05-11T13:56:24","slug":"figura-articulada-dummy-13-accesorios","status":"publish","type":"product","link":"https:\/\/rosemvd.com\/index.php\/producto\/figura-articulada-dummy-13-accesorios\/","title":{"rendered":"Figura Articulada Dummy 13 + Accesorios"},"content":{"rendered":"<p data-start=\"428\" data-end=\"496\"><strong data-start=\"428\" data-end=\"496\">Figura Robot Articulada con Accesorios \u2013 Creatividad y Diversi\u00f3n<\/strong><\/p>\n<p data-start=\"498\" data-end=\"719\">Descubr\u00ed una figura de acci\u00f3n moderna y din\u00e1mica, ideal para ni\u00f1os, coleccionistas y fan\u00e1ticos de los robots. Su dise\u00f1o articulado permite crear m\u00faltiples poses y escenas, brindando horas de entretenimiento y creatividad.<\/p>\n<h5 data-section-id=\"zmewqp\" data-start=\"721\" data-end=\"752\">Caracter\u00edsticas principales<\/h5>\n<p data-start=\"754\" data-end=\"926\"><strong data-start=\"754\" data-end=\"786\">Dise\u00f1o totalmente articulado<\/strong><br data-start=\"786\" data-end=\"789\" \/>Cuenta con varias articulaciones m\u00f3viles que permiten posicionar brazos, piernas y cuerpo en diferentes posturas de combate o exhibici\u00f3n.<\/p>\n<p data-start=\"928\" data-end=\"1067\"><strong data-start=\"928\" data-end=\"966\">Incluye accesorios intercambiables<\/strong><br data-start=\"966\" data-end=\"969\" \/>Viene con distintos complementos para personalizar la figura y recrear aventuras llenas de acci\u00f3n.<\/p>\n<p data-start=\"1069\" data-end=\"1205\"><strong data-start=\"1069\" data-end=\"1103\">Material resistente y duradero<\/strong><br data-start=\"1103\" data-end=\"1106\" \/>Fabricado con materiales de buena calidad, pensado para soportar el uso diario y el juego continuo.<\/p>\n<p data-start=\"1207\" data-end=\"1325\"><strong data-start=\"1207\" data-end=\"1240\">Ideal para colecci\u00f3n o regalo<\/strong><br data-start=\"1240\" data-end=\"1243\" \/>Perfecto para decorar escritorios, estanter\u00edas o sumar a una colecci\u00f3n de figuras.<\/p>\n<p data-start=\"1327\" data-end=\"1422\"><strong data-start=\"1327\" data-end=\"1357\">Varios colores disponibles<\/strong><br data-start=\"1357\" data-end=\"1360\" \/>Disponible en diferentes combinaciones de colores seg\u00fan stock.<\/p>\n<h5 data-section-id=\"epc39b\" data-start=\"1424\" data-end=\"1444\">Especificaciones<\/h5>\n<ul data-start=\"1446\" data-end=\"1559\">\n<li data-section-id=\"4pzz4i\" data-start=\"1446\" data-end=\"1474\">Altura aproximada: 14 cm<\/li>\n<li data-section-id=\"okex0u\" data-start=\"1475\" data-end=\"1502\">Tipo: Figura articulada<\/li>\n<li data-section-id=\"1f0vj7a\" data-start=\"1503\" data-end=\"1536\">Material: Pl\u00e1stico resistente<\/li>\n<li data-section-id=\"ti093q\" data-start=\"1537\" data-end=\"1559\">Incluye accesorios<\/li>\n<\/ul>\n<h5 data-section-id=\"g5yl83\" data-start=\"1561\" data-end=\"1575\">Beneficios<\/h5>\n<ul data-start=\"1577\" data-end=\"1730\">\n<li data-section-id=\"qainvr\" data-start=\"1577\" data-end=\"1618\">Estimula la imaginaci\u00f3n y creatividad<\/li>\n<li data-section-id=\"12j73hh\" data-start=\"1619\" data-end=\"1662\">Permite crear poses y escenas din\u00e1micas<\/li>\n<li data-section-id=\"1u5z14l\" data-start=\"1663\" data-end=\"1697\">Ideal para jugar o coleccionar<\/li>\n<li data-section-id=\"2fznlp\" data-start=\"1698\" data-end=\"1730\">Excelente opci\u00f3n para regalo<\/li>\n<\/ul>\n<p data-start=\"1732\" data-end=\"1835\" data-is-last-node=\"\" data-is-only-node=\"\">Una figura vers\u00e1til y llamativa para quienes disfrutan del mundo robot, la acci\u00f3n y la personalizaci\u00f3n<\/p>\n","protected":false},"excerpt":{"rendered":"<p>Figura Robot Articulada con Accesorios \u2013 Creatividad y Diversi\u00f3n Descubr\u00ed una figura de acci\u00f3n moderna y din\u00e1mica, ideal para ni\u00f1os, coleccionistas y fan\u00e1ticos de los robots. Su dise\u00f1o articulado permite crear m\u00faltiples poses y escenas, brindando horas de entretenimiento y creatividad. Caracter\u00edsticas principales Dise\u00f1o totalmente articuladoCuenta con varias articulaciones m\u00f3viles que permiten posicionar brazos, piernas [&hellip;]<\/p>\n","protected":false},"featured_media":17975,"template":"","meta":{"site-sidebar-layout":"default","site-content-layout":"","ast-site-content-layout":"default","site-content-style":"default","site-sidebar-style":"default","ast-global-header-display":"","ast-banner-title-visibility":"","ast-main-header-display":"","ast-hfb-above-header-display":"","ast-hfb-below-header-display":"","ast-hfb-mobile-header-display":"","site-post-title":"","ast-breadcrumbs-content":"","ast-featured-img":"","footer-sml-layout":"","ast-disable-related-posts":"","theme-transparent-header-meta":"default","adv-header-id-meta":"","stick-header-meta":"","header-above-stick-meta":"","header-main-stick-meta":"","header-below-stick-meta":"","astra-migrate-meta-layouts":"set","ast-page-background-enabled":"default","ast-page-background-meta":{"desktop":{"background-color":"var(--ast-global-color-4)","background-image":"","background-repeat":"repeat","background-position":"center center","background-size":"auto","background-attachment":"scroll","background-type":"","background-media":"","overlay-type":"","overlay-color":"","overlay-opacity":"","overlay-gradient":""},"tablet":{"background-color":"","background-image":"","background-repeat":"repeat","background-position":"center center","background-size":"auto","background-attachment":"scroll","background-type":"","background-media":"","overlay-type":"","overlay-color":"","overlay-opacity":"","overlay-gradient":""},"mobile":{"background-color":"","background-image":"","background-repeat":"repeat","background-position":"center center","background-size":"auto","background-attachment":"scroll","background-type":"","background-media":"","overlay-type":"","overlay-color":"","overlay-opacity":"","overlay-gradient":""}},"ast-content-background-meta":{"desktop":{"background-color":"var(--ast-global-color-5)","background-image":"","background-repeat":"repeat","background-position":"center center","background-size":"auto","background-attachment":"scroll","background-type":"","background-media":"","overlay-type":"","overlay-color":"","overlay-opacity":"","overlay-gradient":""},"tablet":{"background-color":"var(--ast-global-color-5)","background-image":"","background-repeat":"repeat","background-position":"center center","background-size":"auto","background-attachment":"scroll","background-type":"","background-media":"","overlay-type":"","overlay-color":"","overlay-opacity":"","overlay-gradient":""},"mobile":{"background-color":"var(--ast-global-color-5)","background-image":"","background-repeat":"repeat","background-position":"center center","background-size":"auto","background-attachment":"scroll","background-type":"","background-media":"","overlay-type":"","overlay-color":"","overlay-opacity":"","overlay-gradient":""}}},"product_brand":[],"product_cat":[440,471],"product_tag":[],"class_list":{"0":"post-17967","1":"product","2":"type-product","3":"status-publish","4":"has-post-thumbnail","6":"product_cat-bebes-ninos","7":"product_cat-juguetes-y-juegos","8":"desktop-align-left","9":"tablet-align-left","10":"mobile-align-left","12":"first","13":"instock","14":"shipping-taxable","15":"purchasable","16":"product-type-variable"},"yoast_head":"<!-- This site is optimized with the Yoast SEO plugin v27.3 - https:\/\/yoast.com\/product\/yoast-seo-wordpress\/ -->\n<title>Figura Articulada Dummy 13 + Accesorios - ROSE MVD<\/title>\n<meta name=\"description\" content=\"Figura de acci\u00f3n din\u00e1mica, ideal para ni\u00f1os, coleccionistas y fan\u00e1ticos de los robots. Su dise\u00f1o articulado permite crear m\u00faltiples poses y escenas\" \/>\n<meta name=\"robots\" content=\"index, follow, max-snippet:-1, max-image-preview:large, max-video-preview:-1\" \/>\n<link rel=\"canonical\" href=\"https:\/\/rosemvd.com\/index.php\/producto\/figura-articulada-dummy-13-accesorios\/\" \/>\n<meta property=\"og:locale\" content=\"es_ES\" \/>\n<meta property=\"og:type\" content=\"article\" \/>\n<meta property=\"og:title\" content=\"Figura Articulada Dummy 13 + Accesorios - ROSE MVD\" \/>\n<meta property=\"og:description\" content=\"Figura de acci\u00f3n din\u00e1mica, ideal para ni\u00f1os, coleccionistas y fan\u00e1ticos de los robots. Su dise\u00f1o articulado permite crear m\u00faltiples poses y escenas\" \/>\n<meta property=\"og:url\" content=\"https:\/\/rosemvd.com\/index.php\/producto\/figura-articulada-dummy-13-accesorios\/\" \/>\n<meta property=\"og:site_name\" content=\"ROSE MVD\" \/>\n<meta property=\"article:publisher\" content=\"https:\/\/www.facebook.com\/TiendaRoseMvd\" \/>\n<meta property=\"article:modified_time\" content=\"2026-05-11T13:56:24+00:00\" \/>\n<meta property=\"og:image\" content=\"https:\/\/rosemvd.com\/wp-content\/uploads\/2026\/05\/D_NQ_NP_2X_791629-CBT94018428479_102025-F.webp\" \/>\n\t<meta property=\"og:image:width\" content=\"1200\" \/>\n\t<meta property=\"og:image:height\" content=\"1200\" \/>\n\t<meta property=\"og:image:type\" content=\"image\/webp\" \/>\n<meta name=\"twitter:card\" content=\"summary_large_image\" \/>\n<meta name=\"twitter:label1\" content=\"Tiempo de lectura\" \/>\n\t<meta name=\"twitter:data1\" content=\"2 minutos\" \/>\n<script type=\"application\/ld+json\" class=\"yoast-schema-graph\">{\"@context\":\"https:\\\/\\\/schema.org\",\"@graph\":[{\"@type\":\"WebPage\",\"@id\":\"https:\\\/\\\/rosemvd.com\\\/index.php\\\/producto\\\/figura-articulada-dummy-13-accesorios\\\/\",\"url\":\"https:\\\/\\\/rosemvd.com\\\/index.php\\\/producto\\\/figura-articulada-dummy-13-accesorios\\\/\",\"name\":\"Figura Articulada Dummy 13 + Accesorios - ROSE MVD\",\"isPartOf\":{\"@id\":\"https:\\\/\\\/rosemvd.com\\\/#website\"},\"primaryImageOfPage\":{\"@id\":\"https:\\\/\\\/rosemvd.com\\\/index.php\\\/producto\\\/figura-articulada-dummy-13-accesorios\\\/#primaryimage\"},\"image\":{\"@id\":\"https:\\\/\\\/rosemvd.com\\\/index.php\\\/producto\\\/figura-articulada-dummy-13-accesorios\\\/#primaryimage\"},\"thumbnailUrl\":\"https:\\\/\\\/rosemvd.com\\\/wp-content\\\/uploads\\\/2026\\\/05\\\/D_NQ_NP_2X_791629-CBT94018428479_102025-F.webp\",\"datePublished\":\"2026-05-11T13:55:29+00:00\",\"dateModified\":\"2026-05-11T13:56:24+00:00\",\"description\":\"Figura de acci\u00f3n din\u00e1mica, ideal para ni\u00f1os, coleccionistas y fan\u00e1ticos de los robots. Su dise\u00f1o articulado permite crear m\u00faltiples poses y escenas\",\"breadcrumb\":{\"@id\":\"https:\\\/\\\/rosemvd.com\\\/index.php\\\/producto\\\/figura-articulada-dummy-13-accesorios\\\/#breadcrumb\"},\"inLanguage\":\"es\",\"potentialAction\":[{\"@type\":\"ReadAction\",\"target\":[\"https:\\\/\\\/rosemvd.com\\\/index.php\\\/producto\\\/figura-articulada-dummy-13-accesorios\\\/\"]}]},{\"@type\":\"ImageObject\",\"inLanguage\":\"es\",\"@id\":\"https:\\\/\\\/rosemvd.com\\\/index.php\\\/producto\\\/figura-articulada-dummy-13-accesorios\\\/#primaryimage\",\"url\":\"https:\\\/\\\/rosemvd.com\\\/wp-content\\\/uploads\\\/2026\\\/05\\\/D_NQ_NP_2X_791629-CBT94018428479_102025-F.webp\",\"contentUrl\":\"https:\\\/\\\/rosemvd.com\\\/wp-content\\\/uploads\\\/2026\\\/05\\\/D_NQ_NP_2X_791629-CBT94018428479_102025-F.webp\",\"width\":1200,\"height\":1200},{\"@type\":\"BreadcrumbList\",\"@id\":\"https:\\\/\\\/rosemvd.com\\\/index.php\\\/producto\\\/figura-articulada-dummy-13-accesorios\\\/#breadcrumb\",\"itemListElement\":[{\"@type\":\"ListItem\",\"position\":1,\"name\":\"Portada\",\"item\":\"https:\\\/\\\/rosemvd.com\\\/\"},{\"@type\":\"ListItem\",\"position\":2,\"name\":\"Tienda\",\"item\":\"https:\\\/\\\/rosemvd.com\\\/index.php\\\/tienda\\\/\"},{\"@type\":\"ListItem\",\"position\":3,\"name\":\"Figura Articulada Dummy 13 + Accesorios\"}]},{\"@type\":\"WebSite\",\"@id\":\"https:\\\/\\\/rosemvd.com\\\/#website\",\"url\":\"https:\\\/\\\/rosemvd.com\\\/\",\"name\":\"ROSE MVD\",\"description\":\"Todo lo que no sab\u00edas que necesitabas, lo \u00faltimo en tendencia, utilidad e innovaci\u00f3n\",\"publisher\":{\"@id\":\"https:\\\/\\\/rosemvd.com\\\/#organization\"},\"potentialAction\":[{\"@type\":\"SearchAction\",\"target\":{\"@type\":\"EntryPoint\",\"urlTemplate\":\"https:\\\/\\\/rosemvd.com\\\/?s={search_term_string}\"},\"query-input\":{\"@type\":\"PropertyValueSpecification\",\"valueRequired\":true,\"valueName\":\"search_term_string\"}}],\"inLanguage\":\"es\"},{\"@type\":\"Organization\",\"@id\":\"https:\\\/\\\/rosemvd.com\\\/#organization\",\"name\":\"ROSE MVD\",\"alternateName\":\"ROSE MVD\",\"url\":\"https:\\\/\\\/rosemvd.com\\\/\",\"logo\":{\"@type\":\"ImageObject\",\"inLanguage\":\"es\",\"@id\":\"https:\\\/\\\/rosemvd.com\\\/#\\\/schema\\\/logo\\\/image\\\/\",\"url\":\"https:\\\/\\\/rosemvd.com\\\/wp-content\\\/uploads\\\/2023\\\/03\\\/Sin-titulo-2_Mesa-de-trabajo-1.png\",\"contentUrl\":\"https:\\\/\\\/rosemvd.com\\\/wp-content\\\/uploads\\\/2023\\\/03\\\/Sin-titulo-2_Mesa-de-trabajo-1.png\",\"width\":2084,\"height\":2084,\"caption\":\"ROSE MVD\"},\"image\":{\"@id\":\"https:\\\/\\\/rosemvd.com\\\/#\\\/schema\\\/logo\\\/image\\\/\"},\"sameAs\":[\"https:\\\/\\\/www.facebook.com\\\/TiendaRoseMvd\",\"https:\\\/\\\/www.instagram.com\\\/rose.mvd\"]}]}<\/script>\n<!-- \/ Yoast SEO plugin. -->","yoast_head_json":{"title":"Figura Articulada Dummy 13 + Accesorios - ROSE MVD","description":"Figura de acci\u00f3n din\u00e1mica, ideal para ni\u00f1os, coleccionistas y fan\u00e1ticos de los robots. Su dise\u00f1o articulado permite crear m\u00faltiples poses y escenas","robots":{"index":"index","follow":"follow","max-snippet":"max-snippet:-1","max-image-preview":"max-image-preview:large","max-video-preview":"max-video-preview:-1"},"canonical":"https:\/\/rosemvd.com\/index.php\/producto\/figura-articulada-dummy-13-accesorios\/","og_locale":"es_ES","og_type":"article","og_title":"Figura Articulada Dummy 13 + Accesorios - ROSE MVD","og_description":"Figura de acci\u00f3n din\u00e1mica, ideal para ni\u00f1os, coleccionistas y fan\u00e1ticos de los robots. Su dise\u00f1o articulado permite crear m\u00faltiples poses y escenas","og_url":"https:\/\/rosemvd.com\/index.php\/producto\/figura-articulada-dummy-13-accesorios\/","og_site_name":"ROSE MVD","article_publisher":"https:\/\/www.facebook.com\/TiendaRoseMvd","article_modified_time":"2026-05-11T13:56:24+00:00","og_image":[{"width":1200,"height":1200,"url":"https:\/\/rosemvd.com\/wp-content\/uploads\/2026\/05\/D_NQ_NP_2X_791629-CBT94018428479_102025-F.webp","type":"image\/webp"}],"twitter_card":"summary_large_image","twitter_misc":{"Tiempo de lectura":"2 minutos"},"schema":{"@context":"https:\/\/schema.org","@graph":[{"@type":"WebPage","@id":"https:\/\/rosemvd.com\/index.php\/producto\/figura-articulada-dummy-13-accesorios\/","url":"https:\/\/rosemvd.com\/index.php\/producto\/figura-articulada-dummy-13-accesorios\/","name":"Figura Articulada Dummy 13 + Accesorios - ROSE MVD","isPartOf":{"@id":"https:\/\/rosemvd.com\/#website"},"primaryImageOfPage":{"@id":"https:\/\/rosemvd.com\/index.php\/producto\/figura-articulada-dummy-13-accesorios\/#primaryimage"},"image":{"@id":"https:\/\/rosemvd.com\/index.php\/producto\/figura-articulada-dummy-13-accesorios\/#primaryimage"},"thumbnailUrl":"https:\/\/rosemvd.com\/wp-content\/uploads\/2026\/05\/D_NQ_NP_2X_791629-CBT94018428479_102025-F.webp","datePublished":"2026-05-11T13:55:29+00:00","dateModified":"2026-05-11T13:56:24+00:00","description":"Figura de acci\u00f3n din\u00e1mica, ideal para ni\u00f1os, coleccionistas y fan\u00e1ticos de los robots. Su dise\u00f1o articulado permite crear m\u00faltiples poses y escenas","breadcrumb":{"@id":"https:\/\/rosemvd.com\/index.php\/producto\/figura-articulada-dummy-13-accesorios\/#breadcrumb"},"inLanguage":"es","potentialAction":[{"@type":"ReadAction","target":["https:\/\/rosemvd.com\/index.php\/producto\/figura-articulada-dummy-13-accesorios\/"]}]},{"@type":"ImageObject","inLanguage":"es","@id":"https:\/\/rosemvd.com\/index.php\/producto\/figura-articulada-dummy-13-accesorios\/#primaryimage","url":"https:\/\/rosemvd.com\/wp-content\/uploads\/2026\/05\/D_NQ_NP_2X_791629-CBT94018428479_102025-F.webp","contentUrl":"https:\/\/rosemvd.com\/wp-content\/uploads\/2026\/05\/D_NQ_NP_2X_791629-CBT94018428479_102025-F.webp","width":1200,"height":1200},{"@type":"BreadcrumbList","@id":"https:\/\/rosemvd.com\/index.php\/producto\/figura-articulada-dummy-13-accesorios\/#breadcrumb","itemListElement":[{"@type":"ListItem","position":1,"name":"Portada","item":"https:\/\/rosemvd.com\/"},{"@type":"ListItem","position":2,"name":"Tienda","item":"https:\/\/rosemvd.com\/index.php\/tienda\/"},{"@type":"ListItem","position":3,"name":"Figura Articulada Dummy 13 + Accesorios"}]},{"@type":"WebSite","@id":"https:\/\/rosemvd.com\/#website","url":"https:\/\/rosemvd.com\/","name":"ROSE MVD","description":"Todo lo que no sab\u00edas que necesitabas, lo \u00faltimo en tendencia, utilidad e innovaci\u00f3n","publisher":{"@id":"https:\/\/rosemvd.com\/#organization"},"potentialAction":[{"@type":"SearchAction","target":{"@type":"EntryPoint","urlTemplate":"https:\/\/rosemvd.com\/?s={search_term_string}"},"query-input":{"@type":"PropertyValueSpecification","valueRequired":true,"valueName":"search_term_string"}}],"inLanguage":"es"},{"@type":"Organization","@id":"https:\/\/rosemvd.com\/#organization","name":"ROSE MVD","alternateName":"ROSE MVD","url":"https:\/\/rosemvd.com\/","logo":{"@type":"ImageObject","inLanguage":"es","@id":"https:\/\/rosemvd.com\/#\/schema\/logo\/image\/","url":"https:\/\/rosemvd.com\/wp-content\/uploads\/2023\/03\/Sin-titulo-2_Mesa-de-trabajo-1.png","contentUrl":"https:\/\/rosemvd.com\/wp-content\/uploads\/2023\/03\/Sin-titulo-2_Mesa-de-trabajo-1.png","width":2084,"height":2084,"caption":"ROSE MVD"},"image":{"@id":"https:\/\/rosemvd.com\/#\/schema\/logo\/image\/"},"sameAs":["https:\/\/www.facebook.com\/TiendaRoseMvd","https:\/\/www.instagram.com\/rose.mvd"]}]}},"_links":{"self":[{"href":"https:\/\/rosemvd.com\/index.php\/wp-json\/wp\/v2\/product\/17967","targetHints":{"allow":["GET"]}}],"collection":[{"href":"https:\/\/rosemvd.com\/index.php\/wp-json\/wp\/v2\/product"}],"about":[{"href":"https:\/\/rosemvd.com\/index.php\/wp-json\/wp\/v2\/types\/product"}],"wp:featuredmedia":[{"embeddable":true,"href":"https:\/\/rosemvd.com\/index.php\/wp-json\/wp\/v2\/media\/17975"}],"wp:attachment":[{"href":"https:\/\/rosemvd.com\/index.php\/wp-json\/wp\/v2\/media?parent=17967"}],"wp:term":[{"taxonomy":"product_brand","embeddable":true,"href":"https:\/\/rosemvd.com\/index.php\/wp-json\/wp\/v2\/product_brand?post=17967"},{"taxonomy":"product_cat","embeddable":true,"href":"https:\/\/rosemvd.com\/index.php\/wp-json\/wp\/v2\/product_cat?post=17967"},{"taxonomy":"product_tag","embeddable":true,"href":"https:\/\/rosemvd.com\/index.php\/wp-json\/wp\/v2\/product_tag?post=17967"}],"curies":[{"name":"wp","href":"https:\/\/api.w.org\/{rel}","templated":true}]}}