{"id":17297,"date":"2026-04-10T13:22:04","date_gmt":"2026-04-10T16:22:04","guid":{"rendered":"https:\/\/rosemvd.com\/?post_type=product&#038;p=17297"},"modified":"2026-04-10T13:27:20","modified_gmt":"2026-04-10T16:27:20","slug":"delineador-doble-punta-ojo-gato","status":"publish","type":"product","link":"https:\/\/rosemvd.com\/index.php\/producto\/delineador-doble-punta-ojo-gato\/","title":{"rendered":"Delineador Doble Punta Ojo Gato"},"content":{"rendered":"<div class=\"flex flex-col text-sm pb-25\">\n<section class=\"text-token-text-primary w-full focus:outline-none [--shadow-height:45px] has-data-writing-block:pointer-events-none has-data-writing-block:-mt-(--shadow-height) has-data-writing-block:pt-(--shadow-height) [&amp;:has([data-writing-block])&gt;*]:pointer-events-auto scroll-mt-[calc(var(--header-height)+min(200px,max(70px,20svh)))]\" dir=\"auto\" data-turn-id=\"request-69d529f3-74a8-83e9-8198-09ca0b697b06-10\" data-testid=\"conversation-turn-50\" data-scroll-anchor=\"true\" data-turn=\"assistant\">\n<div class=\"text-base my-auto mx-auto pb-10 [--thread-content-margin:var(--thread-content-margin-xs,calc(var(--spacing)*4))] @w-sm\/main:[--thread-content-margin:var(--thread-content-margin-sm,calc(var(--spacing)*6))] @w-lg\/main:[--thread-content-margin:var(--thread-content-margin-lg,calc(var(--spacing)*16))] px-(--thread-content-margin)\">\n<div class=\"[--thread-content-max-width:40rem] @w-lg\/main:[--thread-content-max-width:48rem] mx-auto max-w-(--thread-content-max-width) flex-1 group\/turn-messages focus-visible:outline-hidden relative flex w-full min-w-0 flex-col agent-turn\">\n<div class=\"flex max-w-full flex-col gap-4 grow\">\n<div class=\"min-h-8 text-message relative flex w-full flex-col items-end gap-2 text-start break-words whitespace-normal outline-none keyboard-focused:focus-ring [.text-message+&amp;]:mt-1\" dir=\"auto\" tabindex=\"0\" data-message-author-role=\"assistant\" data-message-id=\"329c50a1-e38d-42e2-8f66-92911be61e84\" data-message-model-slug=\"gpt-5-3\" data-turn-start-message=\"true\">\n<div class=\"flex w-full flex-col gap-1 empty:hidden\">\n<div class=\"markdown prose dark:prose-invert w-full wrap-break-word light markdown-new-styling\">\n<p data-start=\"0\" data-end=\"71\"><strong data-start=\"0\" data-end=\"71\">Delineador de Ojos Tipo Sello Doble Punta \u2013 Cat Eye F\u00e1cil y Preciso<\/strong><\/p>\n<p data-start=\"73\" data-end=\"287\">Logr\u00e1 un delineado perfecto en segundos con este delineador de doble punta. Cada extremo cuenta con un sello de forma diferente, ideal para crear estilos de cat eye de manera r\u00e1pida, sim\u00e9trica y sin complicaciones.<\/p>\n<p data-start=\"289\" data-end=\"501\">Su dise\u00f1o pr\u00e1ctico permite marcar la forma del delineado con el sello y luego perfeccionarlo f\u00e1cilmente. Es una excelente opci\u00f3n tanto para principiantes como para quienes buscan agilizar su rutina de maquillaje.<\/p>\n<p data-start=\"503\" data-end=\"581\">Disponible en color negro y marr\u00f3n, se adapta a distintos estilos y ocasiones.<\/p>\n<p data-start=\"583\" data-end=\"615\"><strong data-start=\"583\" data-end=\"615\">Caracter\u00edsticas principales:<\/strong><\/p>\n<ul data-start=\"616\" data-end=\"822\">\n<li data-section-id=\"1cl9gf2\" data-start=\"616\" data-end=\"670\">Doble punta con dos sellos diferentes para cat eye<\/li>\n<li data-section-id=\"1x07729\" data-start=\"671\" data-end=\"714\">Permite un delineado r\u00e1pido y sim\u00e9trico<\/li>\n<li data-section-id=\"1z0tkx9\" data-start=\"715\" data-end=\"758\">F\u00e1cil de usar, ideal para principiantes<\/li>\n<li data-section-id=\"13iu5sc\" data-start=\"759\" data-end=\"789\">Dise\u00f1o pr\u00e1ctico y port\u00e1til<\/li>\n<li data-section-id=\"1l50xlj\" data-start=\"790\" data-end=\"822\">Disponible en negro y marr\u00f3n<\/li>\n<\/ul>\n<p data-start=\"824\" data-end=\"839\"><strong data-start=\"824\" data-end=\"839\">Beneficios:<\/strong><\/p>\n<ul data-start=\"840\" data-end=\"982\">\n<li data-section-id=\"b9rpgi\" data-start=\"840\" data-end=\"874\">Ahorra tiempo en la aplicaci\u00f3n<\/li>\n<li data-section-id=\"1slq6g8\" data-start=\"875\" data-end=\"906\">Facilita un acabado prolijo<\/li>\n<li data-section-id=\"c14nu\" data-start=\"907\" data-end=\"946\">Permite variar estilos de delineado<\/li>\n<li data-section-id=\"1oywcf5\" data-start=\"947\" data-end=\"982\">Ideal para uso diario o eventos<\/li>\n<\/ul>\n<p data-start=\"984\" data-end=\"1118\"><strong data-start=\"984\" data-end=\"1000\">Modo de uso:<\/strong><br \/>\nAplicar el sello en el extremo del ojo para marcar la forma deseada y luego completar el delineado seg\u00fan preferencia.<\/p>\n<p data-start=\"1120\" data-end=\"1140\"><em><strong data-start=\"1120\" data-end=\"1140\">Recomendaciones:<\/strong><\/em><\/p>\n<ul data-start=\"1141\" data-end=\"1253\">\n<li data-section-id=\"lnoll0\" data-start=\"1141\" data-end=\"1172\"><em>Cerrar bien despu\u00e9s de usar<\/em><\/li>\n<li data-section-id=\"o4itcr\" data-start=\"1173\" data-end=\"1212\"><em>Conservar en un lugar fresco y seco<\/em><\/li>\n<li data-section-id=\"ni853n\" data-start=\"1213\" data-end=\"1253\"><em>Evitar contacto directo con los ojos<\/em><\/li>\n<\/ul>\n<p data-start=\"1255\" data-end=\"1344\" data-is-last-node=\"\" data-is-only-node=\"\">Una herramienta pr\u00e1ctica para lograr un delineado definido y profesional de forma simple.<\/p>\n<\/div>\n<\/div>\n<\/div>\n<\/div>\n<\/div>\n<\/div>\n<\/section>\n<\/div>\n","protected":false},"excerpt":{"rendered":"<p>Delineador de Ojos Tipo Sello Doble Punta \u2013 Cat Eye F\u00e1cil y Preciso Logr\u00e1 un delineado perfecto en segundos con este delineador de doble punta. Cada extremo cuenta con un sello de forma diferente, ideal para crear estilos de cat eye de manera r\u00e1pida, sim\u00e9trica y sin complicaciones. Su dise\u00f1o pr\u00e1ctico permite marcar la forma [&hellip;]<\/p>\n","protected":false},"featured_media":17304,"template":"","meta":{"site-sidebar-layout":"default","site-content-layout":"","ast-site-content-layout":"default","site-content-style":"default","site-sidebar-style":"default","ast-global-header-display":"","ast-banner-title-visibility":"","ast-main-header-display":"","ast-hfb-above-header-display":"","ast-hfb-below-header-display":"","ast-hfb-mobile-header-display":"","site-post-title":"","ast-breadcrumbs-content":"","ast-featured-img":"","footer-sml-layout":"","ast-disable-related-posts":"","theme-transparent-header-meta":"default","adv-header-id-meta":"","stick-header-meta":"","header-above-stick-meta":"","header-main-stick-meta":"","header-below-stick-meta":"","astra-migrate-meta-layouts":"set","ast-page-background-enabled":"default","ast-page-background-meta":{"desktop":{"background-color":"var(--ast-global-color-4)","background-image":"","background-repeat":"repeat","background-position":"center center","background-size":"auto","background-attachment":"scroll","background-type":"","background-media":"","overlay-type":"","overlay-color":"","overlay-opacity":"","overlay-gradient":""},"tablet":{"background-color":"","background-image":"","background-repeat":"repeat","background-position":"center center","background-size":"auto","background-attachment":"scroll","background-type":"","background-media":"","overlay-type":"","overlay-color":"","overlay-opacity":"","overlay-gradient":""},"mobile":{"background-color":"","background-image":"","background-repeat":"repeat","background-position":"center center","background-size":"auto","background-attachment":"scroll","background-type":"","background-media":"","overlay-type":"","overlay-color":"","overlay-opacity":"","overlay-gradient":""}},"ast-content-background-meta":{"desktop":{"background-color":"var(--ast-global-color-5)","background-image":"","background-repeat":"repeat","background-position":"center center","background-size":"auto","background-attachment":"scroll","background-type":"","background-media":"","overlay-type":"","overlay-color":"","overlay-opacity":"","overlay-gradient":""},"tablet":{"background-color":"var(--ast-global-color-5)","background-image":"","background-repeat":"repeat","background-position":"center center","background-size":"auto","background-attachment":"scroll","background-type":"","background-media":"","overlay-type":"","overlay-color":"","overlay-opacity":"","overlay-gradient":""},"mobile":{"background-color":"var(--ast-global-color-5)","background-image":"","background-repeat":"repeat","background-position":"center center","background-size":"auto","background-attachment":"scroll","background-type":"","background-media":"","overlay-type":"","overlay-color":"","overlay-opacity":"","overlay-gradient":""}}},"product_brand":[],"product_cat":[17,390],"product_tag":[],"class_list":{"0":"post-17297","1":"product","2":"type-product","3":"status-publish","4":"has-post-thumbnail","6":"product_cat-belleza","7":"product_cat-varios-belleza","8":"desktop-align-left","9":"tablet-align-left","10":"mobile-align-left","12":"first","13":"instock","14":"shipping-taxable","15":"purchasable","16":"product-type-variable"},"yoast_head":"<!-- This site is optimized with the Yoast SEO plugin v27.3 - https:\/\/yoast.com\/product\/yoast-seo-wordpress\/ -->\n<title>Delineador Doble Punta Ojo Gato - ROSE MVD<\/title>\n<meta name=\"description\" content=\"Logr\u00e1 un delineado prolijo y sim\u00e9trico en pocos segundos con este delineador de doble punta. Sello para crear delineado tipo cat eye f\u00e1cilmente\" \/>\n<meta name=\"robots\" content=\"index, follow, max-snippet:-1, max-image-preview:large, max-video-preview:-1\" \/>\n<link rel=\"canonical\" href=\"https:\/\/rosemvd.com\/index.php\/producto\/delineador-doble-punta-ojo-gato\/\" \/>\n<meta property=\"og:locale\" content=\"es_ES\" \/>\n<meta property=\"og:type\" content=\"article\" \/>\n<meta property=\"og:title\" content=\"Delineador Doble Punta Ojo Gato - ROSE MVD\" \/>\n<meta property=\"og:description\" content=\"Logr\u00e1 un delineado prolijo y sim\u00e9trico en pocos segundos con este delineador de doble punta. Sello para crear delineado tipo cat eye f\u00e1cilmente\" \/>\n<meta property=\"og:url\" content=\"https:\/\/rosemvd.com\/index.php\/producto\/delineador-doble-punta-ojo-gato\/\" \/>\n<meta property=\"og:site_name\" content=\"ROSE MVD\" \/>\n<meta property=\"article:publisher\" content=\"https:\/\/www.facebook.com\/TiendaRoseMvd\" \/>\n<meta property=\"article:modified_time\" content=\"2026-04-10T16:27:20+00:00\" \/>\n<meta property=\"og:image\" content=\"https:\/\/rosemvd.com\/wp-content\/uploads\/2026\/04\/D_NQ_NP_2X_771712-CBT102085174494_122025-F.webp\" \/>\n\t<meta property=\"og:image:width\" content=\"1200\" \/>\n\t<meta property=\"og:image:height\" content=\"1124\" \/>\n\t<meta property=\"og:image:type\" content=\"image\/webp\" \/>\n<meta name=\"twitter:card\" content=\"summary_large_image\" \/>\n<meta name=\"twitter:label1\" content=\"Tiempo de lectura\" \/>\n\t<meta name=\"twitter:data1\" content=\"2 minutos\" \/>\n<script type=\"application\/ld+json\" class=\"yoast-schema-graph\">{\"@context\":\"https:\\\/\\\/schema.org\",\"@graph\":[{\"@type\":\"WebPage\",\"@id\":\"https:\\\/\\\/rosemvd.com\\\/index.php\\\/producto\\\/delineador-doble-punta-ojo-gato\\\/\",\"url\":\"https:\\\/\\\/rosemvd.com\\\/index.php\\\/producto\\\/delineador-doble-punta-ojo-gato\\\/\",\"name\":\"Delineador Doble Punta Ojo Gato - ROSE MVD\",\"isPartOf\":{\"@id\":\"https:\\\/\\\/rosemvd.com\\\/#website\"},\"primaryImageOfPage\":{\"@id\":\"https:\\\/\\\/rosemvd.com\\\/index.php\\\/producto\\\/delineador-doble-punta-ojo-gato\\\/#primaryimage\"},\"image\":{\"@id\":\"https:\\\/\\\/rosemvd.com\\\/index.php\\\/producto\\\/delineador-doble-punta-ojo-gato\\\/#primaryimage\"},\"thumbnailUrl\":\"https:\\\/\\\/rosemvd.com\\\/wp-content\\\/uploads\\\/2026\\\/04\\\/D_NQ_NP_2X_771712-CBT102085174494_122025-F.webp\",\"datePublished\":\"2026-04-10T16:22:04+00:00\",\"dateModified\":\"2026-04-10T16:27:20+00:00\",\"description\":\"Logr\u00e1 un delineado prolijo y sim\u00e9trico en pocos segundos con este delineador de doble punta. Sello para crear delineado tipo cat eye f\u00e1cilmente\",\"breadcrumb\":{\"@id\":\"https:\\\/\\\/rosemvd.com\\\/index.php\\\/producto\\\/delineador-doble-punta-ojo-gato\\\/#breadcrumb\"},\"inLanguage\":\"es\",\"potentialAction\":[{\"@type\":\"ReadAction\",\"target\":[\"https:\\\/\\\/rosemvd.com\\\/index.php\\\/producto\\\/delineador-doble-punta-ojo-gato\\\/\"]}]},{\"@type\":\"ImageObject\",\"inLanguage\":\"es\",\"@id\":\"https:\\\/\\\/rosemvd.com\\\/index.php\\\/producto\\\/delineador-doble-punta-ojo-gato\\\/#primaryimage\",\"url\":\"https:\\\/\\\/rosemvd.com\\\/wp-content\\\/uploads\\\/2026\\\/04\\\/D_NQ_NP_2X_771712-CBT102085174494_122025-F.webp\",\"contentUrl\":\"https:\\\/\\\/rosemvd.com\\\/wp-content\\\/uploads\\\/2026\\\/04\\\/D_NQ_NP_2X_771712-CBT102085174494_122025-F.webp\",\"width\":1200,\"height\":1124},{\"@type\":\"BreadcrumbList\",\"@id\":\"https:\\\/\\\/rosemvd.com\\\/index.php\\\/producto\\\/delineador-doble-punta-ojo-gato\\\/#breadcrumb\",\"itemListElement\":[{\"@type\":\"ListItem\",\"position\":1,\"name\":\"Portada\",\"item\":\"https:\\\/\\\/rosemvd.com\\\/\"},{\"@type\":\"ListItem\",\"position\":2,\"name\":\"Tienda\",\"item\":\"https:\\\/\\\/rosemvd.com\\\/index.php\\\/tienda\\\/\"},{\"@type\":\"ListItem\",\"position\":3,\"name\":\"Delineador Doble Punta Ojo Gato\"}]},{\"@type\":\"WebSite\",\"@id\":\"https:\\\/\\\/rosemvd.com\\\/#website\",\"url\":\"https:\\\/\\\/rosemvd.com\\\/\",\"name\":\"ROSE MVD\",\"description\":\"Todo lo que buscas lo pod\u00e9s encontrar en rose mvd, especializados en traer todas las cosas nuevas en tendencia y accesorios diferentes y \u00fanicos.\",\"publisher\":{\"@id\":\"https:\\\/\\\/rosemvd.com\\\/#organization\"},\"potentialAction\":[{\"@type\":\"SearchAction\",\"target\":{\"@type\":\"EntryPoint\",\"urlTemplate\":\"https:\\\/\\\/rosemvd.com\\\/?s={search_term_string}\"},\"query-input\":{\"@type\":\"PropertyValueSpecification\",\"valueRequired\":true,\"valueName\":\"search_term_string\"}}],\"inLanguage\":\"es\"},{\"@type\":\"Organization\",\"@id\":\"https:\\\/\\\/rosemvd.com\\\/#organization\",\"name\":\"ROSE MVD\",\"alternateName\":\"ROSE MVD\",\"url\":\"https:\\\/\\\/rosemvd.com\\\/\",\"logo\":{\"@type\":\"ImageObject\",\"inLanguage\":\"es\",\"@id\":\"https:\\\/\\\/rosemvd.com\\\/#\\\/schema\\\/logo\\\/image\\\/\",\"url\":\"https:\\\/\\\/rosemvd.com\\\/wp-content\\\/uploads\\\/2023\\\/03\\\/Sin-titulo-2_Mesa-de-trabajo-1.png\",\"contentUrl\":\"https:\\\/\\\/rosemvd.com\\\/wp-content\\\/uploads\\\/2023\\\/03\\\/Sin-titulo-2_Mesa-de-trabajo-1.png\",\"width\":2084,\"height\":2084,\"caption\":\"ROSE MVD\"},\"image\":{\"@id\":\"https:\\\/\\\/rosemvd.com\\\/#\\\/schema\\\/logo\\\/image\\\/\"},\"sameAs\":[\"https:\\\/\\\/www.facebook.com\\\/TiendaRoseMvd\",\"https:\\\/\\\/www.instagram.com\\\/rose.mvd\"]}]}<\/script>\n<!-- \/ Yoast SEO plugin. -->","yoast_head_json":{"title":"Delineador Doble Punta Ojo Gato - ROSE MVD","description":"Logr\u00e1 un delineado prolijo y sim\u00e9trico en pocos segundos con este delineador de doble punta. Sello para crear delineado tipo cat eye f\u00e1cilmente","robots":{"index":"index","follow":"follow","max-snippet":"max-snippet:-1","max-image-preview":"max-image-preview:large","max-video-preview":"max-video-preview:-1"},"canonical":"https:\/\/rosemvd.com\/index.php\/producto\/delineador-doble-punta-ojo-gato\/","og_locale":"es_ES","og_type":"article","og_title":"Delineador Doble Punta Ojo Gato - ROSE MVD","og_description":"Logr\u00e1 un delineado prolijo y sim\u00e9trico en pocos segundos con este delineador de doble punta. Sello para crear delineado tipo cat eye f\u00e1cilmente","og_url":"https:\/\/rosemvd.com\/index.php\/producto\/delineador-doble-punta-ojo-gato\/","og_site_name":"ROSE MVD","article_publisher":"https:\/\/www.facebook.com\/TiendaRoseMvd","article_modified_time":"2026-04-10T16:27:20+00:00","og_image":[{"width":1200,"height":1124,"url":"https:\/\/rosemvd.com\/wp-content\/uploads\/2026\/04\/D_NQ_NP_2X_771712-CBT102085174494_122025-F.webp","type":"image\/webp"}],"twitter_card":"summary_large_image","twitter_misc":{"Tiempo de lectura":"2 minutos"},"schema":{"@context":"https:\/\/schema.org","@graph":[{"@type":"WebPage","@id":"https:\/\/rosemvd.com\/index.php\/producto\/delineador-doble-punta-ojo-gato\/","url":"https:\/\/rosemvd.com\/index.php\/producto\/delineador-doble-punta-ojo-gato\/","name":"Delineador Doble Punta Ojo Gato - ROSE MVD","isPartOf":{"@id":"https:\/\/rosemvd.com\/#website"},"primaryImageOfPage":{"@id":"https:\/\/rosemvd.com\/index.php\/producto\/delineador-doble-punta-ojo-gato\/#primaryimage"},"image":{"@id":"https:\/\/rosemvd.com\/index.php\/producto\/delineador-doble-punta-ojo-gato\/#primaryimage"},"thumbnailUrl":"https:\/\/rosemvd.com\/wp-content\/uploads\/2026\/04\/D_NQ_NP_2X_771712-CBT102085174494_122025-F.webp","datePublished":"2026-04-10T16:22:04+00:00","dateModified":"2026-04-10T16:27:20+00:00","description":"Logr\u00e1 un delineado prolijo y sim\u00e9trico en pocos segundos con este delineador de doble punta. Sello para crear delineado tipo cat eye f\u00e1cilmente","breadcrumb":{"@id":"https:\/\/rosemvd.com\/index.php\/producto\/delineador-doble-punta-ojo-gato\/#breadcrumb"},"inLanguage":"es","potentialAction":[{"@type":"ReadAction","target":["https:\/\/rosemvd.com\/index.php\/producto\/delineador-doble-punta-ojo-gato\/"]}]},{"@type":"ImageObject","inLanguage":"es","@id":"https:\/\/rosemvd.com\/index.php\/producto\/delineador-doble-punta-ojo-gato\/#primaryimage","url":"https:\/\/rosemvd.com\/wp-content\/uploads\/2026\/04\/D_NQ_NP_2X_771712-CBT102085174494_122025-F.webp","contentUrl":"https:\/\/rosemvd.com\/wp-content\/uploads\/2026\/04\/D_NQ_NP_2X_771712-CBT102085174494_122025-F.webp","width":1200,"height":1124},{"@type":"BreadcrumbList","@id":"https:\/\/rosemvd.com\/index.php\/producto\/delineador-doble-punta-ojo-gato\/#breadcrumb","itemListElement":[{"@type":"ListItem","position":1,"name":"Portada","item":"https:\/\/rosemvd.com\/"},{"@type":"ListItem","position":2,"name":"Tienda","item":"https:\/\/rosemvd.com\/index.php\/tienda\/"},{"@type":"ListItem","position":3,"name":"Delineador Doble Punta Ojo Gato"}]},{"@type":"WebSite","@id":"https:\/\/rosemvd.com\/#website","url":"https:\/\/rosemvd.com\/","name":"ROSE MVD","description":"Todo lo que buscas lo pod\u00e9s encontrar en rose mvd, especializados en traer todas las cosas nuevas en tendencia y accesorios diferentes y \u00fanicos.","publisher":{"@id":"https:\/\/rosemvd.com\/#organization"},"potentialAction":[{"@type":"SearchAction","target":{"@type":"EntryPoint","urlTemplate":"https:\/\/rosemvd.com\/?s={search_term_string}"},"query-input":{"@type":"PropertyValueSpecification","valueRequired":true,"valueName":"search_term_string"}}],"inLanguage":"es"},{"@type":"Organization","@id":"https:\/\/rosemvd.com\/#organization","name":"ROSE MVD","alternateName":"ROSE MVD","url":"https:\/\/rosemvd.com\/","logo":{"@type":"ImageObject","inLanguage":"es","@id":"https:\/\/rosemvd.com\/#\/schema\/logo\/image\/","url":"https:\/\/rosemvd.com\/wp-content\/uploads\/2023\/03\/Sin-titulo-2_Mesa-de-trabajo-1.png","contentUrl":"https:\/\/rosemvd.com\/wp-content\/uploads\/2023\/03\/Sin-titulo-2_Mesa-de-trabajo-1.png","width":2084,"height":2084,"caption":"ROSE MVD"},"image":{"@id":"https:\/\/rosemvd.com\/#\/schema\/logo\/image\/"},"sameAs":["https:\/\/www.facebook.com\/TiendaRoseMvd","https:\/\/www.instagram.com\/rose.mvd"]}]}},"_links":{"self":[{"href":"https:\/\/rosemvd.com\/index.php\/wp-json\/wp\/v2\/product\/17297","targetHints":{"allow":["GET"]}}],"collection":[{"href":"https:\/\/rosemvd.com\/index.php\/wp-json\/wp\/v2\/product"}],"about":[{"href":"https:\/\/rosemvd.com\/index.php\/wp-json\/wp\/v2\/types\/product"}],"wp:featuredmedia":[{"embeddable":true,"href":"https:\/\/rosemvd.com\/index.php\/wp-json\/wp\/v2\/media\/17304"}],"wp:attachment":[{"href":"https:\/\/rosemvd.com\/index.php\/wp-json\/wp\/v2\/media?parent=17297"}],"wp:term":[{"taxonomy":"product_brand","embeddable":true,"href":"https:\/\/rosemvd.com\/index.php\/wp-json\/wp\/v2\/product_brand?post=17297"},{"taxonomy":"product_cat","embeddable":true,"href":"https:\/\/rosemvd.com\/index.php\/wp-json\/wp\/v2\/product_cat?post=17297"},{"taxonomy":"product_tag","embeddable":true,"href":"https:\/\/rosemvd.com\/index.php\/wp-json\/wp\/v2\/product_tag?post=17297"}],"curies":[{"name":"wp","href":"https:\/\/api.w.org\/{rel}","templated":true}]}}