{"id":16892,"date":"2026-03-24T10:33:24","date_gmt":"2026-03-24T13:33:24","guid":{"rendered":"https:\/\/rosemvd.com\/?post_type=product&#038;p=16892"},"modified":"2026-04-20T10:43:43","modified_gmt":"2026-04-20T13:43:43","slug":"collar-capsula-con-3-mini-dijes","status":"publish","type":"product","link":"https:\/\/rosemvd.com\/index.php\/producto\/collar-capsula-con-3-mini-dijes\/","title":{"rendered":"Collar C\u00e1psula Con 3 Mini Dijes"},"content":{"rendered":"<p data-start=\"112\" data-end=\"305\">Collar C\u00e1psula Con 3 Mini Dijes, Un accesorio \u00fanico y significativo. Este collar de 50 cm cuenta con un elegante dije tipo c\u00e1psula donde puedes guardar hasta 4 mini dijes a elecci\u00f3n, creando una pieza personalizada y especial.<\/p>\n<p data-start=\"307\" data-end=\"338\"><strong data-start=\"307\" data-end=\"338\">Caracter\u00edsticas principales<\/strong><\/p>\n<ul data-start=\"339\" data-end=\"455\">\n<li data-section-id=\"jyeq1a\" data-start=\"339\" data-end=\"355\">Largo: 50 cm<\/li>\n<li data-section-id=\"e6b3ha\" data-start=\"356\" data-end=\"388\">Material: chapado en oro 14K<\/li>\n<li data-section-id=\"1kyui9z\" data-start=\"389\" data-end=\"423\">Dije tipo c\u00e1psula con apertura<\/li>\n<li data-section-id=\"1kyui9z\" data-start=\"389\" data-end=\"423\">\u00a03 mini dijes a elecci\u00f3n<\/li>\n<\/ul>\n<p data-start=\"457\" data-end=\"601\"><strong data-start=\"457\" data-end=\"481\">Dise\u00f1o personalizado<\/strong><br data-start=\"481\" data-end=\"484\" \/>Permite crear una joya con significado, ideal para llevar recuerdos, s\u00edmbolos o detalles importantes siempre contigo.<\/p>\n<p data-start=\"603\" data-end=\"713\"><strong data-start=\"603\" data-end=\"624\">Ideal para regalo<\/strong><br data-start=\"624\" data-end=\"627\" \/>Perfecto para ocasiones especiales como cumplea\u00f1os, aniversarios o fechas importantes.<\/p>\n","protected":false},"excerpt":{"rendered":"<p>Collar C\u00e1psula Con 3 Mini Dijes, Un accesorio \u00fanico y significativo. Este collar de 50 cm cuenta con un elegante dije tipo c\u00e1psula donde puedes guardar hasta 4 mini dijes a elecci\u00f3n, creando una pieza personalizada y especial. Caracter\u00edsticas principales Largo: 50 cm Material: chapado en oro 14K Dije tipo c\u00e1psula con apertura \u00a03 mini [&hellip;]<\/p>\n","protected":false},"featured_media":16877,"template":"","meta":{"site-sidebar-layout":"default","site-content-layout":"","ast-site-content-layout":"default","site-content-style":"default","site-sidebar-style":"default","ast-global-header-display":"","ast-banner-title-visibility":"","ast-main-header-display":"","ast-hfb-above-header-display":"","ast-hfb-below-header-display":"","ast-hfb-mobile-header-display":"","site-post-title":"","ast-breadcrumbs-content":"","ast-featured-img":"","footer-sml-layout":"","ast-disable-related-posts":"","theme-transparent-header-meta":"default","adv-header-id-meta":"","stick-header-meta":"","header-above-stick-meta":"","header-main-stick-meta":"","header-below-stick-meta":"","astra-migrate-meta-layouts":"set","ast-page-background-enabled":"default","ast-page-background-meta":{"desktop":{"background-color":"var(--ast-global-color-4)","background-image":"","background-repeat":"repeat","background-position":"center center","background-size":"auto","background-attachment":"scroll","background-type":"","background-media":"","overlay-type":"","overlay-color":"","overlay-opacity":"","overlay-gradient":""},"tablet":{"background-color":"","background-image":"","background-repeat":"repeat","background-position":"center center","background-size":"auto","background-attachment":"scroll","background-type":"","background-media":"","overlay-type":"","overlay-color":"","overlay-opacity":"","overlay-gradient":""},"mobile":{"background-color":"","background-image":"","background-repeat":"repeat","background-position":"center center","background-size":"auto","background-attachment":"scroll","background-type":"","background-media":"","overlay-type":"","overlay-color":"","overlay-opacity":"","overlay-gradient":""}},"ast-content-background-meta":{"desktop":{"background-color":"var(--ast-global-color-5)","background-image":"","background-repeat":"repeat","background-position":"center center","background-size":"auto","background-attachment":"scroll","background-type":"","background-media":"","overlay-type":"","overlay-color":"","overlay-opacity":"","overlay-gradient":""},"tablet":{"background-color":"var(--ast-global-color-5)","background-image":"","background-repeat":"repeat","background-position":"center center","background-size":"auto","background-attachment":"scroll","background-type":"","background-media":"","overlay-type":"","overlay-color":"","overlay-opacity":"","overlay-gradient":""},"mobile":{"background-color":"var(--ast-global-color-5)","background-image":"","background-repeat":"repeat","background-position":"center center","background-size":"auto","background-attachment":"scroll","background-type":"","background-media":"","overlay-type":"","overlay-color":"","overlay-opacity":"","overlay-gradient":""}}},"product_brand":[],"product_cat":[184,185,445],"product_tag":[],"class_list":{"0":"post-16892","1":"product","2":"type-product","3":"status-publish","4":"has-post-thumbnail","6":"product_cat-collares","7":"product_cat-collares-collares-varios","8":"product_cat-joyeria","9":"desktop-align-left","10":"tablet-align-left","11":"mobile-align-left","13":"first","14":"instock","15":"shipping-taxable","16":"purchasable","17":"product-type-variable"},"yoast_head":"<!-- This site is optimized with the Yoast SEO plugin v27.3 - https:\/\/yoast.com\/product\/yoast-seo-wordpress\/ -->\n<title>Collar C\u00e1psula Con 3 Mini Dijes - ROSE MVD<\/title>\n<meta name=\"description\" content=\"Un accesorio \u00fanico y significativo. Collar con dije tipo c\u00e1psula donde puedes guardar mini dijes a elecci\u00f3n, creando una pieza personalizada y especial\" \/>\n<meta name=\"robots\" content=\"index, follow, max-snippet:-1, max-image-preview:large, max-video-preview:-1\" \/>\n<link rel=\"canonical\" href=\"https:\/\/rosemvd.com\/index.php\/producto\/collar-capsula-con-3-mini-dijes\/\" \/>\n<meta property=\"og:locale\" content=\"es_ES\" \/>\n<meta property=\"og:type\" content=\"article\" \/>\n<meta property=\"og:title\" content=\"Collar C\u00e1psula Con 3 Mini Dijes - ROSE MVD\" \/>\n<meta property=\"og:description\" content=\"Un accesorio \u00fanico y significativo. Collar con dije tipo c\u00e1psula donde puedes guardar mini dijes a elecci\u00f3n, creando una pieza personalizada y especial\" \/>\n<meta property=\"og:url\" content=\"https:\/\/rosemvd.com\/index.php\/producto\/collar-capsula-con-3-mini-dijes\/\" \/>\n<meta property=\"og:site_name\" content=\"ROSE MVD\" \/>\n<meta property=\"article:publisher\" content=\"https:\/\/www.facebook.com\/TiendaRoseMvd\" \/>\n<meta property=\"article:modified_time\" content=\"2026-04-20T13:43:43+00:00\" \/>\n<meta property=\"og:image\" content=\"https:\/\/rosemvd.com\/wp-content\/uploads\/2026\/03\/WhatsApp-Image-2026-03-18-at-11.04.48-AM.jpeg\" \/>\n\t<meta property=\"og:image:width\" content=\"1920\" \/>\n\t<meta property=\"og:image:height\" content=\"1920\" \/>\n\t<meta property=\"og:image:type\" content=\"image\/jpeg\" \/>\n<meta name=\"twitter:card\" content=\"summary_large_image\" \/>\n<meta name=\"twitter:label1\" content=\"Tiempo de lectura\" \/>\n\t<meta name=\"twitter:data1\" content=\"1 minuto\" \/>\n<script type=\"application\/ld+json\" class=\"yoast-schema-graph\">{\"@context\":\"https:\\\/\\\/schema.org\",\"@graph\":[{\"@type\":\"WebPage\",\"@id\":\"https:\\\/\\\/rosemvd.com\\\/index.php\\\/producto\\\/collar-capsula-con-3-mini-dijes\\\/\",\"url\":\"https:\\\/\\\/rosemvd.com\\\/index.php\\\/producto\\\/collar-capsula-con-3-mini-dijes\\\/\",\"name\":\"Collar C\u00e1psula Con 3 Mini Dijes - ROSE MVD\",\"isPartOf\":{\"@id\":\"https:\\\/\\\/rosemvd.com\\\/#website\"},\"primaryImageOfPage\":{\"@id\":\"https:\\\/\\\/rosemvd.com\\\/index.php\\\/producto\\\/collar-capsula-con-3-mini-dijes\\\/#primaryimage\"},\"image\":{\"@id\":\"https:\\\/\\\/rosemvd.com\\\/index.php\\\/producto\\\/collar-capsula-con-3-mini-dijes\\\/#primaryimage\"},\"thumbnailUrl\":\"https:\\\/\\\/rosemvd.com\\\/wp-content\\\/uploads\\\/2026\\\/03\\\/WhatsApp-Image-2026-03-18-at-11.04.48-AM.jpeg\",\"datePublished\":\"2026-03-24T13:33:24+00:00\",\"dateModified\":\"2026-04-20T13:43:43+00:00\",\"description\":\"Un accesorio \u00fanico y significativo. Collar con dije tipo c\u00e1psula donde puedes guardar mini dijes a elecci\u00f3n, creando una pieza personalizada y especial\",\"breadcrumb\":{\"@id\":\"https:\\\/\\\/rosemvd.com\\\/index.php\\\/producto\\\/collar-capsula-con-3-mini-dijes\\\/#breadcrumb\"},\"inLanguage\":\"es\",\"potentialAction\":[{\"@type\":\"ReadAction\",\"target\":[\"https:\\\/\\\/rosemvd.com\\\/index.php\\\/producto\\\/collar-capsula-con-3-mini-dijes\\\/\"]}]},{\"@type\":\"ImageObject\",\"inLanguage\":\"es\",\"@id\":\"https:\\\/\\\/rosemvd.com\\\/index.php\\\/producto\\\/collar-capsula-con-3-mini-dijes\\\/#primaryimage\",\"url\":\"https:\\\/\\\/rosemvd.com\\\/wp-content\\\/uploads\\\/2026\\\/03\\\/WhatsApp-Image-2026-03-18-at-11.04.48-AM.jpeg\",\"contentUrl\":\"https:\\\/\\\/rosemvd.com\\\/wp-content\\\/uploads\\\/2026\\\/03\\\/WhatsApp-Image-2026-03-18-at-11.04.48-AM.jpeg\",\"width\":1920,\"height\":1920},{\"@type\":\"BreadcrumbList\",\"@id\":\"https:\\\/\\\/rosemvd.com\\\/index.php\\\/producto\\\/collar-capsula-con-3-mini-dijes\\\/#breadcrumb\",\"itemListElement\":[{\"@type\":\"ListItem\",\"position\":1,\"name\":\"Portada\",\"item\":\"https:\\\/\\\/rosemvd.com\\\/\"},{\"@type\":\"ListItem\",\"position\":2,\"name\":\"Tienda\",\"item\":\"https:\\\/\\\/rosemvd.com\\\/index.php\\\/tienda\\\/\"},{\"@type\":\"ListItem\",\"position\":3,\"name\":\"Collar C\u00e1psula Con 3 Mini Dijes\"}]},{\"@type\":\"WebSite\",\"@id\":\"https:\\\/\\\/rosemvd.com\\\/#website\",\"url\":\"https:\\\/\\\/rosemvd.com\\\/\",\"name\":\"ROSE MVD\",\"description\":\"Todo lo que no sab\u00edas que necesitabas, lo \u00faltimo en tendencia, utilidad e innovaci\u00f3n\",\"publisher\":{\"@id\":\"https:\\\/\\\/rosemvd.com\\\/#organization\"},\"potentialAction\":[{\"@type\":\"SearchAction\",\"target\":{\"@type\":\"EntryPoint\",\"urlTemplate\":\"https:\\\/\\\/rosemvd.com\\\/?s={search_term_string}\"},\"query-input\":{\"@type\":\"PropertyValueSpecification\",\"valueRequired\":true,\"valueName\":\"search_term_string\"}}],\"inLanguage\":\"es\"},{\"@type\":\"Organization\",\"@id\":\"https:\\\/\\\/rosemvd.com\\\/#organization\",\"name\":\"ROSE MVD\",\"alternateName\":\"ROSE MVD\",\"url\":\"https:\\\/\\\/rosemvd.com\\\/\",\"logo\":{\"@type\":\"ImageObject\",\"inLanguage\":\"es\",\"@id\":\"https:\\\/\\\/rosemvd.com\\\/#\\\/schema\\\/logo\\\/image\\\/\",\"url\":\"https:\\\/\\\/rosemvd.com\\\/wp-content\\\/uploads\\\/2023\\\/03\\\/Sin-titulo-2_Mesa-de-trabajo-1.png\",\"contentUrl\":\"https:\\\/\\\/rosemvd.com\\\/wp-content\\\/uploads\\\/2023\\\/03\\\/Sin-titulo-2_Mesa-de-trabajo-1.png\",\"width\":2084,\"height\":2084,\"caption\":\"ROSE MVD\"},\"image\":{\"@id\":\"https:\\\/\\\/rosemvd.com\\\/#\\\/schema\\\/logo\\\/image\\\/\"},\"sameAs\":[\"https:\\\/\\\/www.facebook.com\\\/TiendaRoseMvd\",\"https:\\\/\\\/www.instagram.com\\\/rose.mvd\"]}]}<\/script>\n<!-- \/ Yoast SEO plugin. -->","yoast_head_json":{"title":"Collar C\u00e1psula Con 3 Mini Dijes - ROSE MVD","description":"Un accesorio \u00fanico y significativo. Collar con dije tipo c\u00e1psula donde puedes guardar mini dijes a elecci\u00f3n, creando una pieza personalizada y especial","robots":{"index":"index","follow":"follow","max-snippet":"max-snippet:-1","max-image-preview":"max-image-preview:large","max-video-preview":"max-video-preview:-1"},"canonical":"https:\/\/rosemvd.com\/index.php\/producto\/collar-capsula-con-3-mini-dijes\/","og_locale":"es_ES","og_type":"article","og_title":"Collar C\u00e1psula Con 3 Mini Dijes - ROSE MVD","og_description":"Un accesorio \u00fanico y significativo. Collar con dije tipo c\u00e1psula donde puedes guardar mini dijes a elecci\u00f3n, creando una pieza personalizada y especial","og_url":"https:\/\/rosemvd.com\/index.php\/producto\/collar-capsula-con-3-mini-dijes\/","og_site_name":"ROSE MVD","article_publisher":"https:\/\/www.facebook.com\/TiendaRoseMvd","article_modified_time":"2026-04-20T13:43:43+00:00","og_image":[{"width":1920,"height":1920,"url":"https:\/\/rosemvd.com\/wp-content\/uploads\/2026\/03\/WhatsApp-Image-2026-03-18-at-11.04.48-AM.jpeg","type":"image\/jpeg"}],"twitter_card":"summary_large_image","twitter_misc":{"Tiempo de lectura":"1 minuto"},"schema":{"@context":"https:\/\/schema.org","@graph":[{"@type":"WebPage","@id":"https:\/\/rosemvd.com\/index.php\/producto\/collar-capsula-con-3-mini-dijes\/","url":"https:\/\/rosemvd.com\/index.php\/producto\/collar-capsula-con-3-mini-dijes\/","name":"Collar C\u00e1psula Con 3 Mini Dijes - ROSE MVD","isPartOf":{"@id":"https:\/\/rosemvd.com\/#website"},"primaryImageOfPage":{"@id":"https:\/\/rosemvd.com\/index.php\/producto\/collar-capsula-con-3-mini-dijes\/#primaryimage"},"image":{"@id":"https:\/\/rosemvd.com\/index.php\/producto\/collar-capsula-con-3-mini-dijes\/#primaryimage"},"thumbnailUrl":"https:\/\/rosemvd.com\/wp-content\/uploads\/2026\/03\/WhatsApp-Image-2026-03-18-at-11.04.48-AM.jpeg","datePublished":"2026-03-24T13:33:24+00:00","dateModified":"2026-04-20T13:43:43+00:00","description":"Un accesorio \u00fanico y significativo. Collar con dije tipo c\u00e1psula donde puedes guardar mini dijes a elecci\u00f3n, creando una pieza personalizada y especial","breadcrumb":{"@id":"https:\/\/rosemvd.com\/index.php\/producto\/collar-capsula-con-3-mini-dijes\/#breadcrumb"},"inLanguage":"es","potentialAction":[{"@type":"ReadAction","target":["https:\/\/rosemvd.com\/index.php\/producto\/collar-capsula-con-3-mini-dijes\/"]}]},{"@type":"ImageObject","inLanguage":"es","@id":"https:\/\/rosemvd.com\/index.php\/producto\/collar-capsula-con-3-mini-dijes\/#primaryimage","url":"https:\/\/rosemvd.com\/wp-content\/uploads\/2026\/03\/WhatsApp-Image-2026-03-18-at-11.04.48-AM.jpeg","contentUrl":"https:\/\/rosemvd.com\/wp-content\/uploads\/2026\/03\/WhatsApp-Image-2026-03-18-at-11.04.48-AM.jpeg","width":1920,"height":1920},{"@type":"BreadcrumbList","@id":"https:\/\/rosemvd.com\/index.php\/producto\/collar-capsula-con-3-mini-dijes\/#breadcrumb","itemListElement":[{"@type":"ListItem","position":1,"name":"Portada","item":"https:\/\/rosemvd.com\/"},{"@type":"ListItem","position":2,"name":"Tienda","item":"https:\/\/rosemvd.com\/index.php\/tienda\/"},{"@type":"ListItem","position":3,"name":"Collar C\u00e1psula Con 3 Mini Dijes"}]},{"@type":"WebSite","@id":"https:\/\/rosemvd.com\/#website","url":"https:\/\/rosemvd.com\/","name":"ROSE MVD","description":"Todo lo que no sab\u00edas que necesitabas, lo \u00faltimo en tendencia, utilidad e innovaci\u00f3n","publisher":{"@id":"https:\/\/rosemvd.com\/#organization"},"potentialAction":[{"@type":"SearchAction","target":{"@type":"EntryPoint","urlTemplate":"https:\/\/rosemvd.com\/?s={search_term_string}"},"query-input":{"@type":"PropertyValueSpecification","valueRequired":true,"valueName":"search_term_string"}}],"inLanguage":"es"},{"@type":"Organization","@id":"https:\/\/rosemvd.com\/#organization","name":"ROSE MVD","alternateName":"ROSE MVD","url":"https:\/\/rosemvd.com\/","logo":{"@type":"ImageObject","inLanguage":"es","@id":"https:\/\/rosemvd.com\/#\/schema\/logo\/image\/","url":"https:\/\/rosemvd.com\/wp-content\/uploads\/2023\/03\/Sin-titulo-2_Mesa-de-trabajo-1.png","contentUrl":"https:\/\/rosemvd.com\/wp-content\/uploads\/2023\/03\/Sin-titulo-2_Mesa-de-trabajo-1.png","width":2084,"height":2084,"caption":"ROSE MVD"},"image":{"@id":"https:\/\/rosemvd.com\/#\/schema\/logo\/image\/"},"sameAs":["https:\/\/www.facebook.com\/TiendaRoseMvd","https:\/\/www.instagram.com\/rose.mvd"]}]}},"_links":{"self":[{"href":"https:\/\/rosemvd.com\/index.php\/wp-json\/wp\/v2\/product\/16892","targetHints":{"allow":["GET"]}}],"collection":[{"href":"https:\/\/rosemvd.com\/index.php\/wp-json\/wp\/v2\/product"}],"about":[{"href":"https:\/\/rosemvd.com\/index.php\/wp-json\/wp\/v2\/types\/product"}],"wp:featuredmedia":[{"embeddable":true,"href":"https:\/\/rosemvd.com\/index.php\/wp-json\/wp\/v2\/media\/16877"}],"wp:attachment":[{"href":"https:\/\/rosemvd.com\/index.php\/wp-json\/wp\/v2\/media?parent=16892"}],"wp:term":[{"taxonomy":"product_brand","embeddable":true,"href":"https:\/\/rosemvd.com\/index.php\/wp-json\/wp\/v2\/product_brand?post=16892"},{"taxonomy":"product_cat","embeddable":true,"href":"https:\/\/rosemvd.com\/index.php\/wp-json\/wp\/v2\/product_cat?post=16892"},{"taxonomy":"product_tag","embeddable":true,"href":"https:\/\/rosemvd.com\/index.php\/wp-json\/wp\/v2\/product_tag?post=16892"}],"curies":[{"name":"wp","href":"https:\/\/api.w.org\/{rel}","templated":true}]}}