{"id":16109,"date":"2026-01-28T09:52:16","date_gmt":"2026-01-28T12:52:16","guid":{"rendered":"https:\/\/rosemvd.com\/?post_type=product&#038;p=16109"},"modified":"2026-04-22T13:38:45","modified_gmt":"2026-04-22T16:38:45","slug":"brujula-sharpsurvival-anticuada-que-brilla-en-la-oscuridad","status":"publish","type":"product","link":"https:\/\/rosemvd.com\/index.php\/producto\/brujula-sharpsurvival-anticuada-que-brilla-en-la-oscuridad\/","title":{"rendered":"Br\u00fajula Sharpsurvival Anticuada que Brilla en la Oscuridad"},"content":{"rendered":"<h5 data-start=\"101\" data-end=\"163\">Br\u00fajula Sharpsurvival Anticuada que Brilla en la Oscuridad<\/h5>\n<p data-start=\"165\" data-end=\"455\">Explora con confianza usando la <strong data-start=\"197\" data-end=\"242\">Br\u00fajula Sharpsurvival de estilo anticuado<\/strong>, un instrumento de orientaci\u00f3n cl\u00e1sico que combina <strong data-start=\"294\" data-end=\"312\">dise\u00f1o vintage<\/strong> con funcionalidad moderna. Ideal para actividades al aire libre como <strong data-start=\"382\" data-end=\"454\">senderismo, camping, supervivencia, excursiones y aventuras t\u00e1cticas<\/strong>.<\/p>\n<p data-start=\"457\" data-end=\"753\">Cuenta con <strong data-start=\"468\" data-end=\"516\">marcas luminosas que brillan en la oscuridad<\/strong>, permitiendo una lectura clara incluso en condiciones de poca luz o durante la noche. Su construcci\u00f3n resistente la hace confiable para uso rudo, mientras que su est\u00e9tica cl\u00e1sica la convierte tambi\u00e9n en una excelente pieza de colecci\u00f3n.<\/p>\n<p data-start=\"755\" data-end=\"876\">Compacta y f\u00e1cil de transportar, es perfecta tanto para exploradores experimentados como para entusiastas de la aventura.<\/p>\n<p data-start=\"878\" data-end=\"910\"><strong data-start=\"878\" data-end=\"910\">Caracter\u00edsticas principales:<\/strong><\/p>\n<ul data-start=\"911\" data-end=\"1150\">\n<li data-start=\"911\" data-end=\"952\">\n<p data-start=\"913\" data-end=\"952\">Br\u00fajula de estilo anticuado \/ vintage<\/p>\n<\/li>\n<li data-start=\"953\" data-end=\"1001\">\n<p data-start=\"955\" data-end=\"1001\">Marcas luminosas que brillan en la oscuridad<\/p>\n<\/li>\n<li data-start=\"1002\" data-end=\"1052\">\n<p data-start=\"1004\" data-end=\"1052\">Ideal para camping, senderismo y supervivencia<\/p>\n<\/li>\n<li data-start=\"1053\" data-end=\"1085\">\n<p data-start=\"1055\" data-end=\"1085\">Dise\u00f1o resistente y duradero<\/p>\n<\/li>\n<li data-start=\"1086\" data-end=\"1109\">\n<p data-start=\"1088\" data-end=\"1109\">Compacta y port\u00e1til<\/p>\n<\/li>\n<li data-start=\"1110\" data-end=\"1150\">\n<p data-start=\"1112\" data-end=\"1150\">Precisi\u00f3n confiable para orientaci\u00f3n<\/p>\n<\/li>\n<\/ul>\n<p data-start=\"1152\" data-end=\"1258\">Una herramienta esencial para quienes buscan <strong data-start=\"1197\" data-end=\"1240\">orientaci\u00f3n segura con un toque cl\u00e1sico<\/strong> en cada aventura.<\/p>\n","protected":false},"excerpt":{"rendered":"<p>Br\u00fajula Sharpsurvival Anticuada que Brilla en la Oscuridad Explora con confianza usando la Br\u00fajula Sharpsurvival de estilo anticuado, un instrumento de orientaci\u00f3n cl\u00e1sico que combina dise\u00f1o vintage con funcionalidad moderna. Ideal para actividades al aire libre como senderismo, camping, supervivencia, excursiones y aventuras t\u00e1cticas. Cuenta con marcas luminosas que brillan en la oscuridad, permitiendo una [&hellip;]<\/p>\n","protected":false},"featured_media":16110,"template":"","meta":{"site-sidebar-layout":"default","site-content-layout":"","ast-site-content-layout":"default","site-content-style":"default","site-sidebar-style":"default","ast-global-header-display":"","ast-banner-title-visibility":"","ast-main-header-display":"","ast-hfb-above-header-display":"","ast-hfb-below-header-display":"","ast-hfb-mobile-header-display":"","site-post-title":"","ast-breadcrumbs-content":"","ast-featured-img":"","footer-sml-layout":"","ast-disable-related-posts":"","theme-transparent-header-meta":"default","adv-header-id-meta":"","stick-header-meta":"","header-above-stick-meta":"","header-main-stick-meta":"","header-below-stick-meta":"","astra-migrate-meta-layouts":"set","ast-page-background-enabled":"default","ast-page-background-meta":{"desktop":{"background-color":"var(--ast-global-color-4)","background-image":"","background-repeat":"repeat","background-position":"center center","background-size":"auto","background-attachment":"scroll","background-type":"","background-media":"","overlay-type":"","overlay-color":"","overlay-opacity":"","overlay-gradient":""},"tablet":{"background-color":"","background-image":"","background-repeat":"repeat","background-position":"center center","background-size":"auto","background-attachment":"scroll","background-type":"","background-media":"","overlay-type":"","overlay-color":"","overlay-opacity":"","overlay-gradient":""},"mobile":{"background-color":"","background-image":"","background-repeat":"repeat","background-position":"center center","background-size":"auto","background-attachment":"scroll","background-type":"","background-media":"","overlay-type":"","overlay-color":"","overlay-opacity":"","overlay-gradient":""}},"ast-content-background-meta":{"desktop":{"background-color":"var(--ast-global-color-5)","background-image":"","background-repeat":"repeat","background-position":"center center","background-size":"auto","background-attachment":"scroll","background-type":"","background-media":"","overlay-type":"","overlay-color":"","overlay-opacity":"","overlay-gradient":""},"tablet":{"background-color":"var(--ast-global-color-5)","background-image":"","background-repeat":"repeat","background-position":"center center","background-size":"auto","background-attachment":"scroll","background-type":"","background-media":"","overlay-type":"","overlay-color":"","overlay-opacity":"","overlay-gradient":""},"mobile":{"background-color":"var(--ast-global-color-5)","background-image":"","background-repeat":"repeat","background-position":"center center","background-size":"auto","background-attachment":"scroll","background-type":"","background-media":"","overlay-type":"","overlay-color":"","overlay-opacity":"","overlay-gradient":""}}},"product_brand":[],"product_cat":[448,462],"product_tag":[],"class_list":{"0":"post-16109","1":"product","2":"type-product","3":"status-publish","4":"has-post-thumbnail","6":"product_cat-tecnologia-y-hogar","7":"product_cat-utilidades-y-outdoor","8":"desktop-align-left","9":"tablet-align-left","10":"mobile-align-left","12":"first","13":"instock","14":"shipping-taxable","15":"purchasable","16":"product-type-simple"},"yoast_head":"<!-- This site is optimized with the Yoast SEO plugin v27.3 - https:\/\/yoast.com\/product\/yoast-seo-wordpress\/ -->\n<title>Br\u00fajula Sharpsurvival Anticuada que Brilla en la Oscuridad - ROSE MVD<\/title>\n<meta name=\"description\" content=\"Ideal para actividades al aire libre como senderismo, camping, supervivencia, excursiones y aventuras t\u00e1cticas.\" \/>\n<meta name=\"robots\" content=\"index, follow, max-snippet:-1, max-image-preview:large, max-video-preview:-1\" \/>\n<link rel=\"canonical\" href=\"https:\/\/rosemvd.com\/index.php\/producto\/brujula-sharpsurvival-anticuada-que-brilla-en-la-oscuridad\/\" \/>\n<meta property=\"og:locale\" content=\"es_ES\" \/>\n<meta property=\"og:type\" content=\"article\" \/>\n<meta property=\"og:title\" content=\"Br\u00fajula Sharpsurvival Anticuada que Brilla en la Oscuridad - ROSE MVD\" \/>\n<meta property=\"og:description\" content=\"Ideal para actividades al aire libre como senderismo, camping, supervivencia, excursiones y aventuras t\u00e1cticas.\" \/>\n<meta property=\"og:url\" content=\"https:\/\/rosemvd.com\/index.php\/producto\/brujula-sharpsurvival-anticuada-que-brilla-en-la-oscuridad\/\" \/>\n<meta property=\"og:site_name\" content=\"ROSE MVD\" \/>\n<meta property=\"article:publisher\" content=\"https:\/\/www.facebook.com\/TiendaRoseMvd\" \/>\n<meta property=\"article:modified_time\" content=\"2026-04-22T16:38:45+00:00\" \/>\n<meta property=\"og:image\" content=\"https:\/\/rosemvd.com\/wp-content\/uploads\/2026\/01\/descarga-1.webp\" \/>\n\t<meta property=\"og:image:width\" content=\"800\" \/>\n\t<meta property=\"og:image:height\" content=\"800\" \/>\n\t<meta property=\"og:image:type\" content=\"image\/webp\" \/>\n<meta name=\"twitter:card\" content=\"summary_large_image\" \/>\n<meta name=\"twitter:label1\" content=\"Tiempo de lectura\" \/>\n\t<meta name=\"twitter:data1\" content=\"1 minuto\" \/>\n<script type=\"application\/ld+json\" class=\"yoast-schema-graph\">{\"@context\":\"https:\\\/\\\/schema.org\",\"@graph\":[{\"@type\":\"WebPage\",\"@id\":\"https:\\\/\\\/rosemvd.com\\\/index.php\\\/producto\\\/brujula-sharpsurvival-anticuada-que-brilla-en-la-oscuridad\\\/\",\"url\":\"https:\\\/\\\/rosemvd.com\\\/index.php\\\/producto\\\/brujula-sharpsurvival-anticuada-que-brilla-en-la-oscuridad\\\/\",\"name\":\"Br\u00fajula Sharpsurvival Anticuada que Brilla en la Oscuridad - ROSE MVD\",\"isPartOf\":{\"@id\":\"https:\\\/\\\/rosemvd.com\\\/#website\"},\"primaryImageOfPage\":{\"@id\":\"https:\\\/\\\/rosemvd.com\\\/index.php\\\/producto\\\/brujula-sharpsurvival-anticuada-que-brilla-en-la-oscuridad\\\/#primaryimage\"},\"image\":{\"@id\":\"https:\\\/\\\/rosemvd.com\\\/index.php\\\/producto\\\/brujula-sharpsurvival-anticuada-que-brilla-en-la-oscuridad\\\/#primaryimage\"},\"thumbnailUrl\":\"https:\\\/\\\/rosemvd.com\\\/wp-content\\\/uploads\\\/2026\\\/01\\\/descarga-1.webp\",\"datePublished\":\"2026-01-28T12:52:16+00:00\",\"dateModified\":\"2026-04-22T16:38:45+00:00\",\"description\":\"Ideal para actividades al aire libre como senderismo, camping, supervivencia, excursiones y aventuras t\u00e1cticas.\",\"breadcrumb\":{\"@id\":\"https:\\\/\\\/rosemvd.com\\\/index.php\\\/producto\\\/brujula-sharpsurvival-anticuada-que-brilla-en-la-oscuridad\\\/#breadcrumb\"},\"inLanguage\":\"es\",\"potentialAction\":[{\"@type\":\"ReadAction\",\"target\":[\"https:\\\/\\\/rosemvd.com\\\/index.php\\\/producto\\\/brujula-sharpsurvival-anticuada-que-brilla-en-la-oscuridad\\\/\"]}]},{\"@type\":\"ImageObject\",\"inLanguage\":\"es\",\"@id\":\"https:\\\/\\\/rosemvd.com\\\/index.php\\\/producto\\\/brujula-sharpsurvival-anticuada-que-brilla-en-la-oscuridad\\\/#primaryimage\",\"url\":\"https:\\\/\\\/rosemvd.com\\\/wp-content\\\/uploads\\\/2026\\\/01\\\/descarga-1.webp\",\"contentUrl\":\"https:\\\/\\\/rosemvd.com\\\/wp-content\\\/uploads\\\/2026\\\/01\\\/descarga-1.webp\",\"width\":800,\"height\":800},{\"@type\":\"BreadcrumbList\",\"@id\":\"https:\\\/\\\/rosemvd.com\\\/index.php\\\/producto\\\/brujula-sharpsurvival-anticuada-que-brilla-en-la-oscuridad\\\/#breadcrumb\",\"itemListElement\":[{\"@type\":\"ListItem\",\"position\":1,\"name\":\"Portada\",\"item\":\"https:\\\/\\\/rosemvd.com\\\/\"},{\"@type\":\"ListItem\",\"position\":2,\"name\":\"Tienda\",\"item\":\"https:\\\/\\\/rosemvd.com\\\/index.php\\\/tienda\\\/\"},{\"@type\":\"ListItem\",\"position\":3,\"name\":\"Br\u00fajula Sharpsurvival Anticuada que Brilla en la Oscuridad\"}]},{\"@type\":\"WebSite\",\"@id\":\"https:\\\/\\\/rosemvd.com\\\/#website\",\"url\":\"https:\\\/\\\/rosemvd.com\\\/\",\"name\":\"ROSE MVD\",\"description\":\"Todo lo que no sab\u00edas que necesitabas, lo \u00faltimo en tendencia, utilidad e innovaci\u00f3n\",\"publisher\":{\"@id\":\"https:\\\/\\\/rosemvd.com\\\/#organization\"},\"potentialAction\":[{\"@type\":\"SearchAction\",\"target\":{\"@type\":\"EntryPoint\",\"urlTemplate\":\"https:\\\/\\\/rosemvd.com\\\/?s={search_term_string}\"},\"query-input\":{\"@type\":\"PropertyValueSpecification\",\"valueRequired\":true,\"valueName\":\"search_term_string\"}}],\"inLanguage\":\"es\"},{\"@type\":\"Organization\",\"@id\":\"https:\\\/\\\/rosemvd.com\\\/#organization\",\"name\":\"ROSE MVD\",\"alternateName\":\"ROSE MVD\",\"url\":\"https:\\\/\\\/rosemvd.com\\\/\",\"logo\":{\"@type\":\"ImageObject\",\"inLanguage\":\"es\",\"@id\":\"https:\\\/\\\/rosemvd.com\\\/#\\\/schema\\\/logo\\\/image\\\/\",\"url\":\"https:\\\/\\\/rosemvd.com\\\/wp-content\\\/uploads\\\/2023\\\/03\\\/Sin-titulo-2_Mesa-de-trabajo-1.png\",\"contentUrl\":\"https:\\\/\\\/rosemvd.com\\\/wp-content\\\/uploads\\\/2023\\\/03\\\/Sin-titulo-2_Mesa-de-trabajo-1.png\",\"width\":2084,\"height\":2084,\"caption\":\"ROSE MVD\"},\"image\":{\"@id\":\"https:\\\/\\\/rosemvd.com\\\/#\\\/schema\\\/logo\\\/image\\\/\"},\"sameAs\":[\"https:\\\/\\\/www.facebook.com\\\/TiendaRoseMvd\",\"https:\\\/\\\/www.instagram.com\\\/rose.mvd\"]}]}<\/script>\n<!-- \/ Yoast SEO plugin. -->","yoast_head_json":{"title":"Br\u00fajula Sharpsurvival Anticuada que Brilla en la Oscuridad - ROSE MVD","description":"Ideal para actividades al aire libre como senderismo, camping, supervivencia, excursiones y aventuras t\u00e1cticas.","robots":{"index":"index","follow":"follow","max-snippet":"max-snippet:-1","max-image-preview":"max-image-preview:large","max-video-preview":"max-video-preview:-1"},"canonical":"https:\/\/rosemvd.com\/index.php\/producto\/brujula-sharpsurvival-anticuada-que-brilla-en-la-oscuridad\/","og_locale":"es_ES","og_type":"article","og_title":"Br\u00fajula Sharpsurvival Anticuada que Brilla en la Oscuridad - ROSE MVD","og_description":"Ideal para actividades al aire libre como senderismo, camping, supervivencia, excursiones y aventuras t\u00e1cticas.","og_url":"https:\/\/rosemvd.com\/index.php\/producto\/brujula-sharpsurvival-anticuada-que-brilla-en-la-oscuridad\/","og_site_name":"ROSE MVD","article_publisher":"https:\/\/www.facebook.com\/TiendaRoseMvd","article_modified_time":"2026-04-22T16:38:45+00:00","og_image":[{"width":800,"height":800,"url":"https:\/\/rosemvd.com\/wp-content\/uploads\/2026\/01\/descarga-1.webp","type":"image\/webp"}],"twitter_card":"summary_large_image","twitter_misc":{"Tiempo de lectura":"1 minuto"},"schema":{"@context":"https:\/\/schema.org","@graph":[{"@type":"WebPage","@id":"https:\/\/rosemvd.com\/index.php\/producto\/brujula-sharpsurvival-anticuada-que-brilla-en-la-oscuridad\/","url":"https:\/\/rosemvd.com\/index.php\/producto\/brujula-sharpsurvival-anticuada-que-brilla-en-la-oscuridad\/","name":"Br\u00fajula Sharpsurvival Anticuada que Brilla en la Oscuridad - ROSE MVD","isPartOf":{"@id":"https:\/\/rosemvd.com\/#website"},"primaryImageOfPage":{"@id":"https:\/\/rosemvd.com\/index.php\/producto\/brujula-sharpsurvival-anticuada-que-brilla-en-la-oscuridad\/#primaryimage"},"image":{"@id":"https:\/\/rosemvd.com\/index.php\/producto\/brujula-sharpsurvival-anticuada-que-brilla-en-la-oscuridad\/#primaryimage"},"thumbnailUrl":"https:\/\/rosemvd.com\/wp-content\/uploads\/2026\/01\/descarga-1.webp","datePublished":"2026-01-28T12:52:16+00:00","dateModified":"2026-04-22T16:38:45+00:00","description":"Ideal para actividades al aire libre como senderismo, camping, supervivencia, excursiones y aventuras t\u00e1cticas.","breadcrumb":{"@id":"https:\/\/rosemvd.com\/index.php\/producto\/brujula-sharpsurvival-anticuada-que-brilla-en-la-oscuridad\/#breadcrumb"},"inLanguage":"es","potentialAction":[{"@type":"ReadAction","target":["https:\/\/rosemvd.com\/index.php\/producto\/brujula-sharpsurvival-anticuada-que-brilla-en-la-oscuridad\/"]}]},{"@type":"ImageObject","inLanguage":"es","@id":"https:\/\/rosemvd.com\/index.php\/producto\/brujula-sharpsurvival-anticuada-que-brilla-en-la-oscuridad\/#primaryimage","url":"https:\/\/rosemvd.com\/wp-content\/uploads\/2026\/01\/descarga-1.webp","contentUrl":"https:\/\/rosemvd.com\/wp-content\/uploads\/2026\/01\/descarga-1.webp","width":800,"height":800},{"@type":"BreadcrumbList","@id":"https:\/\/rosemvd.com\/index.php\/producto\/brujula-sharpsurvival-anticuada-que-brilla-en-la-oscuridad\/#breadcrumb","itemListElement":[{"@type":"ListItem","position":1,"name":"Portada","item":"https:\/\/rosemvd.com\/"},{"@type":"ListItem","position":2,"name":"Tienda","item":"https:\/\/rosemvd.com\/index.php\/tienda\/"},{"@type":"ListItem","position":3,"name":"Br\u00fajula Sharpsurvival Anticuada que Brilla en la Oscuridad"}]},{"@type":"WebSite","@id":"https:\/\/rosemvd.com\/#website","url":"https:\/\/rosemvd.com\/","name":"ROSE MVD","description":"Todo lo que no sab\u00edas que necesitabas, lo \u00faltimo en tendencia, utilidad e innovaci\u00f3n","publisher":{"@id":"https:\/\/rosemvd.com\/#organization"},"potentialAction":[{"@type":"SearchAction","target":{"@type":"EntryPoint","urlTemplate":"https:\/\/rosemvd.com\/?s={search_term_string}"},"query-input":{"@type":"PropertyValueSpecification","valueRequired":true,"valueName":"search_term_string"}}],"inLanguage":"es"},{"@type":"Organization","@id":"https:\/\/rosemvd.com\/#organization","name":"ROSE MVD","alternateName":"ROSE MVD","url":"https:\/\/rosemvd.com\/","logo":{"@type":"ImageObject","inLanguage":"es","@id":"https:\/\/rosemvd.com\/#\/schema\/logo\/image\/","url":"https:\/\/rosemvd.com\/wp-content\/uploads\/2023\/03\/Sin-titulo-2_Mesa-de-trabajo-1.png","contentUrl":"https:\/\/rosemvd.com\/wp-content\/uploads\/2023\/03\/Sin-titulo-2_Mesa-de-trabajo-1.png","width":2084,"height":2084,"caption":"ROSE MVD"},"image":{"@id":"https:\/\/rosemvd.com\/#\/schema\/logo\/image\/"},"sameAs":["https:\/\/www.facebook.com\/TiendaRoseMvd","https:\/\/www.instagram.com\/rose.mvd"]}]}},"_links":{"self":[{"href":"https:\/\/rosemvd.com\/index.php\/wp-json\/wp\/v2\/product\/16109","targetHints":{"allow":["GET"]}}],"collection":[{"href":"https:\/\/rosemvd.com\/index.php\/wp-json\/wp\/v2\/product"}],"about":[{"href":"https:\/\/rosemvd.com\/index.php\/wp-json\/wp\/v2\/types\/product"}],"wp:featuredmedia":[{"embeddable":true,"href":"https:\/\/rosemvd.com\/index.php\/wp-json\/wp\/v2\/media\/16110"}],"wp:attachment":[{"href":"https:\/\/rosemvd.com\/index.php\/wp-json\/wp\/v2\/media?parent=16109"}],"wp:term":[{"taxonomy":"product_brand","embeddable":true,"href":"https:\/\/rosemvd.com\/index.php\/wp-json\/wp\/v2\/product_brand?post=16109"},{"taxonomy":"product_cat","embeddable":true,"href":"https:\/\/rosemvd.com\/index.php\/wp-json\/wp\/v2\/product_cat?post=16109"},{"taxonomy":"product_tag","embeddable":true,"href":"https:\/\/rosemvd.com\/index.php\/wp-json\/wp\/v2\/product_tag?post=16109"}],"curies":[{"name":"wp","href":"https:\/\/api.w.org\/{rel}","templated":true}]}}