{"id":16101,"date":"2026-01-28T09:46:51","date_gmt":"2026-01-28T12:46:51","guid":{"rendered":"https:\/\/rosemvd.com\/?post_type=product&#038;p=16101"},"modified":"2026-04-20T10:39:46","modified_gmt":"2026-04-20T13:39:46","slug":"anillo-zirconia-con-caja-rosa-roja-giratoria","status":"publish","type":"product","link":"https:\/\/rosemvd.com\/index.php\/producto\/anillo-zirconia-con-caja-rosa-roja-giratoria\/","title":{"rendered":"Anillo Zirconia Con Caja Rosa Roja Giratoria"},"content":{"rendered":"<h5 data-start=\"85\" data-end=\"160\">Caja Sorpresa Roja con Rosa Decorativa y Anillo Ajustable con Zirconias<\/h5>\n<p data-start=\"162\" data-end=\"502\">Sorprende con un detalle elegante y lleno de romanticismo. Esta <strong data-start=\"226\" data-end=\"257\">caja sorpresa en color rojo<\/strong> con rosa decorativa destaca por su dise\u00f1o innovador: al <strong data-start=\"314\" data-end=\"336\">girar el mecanismo<\/strong>, la caja se abre revelando un <strong data-start=\"367\" data-end=\"456\">anillo ajustable con una zirconia central y peque\u00f1as zirconias alrededor del cintillo<\/strong>, creando un efecto sorpresa \u00fanico y especial.<\/p>\n<p data-start=\"504\" data-end=\"860\">La rosa decorativa aporta un toque sofisticado y decorativo, perfecta para conservar como adorno. El anillo, cuidadosamente dise\u00f1ado, combina una <strong data-start=\"650\" data-end=\"680\">zirconia central brillante<\/strong> con <strong data-start=\"685\" data-end=\"734\">zirconias peque\u00f1as incrustadas en el cintillo<\/strong>, logrando un acabado elegante y luminoso. Su <strong data-start=\"780\" data-end=\"800\">dise\u00f1o ajustable<\/strong> permite adaptarse c\u00f3modamente a diferentes tama\u00f1os de dedo.<\/p>\n<p data-start=\"862\" data-end=\"1014\">Ideal para regalar en <strong data-start=\"884\" data-end=\"946\">aniversarios, San Valent\u00edn, cumplea\u00f1os o fechas especiales<\/strong>, esta caja re\u00fane <strong data-start=\"964\" data-end=\"993\">dise\u00f1o, joyer\u00eda y emoci\u00f3n<\/strong> en un solo producto.<\/p>\n<p data-start=\"1016\" data-end=\"1048\"><strong data-start=\"1016\" data-end=\"1048\">Caracter\u00edsticas principales:<\/strong><\/p>\n<ul data-start=\"1049\" data-end=\"1285\">\n<li data-start=\"1049\" data-end=\"1108\">\n<p data-start=\"1051\" data-end=\"1108\">Caja color <strong data-start=\"1062\" data-end=\"1070\">rojo<\/strong> con sistema giratorio tipo sorpresa<\/p>\n<\/li>\n<li data-start=\"1109\" data-end=\"1141\">\n<p data-start=\"1111\" data-end=\"1141\">Rosa decorativa (no natural)<\/p>\n<\/li>\n<li data-start=\"1142\" data-end=\"1222\">\n<p data-start=\"1144\" data-end=\"1222\">Incluye <strong data-start=\"1152\" data-end=\"1220\">anillo ajustable con zirconia central y zirconias en el cintillo<\/strong><\/p>\n<\/li>\n<li data-start=\"1223\" data-end=\"1254\">\n<p data-start=\"1225\" data-end=\"1254\">Dise\u00f1o elegante y rom\u00e1ntico<\/p>\n<\/li>\n<li data-start=\"1255\" data-end=\"1285\">\n<p data-start=\"1257\" data-end=\"1285\">Ideal como regalo especial<\/p>\n<\/li>\n<\/ul>\n<p data-start=\"1287\" data-end=\"1350\">Un regalo pensado para <strong data-start=\"1310\" data-end=\"1346\">sorprender, emocionar y enamorar<\/strong><\/p>\n","protected":false},"excerpt":{"rendered":"<p>Caja Sorpresa Roja con Rosa Decorativa y Anillo Ajustable con Zirconias Sorprende con un detalle elegante y lleno de romanticismo. Esta caja sorpresa en color rojo con rosa decorativa destaca por su dise\u00f1o innovador: al girar el mecanismo, la caja se abre revelando un anillo ajustable con una zirconia central y peque\u00f1as zirconias alrededor del [&hellip;]<\/p>\n","protected":false},"featured_media":16103,"template":"","meta":{"site-sidebar-layout":"default","site-content-layout":"","ast-site-content-layout":"default","site-content-style":"default","site-sidebar-style":"default","ast-global-header-display":"","ast-banner-title-visibility":"","ast-main-header-display":"","ast-hfb-above-header-display":"","ast-hfb-below-header-display":"","ast-hfb-mobile-header-display":"","site-post-title":"","ast-breadcrumbs-content":"","ast-featured-img":"","footer-sml-layout":"","ast-disable-related-posts":"","theme-transparent-header-meta":"default","adv-header-id-meta":"","stick-header-meta":"","header-above-stick-meta":"","header-main-stick-meta":"","header-below-stick-meta":"","astra-migrate-meta-layouts":"set","ast-page-background-enabled":"default","ast-page-background-meta":{"desktop":{"background-color":"var(--ast-global-color-4)","background-image":"","background-repeat":"repeat","background-position":"center center","background-size":"auto","background-attachment":"scroll","background-type":"","background-media":"","overlay-type":"","overlay-color":"","overlay-opacity":"","overlay-gradient":""},"tablet":{"background-color":"","background-image":"","background-repeat":"repeat","background-position":"center center","background-size":"auto","background-attachment":"scroll","background-type":"","background-media":"","overlay-type":"","overlay-color":"","overlay-opacity":"","overlay-gradient":""},"mobile":{"background-color":"","background-image":"","background-repeat":"repeat","background-position":"center center","background-size":"auto","background-attachment":"scroll","background-type":"","background-media":"","overlay-type":"","overlay-color":"","overlay-opacity":"","overlay-gradient":""}},"ast-content-background-meta":{"desktop":{"background-color":"var(--ast-global-color-5)","background-image":"","background-repeat":"repeat","background-position":"center center","background-size":"auto","background-attachment":"scroll","background-type":"","background-media":"","overlay-type":"","overlay-color":"","overlay-opacity":"","overlay-gradient":""},"tablet":{"background-color":"var(--ast-global-color-5)","background-image":"","background-repeat":"repeat","background-position":"center center","background-size":"auto","background-attachment":"scroll","background-type":"","background-media":"","overlay-type":"","overlay-color":"","overlay-opacity":"","overlay-gradient":""},"mobile":{"background-color":"var(--ast-global-color-5)","background-image":"","background-repeat":"repeat","background-position":"center center","background-size":"auto","background-attachment":"scroll","background-type":"","background-media":"","overlay-type":"","overlay-color":"","overlay-opacity":"","overlay-gradient":""}}},"product_brand":[],"product_cat":[100,139,445],"product_tag":[],"class_list":{"0":"post-16101","1":"product","2":"type-product","3":"status-publish","4":"has-post-thumbnail","6":"product_cat-anillos","7":"product_cat-anillos-enchapados-plata-925","8":"product_cat-joyeria","9":"desktop-align-left","10":"tablet-align-left","11":"mobile-align-left","13":"first","14":"instock","15":"shipping-taxable","16":"purchasable","17":"product-type-simple"},"yoast_head":"<!-- This site is optimized with the Yoast SEO plugin v27.3 - https:\/\/yoast.com\/product\/yoast-seo-wordpress\/ -->\n<title>Anillo Zirconia Con Caja Rosa Roja Giratoria - ROSE MVD<\/title>\n<meta name=\"description\" content=\"Caja sorpresa en color rojo con rosa decorativa destaca por su dise\u00f1o innovador: al girar el mecanismo, la caja se abre revelando un anillo\" \/>\n<meta name=\"robots\" content=\"index, follow, max-snippet:-1, max-image-preview:large, max-video-preview:-1\" \/>\n<link rel=\"canonical\" href=\"https:\/\/rosemvd.com\/index.php\/producto\/anillo-zirconia-con-caja-rosa-roja-giratoria\/\" \/>\n<meta property=\"og:locale\" content=\"es_ES\" \/>\n<meta property=\"og:type\" content=\"article\" \/>\n<meta property=\"og:title\" content=\"Anillo Zirconia Con Caja Rosa Roja Giratoria - ROSE MVD\" \/>\n<meta property=\"og:description\" content=\"Caja sorpresa en color rojo con rosa decorativa destaca por su dise\u00f1o innovador: al girar el mecanismo, la caja se abre revelando un anillo\" \/>\n<meta property=\"og:url\" content=\"https:\/\/rosemvd.com\/index.php\/producto\/anillo-zirconia-con-caja-rosa-roja-giratoria\/\" \/>\n<meta property=\"og:site_name\" content=\"ROSE MVD\" \/>\n<meta property=\"article:publisher\" content=\"https:\/\/www.facebook.com\/TiendaRoseMvd\" \/>\n<meta property=\"article:modified_time\" content=\"2026-04-20T13:39:46+00:00\" \/>\n<meta property=\"og:image\" content=\"https:\/\/rosemvd.com\/wp-content\/uploads\/2026\/01\/D_NQ_NP_2X_987089-MLU105476063912_012026-F.webp\" \/>\n\t<meta property=\"og:image:width\" content=\"896\" \/>\n\t<meta property=\"og:image:height\" content=\"1152\" \/>\n\t<meta property=\"og:image:type\" content=\"image\/webp\" \/>\n<meta name=\"twitter:card\" content=\"summary_large_image\" \/>\n<meta name=\"twitter:label1\" content=\"Tiempo de lectura\" \/>\n\t<meta name=\"twitter:data1\" content=\"1 minuto\" \/>\n<script type=\"application\/ld+json\" class=\"yoast-schema-graph\">{\"@context\":\"https:\\\/\\\/schema.org\",\"@graph\":[{\"@type\":\"WebPage\",\"@id\":\"https:\\\/\\\/rosemvd.com\\\/index.php\\\/producto\\\/anillo-zirconia-con-caja-rosa-roja-giratoria\\\/\",\"url\":\"https:\\\/\\\/rosemvd.com\\\/index.php\\\/producto\\\/anillo-zirconia-con-caja-rosa-roja-giratoria\\\/\",\"name\":\"Anillo Zirconia Con Caja Rosa Roja Giratoria - ROSE MVD\",\"isPartOf\":{\"@id\":\"https:\\\/\\\/rosemvd.com\\\/#website\"},\"primaryImageOfPage\":{\"@id\":\"https:\\\/\\\/rosemvd.com\\\/index.php\\\/producto\\\/anillo-zirconia-con-caja-rosa-roja-giratoria\\\/#primaryimage\"},\"image\":{\"@id\":\"https:\\\/\\\/rosemvd.com\\\/index.php\\\/producto\\\/anillo-zirconia-con-caja-rosa-roja-giratoria\\\/#primaryimage\"},\"thumbnailUrl\":\"https:\\\/\\\/rosemvd.com\\\/wp-content\\\/uploads\\\/2026\\\/01\\\/D_NQ_NP_2X_987089-MLU105476063912_012026-F.webp\",\"datePublished\":\"2026-01-28T12:46:51+00:00\",\"dateModified\":\"2026-04-20T13:39:46+00:00\",\"description\":\"Caja sorpresa en color rojo con rosa decorativa destaca por su dise\u00f1o innovador: al girar el mecanismo, la caja se abre revelando un anillo\",\"breadcrumb\":{\"@id\":\"https:\\\/\\\/rosemvd.com\\\/index.php\\\/producto\\\/anillo-zirconia-con-caja-rosa-roja-giratoria\\\/#breadcrumb\"},\"inLanguage\":\"es\",\"potentialAction\":[{\"@type\":\"ReadAction\",\"target\":[\"https:\\\/\\\/rosemvd.com\\\/index.php\\\/producto\\\/anillo-zirconia-con-caja-rosa-roja-giratoria\\\/\"]}]},{\"@type\":\"ImageObject\",\"inLanguage\":\"es\",\"@id\":\"https:\\\/\\\/rosemvd.com\\\/index.php\\\/producto\\\/anillo-zirconia-con-caja-rosa-roja-giratoria\\\/#primaryimage\",\"url\":\"https:\\\/\\\/rosemvd.com\\\/wp-content\\\/uploads\\\/2026\\\/01\\\/D_NQ_NP_2X_987089-MLU105476063912_012026-F.webp\",\"contentUrl\":\"https:\\\/\\\/rosemvd.com\\\/wp-content\\\/uploads\\\/2026\\\/01\\\/D_NQ_NP_2X_987089-MLU105476063912_012026-F.webp\",\"width\":896,\"height\":1152},{\"@type\":\"BreadcrumbList\",\"@id\":\"https:\\\/\\\/rosemvd.com\\\/index.php\\\/producto\\\/anillo-zirconia-con-caja-rosa-roja-giratoria\\\/#breadcrumb\",\"itemListElement\":[{\"@type\":\"ListItem\",\"position\":1,\"name\":\"Portada\",\"item\":\"https:\\\/\\\/rosemvd.com\\\/\"},{\"@type\":\"ListItem\",\"position\":2,\"name\":\"Tienda\",\"item\":\"https:\\\/\\\/rosemvd.com\\\/index.php\\\/tienda\\\/\"},{\"@type\":\"ListItem\",\"position\":3,\"name\":\"Anillo Zirconia Con Caja Rosa Roja Giratoria\"}]},{\"@type\":\"WebSite\",\"@id\":\"https:\\\/\\\/rosemvd.com\\\/#website\",\"url\":\"https:\\\/\\\/rosemvd.com\\\/\",\"name\":\"ROSE MVD\",\"description\":\"Todo lo que no sab\u00edas que necesitabas, lo \u00faltimo en tendencia, utilidad e innovaci\u00f3n\",\"publisher\":{\"@id\":\"https:\\\/\\\/rosemvd.com\\\/#organization\"},\"potentialAction\":[{\"@type\":\"SearchAction\",\"target\":{\"@type\":\"EntryPoint\",\"urlTemplate\":\"https:\\\/\\\/rosemvd.com\\\/?s={search_term_string}\"},\"query-input\":{\"@type\":\"PropertyValueSpecification\",\"valueRequired\":true,\"valueName\":\"search_term_string\"}}],\"inLanguage\":\"es\"},{\"@type\":\"Organization\",\"@id\":\"https:\\\/\\\/rosemvd.com\\\/#organization\",\"name\":\"ROSE MVD\",\"alternateName\":\"ROSE MVD\",\"url\":\"https:\\\/\\\/rosemvd.com\\\/\",\"logo\":{\"@type\":\"ImageObject\",\"inLanguage\":\"es\",\"@id\":\"https:\\\/\\\/rosemvd.com\\\/#\\\/schema\\\/logo\\\/image\\\/\",\"url\":\"https:\\\/\\\/rosemvd.com\\\/wp-content\\\/uploads\\\/2023\\\/03\\\/Sin-titulo-2_Mesa-de-trabajo-1.png\",\"contentUrl\":\"https:\\\/\\\/rosemvd.com\\\/wp-content\\\/uploads\\\/2023\\\/03\\\/Sin-titulo-2_Mesa-de-trabajo-1.png\",\"width\":2084,\"height\":2084,\"caption\":\"ROSE MVD\"},\"image\":{\"@id\":\"https:\\\/\\\/rosemvd.com\\\/#\\\/schema\\\/logo\\\/image\\\/\"},\"sameAs\":[\"https:\\\/\\\/www.facebook.com\\\/TiendaRoseMvd\",\"https:\\\/\\\/www.instagram.com\\\/rose.mvd\"]}]}<\/script>\n<!-- \/ Yoast SEO plugin. -->","yoast_head_json":{"title":"Anillo Zirconia Con Caja Rosa Roja Giratoria - ROSE MVD","description":"Caja sorpresa en color rojo con rosa decorativa destaca por su dise\u00f1o innovador: al girar el mecanismo, la caja se abre revelando un anillo","robots":{"index":"index","follow":"follow","max-snippet":"max-snippet:-1","max-image-preview":"max-image-preview:large","max-video-preview":"max-video-preview:-1"},"canonical":"https:\/\/rosemvd.com\/index.php\/producto\/anillo-zirconia-con-caja-rosa-roja-giratoria\/","og_locale":"es_ES","og_type":"article","og_title":"Anillo Zirconia Con Caja Rosa Roja Giratoria - ROSE MVD","og_description":"Caja sorpresa en color rojo con rosa decorativa destaca por su dise\u00f1o innovador: al girar el mecanismo, la caja se abre revelando un anillo","og_url":"https:\/\/rosemvd.com\/index.php\/producto\/anillo-zirconia-con-caja-rosa-roja-giratoria\/","og_site_name":"ROSE MVD","article_publisher":"https:\/\/www.facebook.com\/TiendaRoseMvd","article_modified_time":"2026-04-20T13:39:46+00:00","og_image":[{"width":896,"height":1152,"url":"https:\/\/rosemvd.com\/wp-content\/uploads\/2026\/01\/D_NQ_NP_2X_987089-MLU105476063912_012026-F.webp","type":"image\/webp"}],"twitter_card":"summary_large_image","twitter_misc":{"Tiempo de lectura":"1 minuto"},"schema":{"@context":"https:\/\/schema.org","@graph":[{"@type":"WebPage","@id":"https:\/\/rosemvd.com\/index.php\/producto\/anillo-zirconia-con-caja-rosa-roja-giratoria\/","url":"https:\/\/rosemvd.com\/index.php\/producto\/anillo-zirconia-con-caja-rosa-roja-giratoria\/","name":"Anillo Zirconia Con Caja Rosa Roja Giratoria - ROSE MVD","isPartOf":{"@id":"https:\/\/rosemvd.com\/#website"},"primaryImageOfPage":{"@id":"https:\/\/rosemvd.com\/index.php\/producto\/anillo-zirconia-con-caja-rosa-roja-giratoria\/#primaryimage"},"image":{"@id":"https:\/\/rosemvd.com\/index.php\/producto\/anillo-zirconia-con-caja-rosa-roja-giratoria\/#primaryimage"},"thumbnailUrl":"https:\/\/rosemvd.com\/wp-content\/uploads\/2026\/01\/D_NQ_NP_2X_987089-MLU105476063912_012026-F.webp","datePublished":"2026-01-28T12:46:51+00:00","dateModified":"2026-04-20T13:39:46+00:00","description":"Caja sorpresa en color rojo con rosa decorativa destaca por su dise\u00f1o innovador: al girar el mecanismo, la caja se abre revelando un anillo","breadcrumb":{"@id":"https:\/\/rosemvd.com\/index.php\/producto\/anillo-zirconia-con-caja-rosa-roja-giratoria\/#breadcrumb"},"inLanguage":"es","potentialAction":[{"@type":"ReadAction","target":["https:\/\/rosemvd.com\/index.php\/producto\/anillo-zirconia-con-caja-rosa-roja-giratoria\/"]}]},{"@type":"ImageObject","inLanguage":"es","@id":"https:\/\/rosemvd.com\/index.php\/producto\/anillo-zirconia-con-caja-rosa-roja-giratoria\/#primaryimage","url":"https:\/\/rosemvd.com\/wp-content\/uploads\/2026\/01\/D_NQ_NP_2X_987089-MLU105476063912_012026-F.webp","contentUrl":"https:\/\/rosemvd.com\/wp-content\/uploads\/2026\/01\/D_NQ_NP_2X_987089-MLU105476063912_012026-F.webp","width":896,"height":1152},{"@type":"BreadcrumbList","@id":"https:\/\/rosemvd.com\/index.php\/producto\/anillo-zirconia-con-caja-rosa-roja-giratoria\/#breadcrumb","itemListElement":[{"@type":"ListItem","position":1,"name":"Portada","item":"https:\/\/rosemvd.com\/"},{"@type":"ListItem","position":2,"name":"Tienda","item":"https:\/\/rosemvd.com\/index.php\/tienda\/"},{"@type":"ListItem","position":3,"name":"Anillo Zirconia Con Caja Rosa Roja Giratoria"}]},{"@type":"WebSite","@id":"https:\/\/rosemvd.com\/#website","url":"https:\/\/rosemvd.com\/","name":"ROSE MVD","description":"Todo lo que no sab\u00edas que necesitabas, lo \u00faltimo en tendencia, utilidad e innovaci\u00f3n","publisher":{"@id":"https:\/\/rosemvd.com\/#organization"},"potentialAction":[{"@type":"SearchAction","target":{"@type":"EntryPoint","urlTemplate":"https:\/\/rosemvd.com\/?s={search_term_string}"},"query-input":{"@type":"PropertyValueSpecification","valueRequired":true,"valueName":"search_term_string"}}],"inLanguage":"es"},{"@type":"Organization","@id":"https:\/\/rosemvd.com\/#organization","name":"ROSE MVD","alternateName":"ROSE MVD","url":"https:\/\/rosemvd.com\/","logo":{"@type":"ImageObject","inLanguage":"es","@id":"https:\/\/rosemvd.com\/#\/schema\/logo\/image\/","url":"https:\/\/rosemvd.com\/wp-content\/uploads\/2023\/03\/Sin-titulo-2_Mesa-de-trabajo-1.png","contentUrl":"https:\/\/rosemvd.com\/wp-content\/uploads\/2023\/03\/Sin-titulo-2_Mesa-de-trabajo-1.png","width":2084,"height":2084,"caption":"ROSE MVD"},"image":{"@id":"https:\/\/rosemvd.com\/#\/schema\/logo\/image\/"},"sameAs":["https:\/\/www.facebook.com\/TiendaRoseMvd","https:\/\/www.instagram.com\/rose.mvd"]}]}},"_links":{"self":[{"href":"https:\/\/rosemvd.com\/index.php\/wp-json\/wp\/v2\/product\/16101","targetHints":{"allow":["GET"]}}],"collection":[{"href":"https:\/\/rosemvd.com\/index.php\/wp-json\/wp\/v2\/product"}],"about":[{"href":"https:\/\/rosemvd.com\/index.php\/wp-json\/wp\/v2\/types\/product"}],"wp:featuredmedia":[{"embeddable":true,"href":"https:\/\/rosemvd.com\/index.php\/wp-json\/wp\/v2\/media\/16103"}],"wp:attachment":[{"href":"https:\/\/rosemvd.com\/index.php\/wp-json\/wp\/v2\/media?parent=16101"}],"wp:term":[{"taxonomy":"product_brand","embeddable":true,"href":"https:\/\/rosemvd.com\/index.php\/wp-json\/wp\/v2\/product_brand?post=16101"},{"taxonomy":"product_cat","embeddable":true,"href":"https:\/\/rosemvd.com\/index.php\/wp-json\/wp\/v2\/product_cat?post=16101"},{"taxonomy":"product_tag","embeddable":true,"href":"https:\/\/rosemvd.com\/index.php\/wp-json\/wp\/v2\/product_tag?post=16101"}],"curies":[{"name":"wp","href":"https:\/\/api.w.org\/{rel}","templated":true}]}}