{"id":16088,"date":"2026-01-28T09:26:24","date_gmt":"2026-01-28T12:26:24","guid":{"rendered":"https:\/\/rosemvd.com\/?post_type=product&#038;p=16088"},"modified":"2026-01-28T09:26:32","modified_gmt":"2026-01-28T12:26:32","slug":"protector-para-talones-de-silicona","status":"publish","type":"product","link":"https:\/\/rosemvd.com\/index.php\/producto\/protector-para-talones-de-silicona\/","title":{"rendered":"Protector Para Talones De Silicona"},"content":{"rendered":"<h5 data-start=\"120\" data-end=\"158\">Protector para Talones de Silicona<\/h5>\n<p data-start=\"160\" data-end=\"441\">El <strong data-start=\"163\" data-end=\"201\">protector para talones de silicona<\/strong> est\u00e1 dise\u00f1ado para brindar <strong data-start=\"229\" data-end=\"262\">m\u00e1xima comodidad y protecci\u00f3n<\/strong> a tus pies durante el d\u00eda a d\u00eda. Ayuda a reducir la fricci\u00f3n, la presi\u00f3n y el impacto al caminar, siendo ideal para personas que pasan muchas horas de pie o usan calzado cerrado.<\/p>\n<p data-start=\"443\" data-end=\"666\">Fabricado en <strong data-start=\"456\" data-end=\"499\">silicona suave, flexible y reutilizable<\/strong>, se adapta perfectamente al tal\u00f3n, proporcionando un <strong data-start=\"553\" data-end=\"576\">efecto amortiguador<\/strong> que alivia molestias, previene rozaduras y ayuda a proteger la piel agrietada o sensible.<\/p>\n<p data-start=\"668\" data-end=\"798\">Es f\u00e1cil de colocar, lavable y discreto, pudiendo usarse con distintos tipos de calzado como zapatillas, zapatos, botas o tacones.<\/p>\n<p data-start=\"800\" data-end=\"832\"><strong data-start=\"800\" data-end=\"832\">Caracter\u00edsticas principales:<\/strong><\/p>\n<ul data-start=\"833\" data-end=\"1065\">\n<li data-start=\"833\" data-end=\"865\">\n<p data-start=\"835\" data-end=\"865\">Protege y amortigua el tal\u00f3n<\/p>\n<\/li>\n<li data-start=\"866\" data-end=\"906\">\n<p data-start=\"868\" data-end=\"906\">Reduce fricci\u00f3n y presi\u00f3n al caminar<\/p>\n<\/li>\n<li data-start=\"907\" data-end=\"944\">\n<p data-start=\"909\" data-end=\"944\">Silicona suave, flexible y c\u00f3moda<\/p>\n<\/li>\n<li data-start=\"945\" data-end=\"971\">\n<p data-start=\"947\" data-end=\"971\">Reutilizable y lavable<\/p>\n<\/li>\n<li data-start=\"972\" data-end=\"999\">\n<p data-start=\"974\" data-end=\"999\">F\u00e1cil de usar y ajustar<\/p>\n<\/li>\n<li data-start=\"1000\" data-end=\"1025\">\n<p data-start=\"1002\" data-end=\"1025\">Ideal para uso diario<\/p>\n<\/li>\n<li data-start=\"1026\" data-end=\"1065\">\n<p data-start=\"1028\" data-end=\"1065\">Compatible con todo tipo de calzado<\/p>\n<\/li>\n<\/ul>\n<p data-start=\"1067\" data-end=\"1144\">Perfecto para quienes buscan <strong data-start=\"1096\" data-end=\"1130\">alivio, protecci\u00f3n y bienestar<\/strong> en cada paso.<\/p>\n","protected":false},"excerpt":{"rendered":"<p>Protector para Talones de Silicona El protector para talones de silicona est\u00e1 dise\u00f1ado para brindar m\u00e1xima comodidad y protecci\u00f3n a tus pies durante el d\u00eda a d\u00eda. Ayuda a reducir la fricci\u00f3n, la presi\u00f3n y el impacto al caminar, siendo ideal para personas que pasan muchas horas de pie o usan calzado cerrado. Fabricado en [&hellip;]<\/p>\n","protected":false},"featured_media":16095,"template":"","meta":{"site-sidebar-layout":"default","site-content-layout":"","ast-site-content-layout":"default","site-content-style":"default","site-sidebar-style":"default","ast-global-header-display":"","ast-banner-title-visibility":"","ast-main-header-display":"","ast-hfb-above-header-display":"","ast-hfb-below-header-display":"","ast-hfb-mobile-header-display":"","site-post-title":"","ast-breadcrumbs-content":"","ast-featured-img":"","footer-sml-layout":"","ast-disable-related-posts":"","theme-transparent-header-meta":"default","adv-header-id-meta":"","stick-header-meta":"","header-above-stick-meta":"","header-main-stick-meta":"","header-below-stick-meta":"","astra-migrate-meta-layouts":"set","ast-page-background-enabled":"default","ast-page-background-meta":{"desktop":{"background-color":"var(--ast-global-color-4)","background-image":"","background-repeat":"repeat","background-position":"center center","background-size":"auto","background-attachment":"scroll","background-type":"","background-media":"","overlay-type":"","overlay-color":"","overlay-opacity":"","overlay-gradient":""},"tablet":{"background-color":"","background-image":"","background-repeat":"repeat","background-position":"center center","background-size":"auto","background-attachment":"scroll","background-type":"","background-media":"","overlay-type":"","overlay-color":"","overlay-opacity":"","overlay-gradient":""},"mobile":{"background-color":"","background-image":"","background-repeat":"repeat","background-position":"center center","background-size":"auto","background-attachment":"scroll","background-type":"","background-media":"","overlay-type":"","overlay-color":"","overlay-opacity":"","overlay-gradient":""}},"ast-content-background-meta":{"desktop":{"background-color":"var(--ast-global-color-5)","background-image":"","background-repeat":"repeat","background-position":"center center","background-size":"auto","background-attachment":"scroll","background-type":"","background-media":"","overlay-type":"","overlay-color":"","overlay-opacity":"","overlay-gradient":""},"tablet":{"background-color":"var(--ast-global-color-5)","background-image":"","background-repeat":"repeat","background-position":"center center","background-size":"auto","background-attachment":"scroll","background-type":"","background-media":"","overlay-type":"","overlay-color":"","overlay-opacity":"","overlay-gradient":""},"mobile":{"background-color":"var(--ast-global-color-5)","background-image":"","background-repeat":"repeat","background-position":"center center","background-size":"auto","background-attachment":"scroll","background-type":"","background-media":"","overlay-type":"","overlay-color":"","overlay-opacity":"","overlay-gradient":""}}},"product_brand":[],"product_cat":[368,428],"product_tag":[],"class_list":{"0":"post-16088","1":"product","2":"type-product","3":"status-publish","4":"has-post-thumbnail","6":"product_cat-otros","7":"product_cat-salud","8":"desktop-align-left","9":"tablet-align-left","10":"mobile-align-left","12":"first","13":"instock","14":"shipping-taxable","15":"purchasable","16":"product-type-simple"},"yoast_head":"<!-- This site is optimized with the Yoast SEO plugin v27.3 - https:\/\/yoast.com\/product\/yoast-seo-wordpress\/ -->\n<title>Protector Para Talones De Silicona - ROSE MVD<\/title>\n<meta name=\"description\" content=\"Fabricado en silicona suave, flexible y reutilizable, se adapta perfectamente al tal\u00f3n, proporcionando un efecto amortiguador\" \/>\n<meta name=\"robots\" content=\"index, follow, max-snippet:-1, max-image-preview:large, max-video-preview:-1\" \/>\n<link rel=\"canonical\" href=\"https:\/\/rosemvd.com\/index.php\/producto\/protector-para-talones-de-silicona\/\" \/>\n<meta property=\"og:locale\" content=\"es_ES\" \/>\n<meta property=\"og:type\" content=\"article\" \/>\n<meta property=\"og:title\" content=\"Protector Para Talones De Silicona - ROSE MVD\" \/>\n<meta property=\"og:description\" content=\"Fabricado en silicona suave, flexible y reutilizable, se adapta perfectamente al tal\u00f3n, proporcionando un efecto amortiguador\" \/>\n<meta property=\"og:url\" content=\"https:\/\/rosemvd.com\/index.php\/producto\/protector-para-talones-de-silicona\/\" \/>\n<meta property=\"og:site_name\" content=\"ROSE MVD\" \/>\n<meta property=\"article:publisher\" content=\"https:\/\/www.facebook.com\/TiendaRoseMvd\" \/>\n<meta property=\"article:modified_time\" content=\"2026-01-28T12:26:32+00:00\" \/>\n<meta property=\"og:image\" content=\"https:\/\/rosemvd.com\/wp-content\/uploads\/2026\/01\/D_NQ_NP_2X_943645-MLU105754723415_012026-F.webp\" \/>\n\t<meta property=\"og:image:width\" content=\"1200\" \/>\n\t<meta property=\"og:image:height\" content=\"1190\" \/>\n\t<meta property=\"og:image:type\" content=\"image\/webp\" \/>\n<meta name=\"twitter:card\" content=\"summary_large_image\" \/>\n<meta name=\"twitter:label1\" content=\"Tiempo de lectura\" \/>\n\t<meta name=\"twitter:data1\" content=\"1 minuto\" \/>\n<script type=\"application\/ld+json\" class=\"yoast-schema-graph\">{\"@context\":\"https:\\\/\\\/schema.org\",\"@graph\":[{\"@type\":\"WebPage\",\"@id\":\"https:\\\/\\\/rosemvd.com\\\/index.php\\\/producto\\\/protector-para-talones-de-silicona\\\/\",\"url\":\"https:\\\/\\\/rosemvd.com\\\/index.php\\\/producto\\\/protector-para-talones-de-silicona\\\/\",\"name\":\"Protector Para Talones De Silicona - ROSE MVD\",\"isPartOf\":{\"@id\":\"https:\\\/\\\/rosemvd.com\\\/#website\"},\"primaryImageOfPage\":{\"@id\":\"https:\\\/\\\/rosemvd.com\\\/index.php\\\/producto\\\/protector-para-talones-de-silicona\\\/#primaryimage\"},\"image\":{\"@id\":\"https:\\\/\\\/rosemvd.com\\\/index.php\\\/producto\\\/protector-para-talones-de-silicona\\\/#primaryimage\"},\"thumbnailUrl\":\"https:\\\/\\\/rosemvd.com\\\/wp-content\\\/uploads\\\/2026\\\/01\\\/D_NQ_NP_2X_943645-MLU105754723415_012026-F.webp\",\"datePublished\":\"2026-01-28T12:26:24+00:00\",\"dateModified\":\"2026-01-28T12:26:32+00:00\",\"description\":\"Fabricado en silicona suave, flexible y reutilizable, se adapta perfectamente al tal\u00f3n, proporcionando un efecto amortiguador\",\"breadcrumb\":{\"@id\":\"https:\\\/\\\/rosemvd.com\\\/index.php\\\/producto\\\/protector-para-talones-de-silicona\\\/#breadcrumb\"},\"inLanguage\":\"es\",\"potentialAction\":[{\"@type\":\"ReadAction\",\"target\":[\"https:\\\/\\\/rosemvd.com\\\/index.php\\\/producto\\\/protector-para-talones-de-silicona\\\/\"]}]},{\"@type\":\"ImageObject\",\"inLanguage\":\"es\",\"@id\":\"https:\\\/\\\/rosemvd.com\\\/index.php\\\/producto\\\/protector-para-talones-de-silicona\\\/#primaryimage\",\"url\":\"https:\\\/\\\/rosemvd.com\\\/wp-content\\\/uploads\\\/2026\\\/01\\\/D_NQ_NP_2X_943645-MLU105754723415_012026-F.webp\",\"contentUrl\":\"https:\\\/\\\/rosemvd.com\\\/wp-content\\\/uploads\\\/2026\\\/01\\\/D_NQ_NP_2X_943645-MLU105754723415_012026-F.webp\",\"width\":1200,\"height\":1190},{\"@type\":\"BreadcrumbList\",\"@id\":\"https:\\\/\\\/rosemvd.com\\\/index.php\\\/producto\\\/protector-para-talones-de-silicona\\\/#breadcrumb\",\"itemListElement\":[{\"@type\":\"ListItem\",\"position\":1,\"name\":\"Portada\",\"item\":\"https:\\\/\\\/rosemvd.com\\\/\"},{\"@type\":\"ListItem\",\"position\":2,\"name\":\"Tienda\",\"item\":\"https:\\\/\\\/rosemvd.com\\\/index.php\\\/tienda\\\/\"},{\"@type\":\"ListItem\",\"position\":3,\"name\":\"Protector Para Talones De Silicona\"}]},{\"@type\":\"WebSite\",\"@id\":\"https:\\\/\\\/rosemvd.com\\\/#website\",\"url\":\"https:\\\/\\\/rosemvd.com\\\/\",\"name\":\"ROSE MVD\",\"description\":\"Todo lo que buscas lo pod\u00e9s encontrar en rose mvd, especializados en traer todas las cosas nuevas en tendencia y accesorios diferentes y \u00fanicos.\",\"publisher\":{\"@id\":\"https:\\\/\\\/rosemvd.com\\\/#organization\"},\"potentialAction\":[{\"@type\":\"SearchAction\",\"target\":{\"@type\":\"EntryPoint\",\"urlTemplate\":\"https:\\\/\\\/rosemvd.com\\\/?s={search_term_string}\"},\"query-input\":{\"@type\":\"PropertyValueSpecification\",\"valueRequired\":true,\"valueName\":\"search_term_string\"}}],\"inLanguage\":\"es\"},{\"@type\":\"Organization\",\"@id\":\"https:\\\/\\\/rosemvd.com\\\/#organization\",\"name\":\"ROSE MVD\",\"alternateName\":\"ROSE MVD\",\"url\":\"https:\\\/\\\/rosemvd.com\\\/\",\"logo\":{\"@type\":\"ImageObject\",\"inLanguage\":\"es\",\"@id\":\"https:\\\/\\\/rosemvd.com\\\/#\\\/schema\\\/logo\\\/image\\\/\",\"url\":\"https:\\\/\\\/rosemvd.com\\\/wp-content\\\/uploads\\\/2023\\\/03\\\/Sin-titulo-2_Mesa-de-trabajo-1.png\",\"contentUrl\":\"https:\\\/\\\/rosemvd.com\\\/wp-content\\\/uploads\\\/2023\\\/03\\\/Sin-titulo-2_Mesa-de-trabajo-1.png\",\"width\":2084,\"height\":2084,\"caption\":\"ROSE MVD\"},\"image\":{\"@id\":\"https:\\\/\\\/rosemvd.com\\\/#\\\/schema\\\/logo\\\/image\\\/\"},\"sameAs\":[\"https:\\\/\\\/www.facebook.com\\\/TiendaRoseMvd\",\"https:\\\/\\\/www.instagram.com\\\/rose.mvd\"]}]}<\/script>\n<!-- \/ Yoast SEO plugin. -->","yoast_head_json":{"title":"Protector Para Talones De Silicona - ROSE MVD","description":"Fabricado en silicona suave, flexible y reutilizable, se adapta perfectamente al tal\u00f3n, proporcionando un efecto amortiguador","robots":{"index":"index","follow":"follow","max-snippet":"max-snippet:-1","max-image-preview":"max-image-preview:large","max-video-preview":"max-video-preview:-1"},"canonical":"https:\/\/rosemvd.com\/index.php\/producto\/protector-para-talones-de-silicona\/","og_locale":"es_ES","og_type":"article","og_title":"Protector Para Talones De Silicona - ROSE MVD","og_description":"Fabricado en silicona suave, flexible y reutilizable, se adapta perfectamente al tal\u00f3n, proporcionando un efecto amortiguador","og_url":"https:\/\/rosemvd.com\/index.php\/producto\/protector-para-talones-de-silicona\/","og_site_name":"ROSE MVD","article_publisher":"https:\/\/www.facebook.com\/TiendaRoseMvd","article_modified_time":"2026-01-28T12:26:32+00:00","og_image":[{"width":1200,"height":1190,"url":"https:\/\/rosemvd.com\/wp-content\/uploads\/2026\/01\/D_NQ_NP_2X_943645-MLU105754723415_012026-F.webp","type":"image\/webp"}],"twitter_card":"summary_large_image","twitter_misc":{"Tiempo de lectura":"1 minuto"},"schema":{"@context":"https:\/\/schema.org","@graph":[{"@type":"WebPage","@id":"https:\/\/rosemvd.com\/index.php\/producto\/protector-para-talones-de-silicona\/","url":"https:\/\/rosemvd.com\/index.php\/producto\/protector-para-talones-de-silicona\/","name":"Protector Para Talones De Silicona - ROSE MVD","isPartOf":{"@id":"https:\/\/rosemvd.com\/#website"},"primaryImageOfPage":{"@id":"https:\/\/rosemvd.com\/index.php\/producto\/protector-para-talones-de-silicona\/#primaryimage"},"image":{"@id":"https:\/\/rosemvd.com\/index.php\/producto\/protector-para-talones-de-silicona\/#primaryimage"},"thumbnailUrl":"https:\/\/rosemvd.com\/wp-content\/uploads\/2026\/01\/D_NQ_NP_2X_943645-MLU105754723415_012026-F.webp","datePublished":"2026-01-28T12:26:24+00:00","dateModified":"2026-01-28T12:26:32+00:00","description":"Fabricado en silicona suave, flexible y reutilizable, se adapta perfectamente al tal\u00f3n, proporcionando un efecto amortiguador","breadcrumb":{"@id":"https:\/\/rosemvd.com\/index.php\/producto\/protector-para-talones-de-silicona\/#breadcrumb"},"inLanguage":"es","potentialAction":[{"@type":"ReadAction","target":["https:\/\/rosemvd.com\/index.php\/producto\/protector-para-talones-de-silicona\/"]}]},{"@type":"ImageObject","inLanguage":"es","@id":"https:\/\/rosemvd.com\/index.php\/producto\/protector-para-talones-de-silicona\/#primaryimage","url":"https:\/\/rosemvd.com\/wp-content\/uploads\/2026\/01\/D_NQ_NP_2X_943645-MLU105754723415_012026-F.webp","contentUrl":"https:\/\/rosemvd.com\/wp-content\/uploads\/2026\/01\/D_NQ_NP_2X_943645-MLU105754723415_012026-F.webp","width":1200,"height":1190},{"@type":"BreadcrumbList","@id":"https:\/\/rosemvd.com\/index.php\/producto\/protector-para-talones-de-silicona\/#breadcrumb","itemListElement":[{"@type":"ListItem","position":1,"name":"Portada","item":"https:\/\/rosemvd.com\/"},{"@type":"ListItem","position":2,"name":"Tienda","item":"https:\/\/rosemvd.com\/index.php\/tienda\/"},{"@type":"ListItem","position":3,"name":"Protector Para Talones De Silicona"}]},{"@type":"WebSite","@id":"https:\/\/rosemvd.com\/#website","url":"https:\/\/rosemvd.com\/","name":"ROSE MVD","description":"Todo lo que buscas lo pod\u00e9s encontrar en rose mvd, especializados en traer todas las cosas nuevas en tendencia y accesorios diferentes y \u00fanicos.","publisher":{"@id":"https:\/\/rosemvd.com\/#organization"},"potentialAction":[{"@type":"SearchAction","target":{"@type":"EntryPoint","urlTemplate":"https:\/\/rosemvd.com\/?s={search_term_string}"},"query-input":{"@type":"PropertyValueSpecification","valueRequired":true,"valueName":"search_term_string"}}],"inLanguage":"es"},{"@type":"Organization","@id":"https:\/\/rosemvd.com\/#organization","name":"ROSE MVD","alternateName":"ROSE MVD","url":"https:\/\/rosemvd.com\/","logo":{"@type":"ImageObject","inLanguage":"es","@id":"https:\/\/rosemvd.com\/#\/schema\/logo\/image\/","url":"https:\/\/rosemvd.com\/wp-content\/uploads\/2023\/03\/Sin-titulo-2_Mesa-de-trabajo-1.png","contentUrl":"https:\/\/rosemvd.com\/wp-content\/uploads\/2023\/03\/Sin-titulo-2_Mesa-de-trabajo-1.png","width":2084,"height":2084,"caption":"ROSE MVD"},"image":{"@id":"https:\/\/rosemvd.com\/#\/schema\/logo\/image\/"},"sameAs":["https:\/\/www.facebook.com\/TiendaRoseMvd","https:\/\/www.instagram.com\/rose.mvd"]}]}},"_links":{"self":[{"href":"https:\/\/rosemvd.com\/index.php\/wp-json\/wp\/v2\/product\/16088","targetHints":{"allow":["GET"]}}],"collection":[{"href":"https:\/\/rosemvd.com\/index.php\/wp-json\/wp\/v2\/product"}],"about":[{"href":"https:\/\/rosemvd.com\/index.php\/wp-json\/wp\/v2\/types\/product"}],"wp:featuredmedia":[{"embeddable":true,"href":"https:\/\/rosemvd.com\/index.php\/wp-json\/wp\/v2\/media\/16095"}],"wp:attachment":[{"href":"https:\/\/rosemvd.com\/index.php\/wp-json\/wp\/v2\/media?parent=16088"}],"wp:term":[{"taxonomy":"product_brand","embeddable":true,"href":"https:\/\/rosemvd.com\/index.php\/wp-json\/wp\/v2\/product_brand?post=16088"},{"taxonomy":"product_cat","embeddable":true,"href":"https:\/\/rosemvd.com\/index.php\/wp-json\/wp\/v2\/product_cat?post=16088"},{"taxonomy":"product_tag","embeddable":true,"href":"https:\/\/rosemvd.com\/index.php\/wp-json\/wp\/v2\/product_tag?post=16088"}],"curies":[{"name":"wp","href":"https:\/\/api.w.org\/{rel}","templated":true}]}}