{"id":14953,"date":"2025-10-15T13:53:37","date_gmt":"2025-10-15T16:53:37","guid":{"rendered":"https:\/\/rosemvd.com\/?post_type=product&#038;p=14953"},"modified":"2026-04-21T16:17:35","modified_gmt":"2026-04-21T19:17:35","slug":"lapiz-labial-hidratante-aloe-vera","status":"publish","type":"product","link":"https:\/\/rosemvd.com\/index.php\/producto\/lapiz-labial-hidratante-aloe-vera\/","title":{"rendered":"L\u00e1piz Labial Hidratante Aloe Vera"},"content":{"rendered":"<p data-start=\"77\" data-end=\"445\"><strong data-start=\"77\" data-end=\"112\">Labial Hidratante con Aloe Vera<\/strong><br data-start=\"112\" data-end=\"115\" \/>Un labial nutritivo que cuida y realza tus labios. Formulado con <strong data-start=\"180\" data-end=\"249\">aloe vera, aguacate, aceite de jojoba, vitamina E, ricino y oliva<\/strong>, proporciona hidrataci\u00f3n profunda y suavidad. Su f\u00f3rmula inteligente se adapta al pH de tus labios, transform\u00e1ndose en un tono <strong data-start=\"377\" data-end=\"409\">nude natural o un rojo sutil<\/strong>, perfecto para cualquier ocasi\u00f3n.<\/p>\n<ul data-start=\"447\" data-end=\"532\">\n<li data-start=\"447\" data-end=\"469\">\n<p data-start=\"449\" data-end=\"469\">Hidrata y protege.<\/p>\n<\/li>\n<li data-start=\"470\" data-end=\"497\">\n<p data-start=\"472\" data-end=\"497\">Textura suave y ligera.<\/p>\n<\/li>\n<li data-start=\"498\" data-end=\"532\">\n<p data-start=\"500\" data-end=\"532\">Acabado natural y favorecedor.<\/p>\n<\/li>\n<\/ul>\n<p data-start=\"534\" data-end=\"600\">Ideal para quienes buscan belleza y cuidado en un solo producto.<\/p>\n","protected":false},"excerpt":{"rendered":"<p>Labial Hidratante con Aloe VeraUn labial nutritivo que cuida y realza tus labios. Formulado con aloe vera, aguacate, aceite de jojoba, vitamina E, ricino y oliva, proporciona hidrataci\u00f3n profunda y suavidad. Su f\u00f3rmula inteligente se adapta al pH de tus labios, transform\u00e1ndose en un tono nude natural o un rojo sutil, perfecto para cualquier ocasi\u00f3n. [&hellip;]<\/p>\n","protected":false},"featured_media":14957,"template":"","meta":{"site-sidebar-layout":"default","site-content-layout":"","ast-site-content-layout":"default","site-content-style":"default","site-sidebar-style":"default","ast-global-header-display":"","ast-banner-title-visibility":"","ast-main-header-display":"","ast-hfb-above-header-display":"","ast-hfb-below-header-display":"","ast-hfb-mobile-header-display":"","site-post-title":"","ast-breadcrumbs-content":"","ast-featured-img":"","footer-sml-layout":"","ast-disable-related-posts":"","theme-transparent-header-meta":"default","adv-header-id-meta":"","stick-header-meta":"","header-above-stick-meta":"","header-main-stick-meta":"","header-below-stick-meta":"","astra-migrate-meta-layouts":"set","ast-page-background-enabled":"default","ast-page-background-meta":{"desktop":{"background-color":"var(--ast-global-color-4)","background-image":"","background-repeat":"repeat","background-position":"center center","background-size":"auto","background-attachment":"scroll","background-type":"","background-media":"","overlay-type":"","overlay-color":"","overlay-opacity":"","overlay-gradient":""},"tablet":{"background-color":"","background-image":"","background-repeat":"repeat","background-position":"center center","background-size":"auto","background-attachment":"scroll","background-type":"","background-media":"","overlay-type":"","overlay-color":"","overlay-opacity":"","overlay-gradient":""},"mobile":{"background-color":"","background-image":"","background-repeat":"repeat","background-position":"center center","background-size":"auto","background-attachment":"scroll","background-type":"","background-media":"","overlay-type":"","overlay-color":"","overlay-opacity":"","overlay-gradient":""}},"ast-content-background-meta":{"desktop":{"background-color":"var(--ast-global-color-5)","background-image":"","background-repeat":"repeat","background-position":"center center","background-size":"auto","background-attachment":"scroll","background-type":"","background-media":"","overlay-type":"","overlay-color":"","overlay-opacity":"","overlay-gradient":""},"tablet":{"background-color":"var(--ast-global-color-5)","background-image":"","background-repeat":"repeat","background-position":"center center","background-size":"auto","background-attachment":"scroll","background-type":"","background-media":"","overlay-type":"","overlay-color":"","overlay-opacity":"","overlay-gradient":""},"mobile":{"background-color":"var(--ast-global-color-5)","background-image":"","background-repeat":"repeat","background-position":"center center","background-size":"auto","background-attachment":"scroll","background-type":"","background-media":"","overlay-type":"","overlay-color":"","overlay-opacity":"","overlay-gradient":""}}},"product_brand":[],"product_cat":[17,467],"product_tag":[],"class_list":{"0":"post-14953","1":"product","2":"type-product","3":"status-publish","4":"has-post-thumbnail","6":"product_cat-belleza","7":"product_cat-maquillaje-belleza","8":"desktop-align-left","9":"tablet-align-left","10":"mobile-align-left","12":"first","13":"instock","14":"shipping-taxable","15":"purchasable","16":"product-type-simple"},"yoast_head":"<!-- This site is optimized with the Yoast SEO plugin v27.3 - https:\/\/yoast.com\/product\/yoast-seo-wordpress\/ -->\n<title>L\u00e1piz Labial Hidratante Aloe Vera - ROSE MVD<\/title>\n<meta name=\"description\" content=\"Labial nutritivo que cuida y realza tus labios. Con aloe vera, aguacate, aceite de jojoba, vitamina E, ricino y oliva, hidrataci\u00f3n profunda y suavidad\" \/>\n<meta name=\"robots\" content=\"index, follow, max-snippet:-1, max-image-preview:large, max-video-preview:-1\" \/>\n<link rel=\"canonical\" href=\"https:\/\/rosemvd.com\/index.php\/producto\/lapiz-labial-hidratante-aloe-vera\/\" \/>\n<meta property=\"og:locale\" content=\"es_ES\" \/>\n<meta property=\"og:type\" content=\"article\" \/>\n<meta property=\"og:title\" content=\"L\u00e1piz Labial Hidratante Aloe Vera - ROSE MVD\" \/>\n<meta property=\"og:description\" content=\"Labial nutritivo que cuida y realza tus labios. Con aloe vera, aguacate, aceite de jojoba, vitamina E, ricino y oliva, hidrataci\u00f3n profunda y suavidad\" \/>\n<meta property=\"og:url\" content=\"https:\/\/rosemvd.com\/index.php\/producto\/lapiz-labial-hidratante-aloe-vera\/\" \/>\n<meta property=\"og:site_name\" content=\"ROSE MVD\" \/>\n<meta property=\"article:publisher\" content=\"https:\/\/www.facebook.com\/TiendaRoseMvd\" \/>\n<meta property=\"article:modified_time\" content=\"2026-04-21T19:17:35+00:00\" \/>\n<meta property=\"og:image\" content=\"https:\/\/rosemvd.com\/wp-content\/uploads\/2025\/10\/D_NQ_NP_2X_936128-CBT87031829115_072025-F-e1760378468365.webp\" \/>\n\t<meta property=\"og:image:width\" content=\"1142\" \/>\n\t<meta property=\"og:image:height\" content=\"942\" \/>\n\t<meta property=\"og:image:type\" content=\"image\/webp\" \/>\n<meta name=\"twitter:card\" content=\"summary_large_image\" \/>\n<meta name=\"twitter:label1\" content=\"Tiempo de lectura\" \/>\n\t<meta name=\"twitter:data1\" content=\"1 minuto\" \/>\n<script type=\"application\/ld+json\" class=\"yoast-schema-graph\">{\"@context\":\"https:\\\/\\\/schema.org\",\"@graph\":[{\"@type\":\"WebPage\",\"@id\":\"https:\\\/\\\/rosemvd.com\\\/index.php\\\/producto\\\/lapiz-labial-hidratante-aloe-vera\\\/\",\"url\":\"https:\\\/\\\/rosemvd.com\\\/index.php\\\/producto\\\/lapiz-labial-hidratante-aloe-vera\\\/\",\"name\":\"L\u00e1piz Labial Hidratante Aloe Vera - ROSE MVD\",\"isPartOf\":{\"@id\":\"https:\\\/\\\/rosemvd.com\\\/#website\"},\"primaryImageOfPage\":{\"@id\":\"https:\\\/\\\/rosemvd.com\\\/index.php\\\/producto\\\/lapiz-labial-hidratante-aloe-vera\\\/#primaryimage\"},\"image\":{\"@id\":\"https:\\\/\\\/rosemvd.com\\\/index.php\\\/producto\\\/lapiz-labial-hidratante-aloe-vera\\\/#primaryimage\"},\"thumbnailUrl\":\"https:\\\/\\\/rosemvd.com\\\/wp-content\\\/uploads\\\/2025\\\/10\\\/D_NQ_NP_2X_936128-CBT87031829115_072025-F-e1760378468365.webp\",\"datePublished\":\"2025-10-15T16:53:37+00:00\",\"dateModified\":\"2026-04-21T19:17:35+00:00\",\"description\":\"Labial nutritivo que cuida y realza tus labios. Con aloe vera, aguacate, aceite de jojoba, vitamina E, ricino y oliva, hidrataci\u00f3n profunda y suavidad\",\"breadcrumb\":{\"@id\":\"https:\\\/\\\/rosemvd.com\\\/index.php\\\/producto\\\/lapiz-labial-hidratante-aloe-vera\\\/#breadcrumb\"},\"inLanguage\":\"es\",\"potentialAction\":[{\"@type\":\"ReadAction\",\"target\":[\"https:\\\/\\\/rosemvd.com\\\/index.php\\\/producto\\\/lapiz-labial-hidratante-aloe-vera\\\/\"]}]},{\"@type\":\"ImageObject\",\"inLanguage\":\"es\",\"@id\":\"https:\\\/\\\/rosemvd.com\\\/index.php\\\/producto\\\/lapiz-labial-hidratante-aloe-vera\\\/#primaryimage\",\"url\":\"https:\\\/\\\/rosemvd.com\\\/wp-content\\\/uploads\\\/2025\\\/10\\\/D_NQ_NP_2X_936128-CBT87031829115_072025-F-e1760378468365.webp\",\"contentUrl\":\"https:\\\/\\\/rosemvd.com\\\/wp-content\\\/uploads\\\/2025\\\/10\\\/D_NQ_NP_2X_936128-CBT87031829115_072025-F-e1760378468365.webp\",\"width\":1142,\"height\":942},{\"@type\":\"BreadcrumbList\",\"@id\":\"https:\\\/\\\/rosemvd.com\\\/index.php\\\/producto\\\/lapiz-labial-hidratante-aloe-vera\\\/#breadcrumb\",\"itemListElement\":[{\"@type\":\"ListItem\",\"position\":1,\"name\":\"Portada\",\"item\":\"https:\\\/\\\/rosemvd.com\\\/\"},{\"@type\":\"ListItem\",\"position\":2,\"name\":\"Tienda\",\"item\":\"https:\\\/\\\/rosemvd.com\\\/index.php\\\/tienda\\\/\"},{\"@type\":\"ListItem\",\"position\":3,\"name\":\"L\u00e1piz Labial Hidratante Aloe Vera\"}]},{\"@type\":\"WebSite\",\"@id\":\"https:\\\/\\\/rosemvd.com\\\/#website\",\"url\":\"https:\\\/\\\/rosemvd.com\\\/\",\"name\":\"ROSE MVD\",\"description\":\"Todo lo que no sab\u00edas que necesitabas, lo \u00faltimo en tendencia, utilidad e innovaci\u00f3n\",\"publisher\":{\"@id\":\"https:\\\/\\\/rosemvd.com\\\/#organization\"},\"potentialAction\":[{\"@type\":\"SearchAction\",\"target\":{\"@type\":\"EntryPoint\",\"urlTemplate\":\"https:\\\/\\\/rosemvd.com\\\/?s={search_term_string}\"},\"query-input\":{\"@type\":\"PropertyValueSpecification\",\"valueRequired\":true,\"valueName\":\"search_term_string\"}}],\"inLanguage\":\"es\"},{\"@type\":\"Organization\",\"@id\":\"https:\\\/\\\/rosemvd.com\\\/#organization\",\"name\":\"ROSE MVD\",\"alternateName\":\"ROSE MVD\",\"url\":\"https:\\\/\\\/rosemvd.com\\\/\",\"logo\":{\"@type\":\"ImageObject\",\"inLanguage\":\"es\",\"@id\":\"https:\\\/\\\/rosemvd.com\\\/#\\\/schema\\\/logo\\\/image\\\/\",\"url\":\"https:\\\/\\\/rosemvd.com\\\/wp-content\\\/uploads\\\/2023\\\/03\\\/Sin-titulo-2_Mesa-de-trabajo-1.png\",\"contentUrl\":\"https:\\\/\\\/rosemvd.com\\\/wp-content\\\/uploads\\\/2023\\\/03\\\/Sin-titulo-2_Mesa-de-trabajo-1.png\",\"width\":2084,\"height\":2084,\"caption\":\"ROSE MVD\"},\"image\":{\"@id\":\"https:\\\/\\\/rosemvd.com\\\/#\\\/schema\\\/logo\\\/image\\\/\"},\"sameAs\":[\"https:\\\/\\\/www.facebook.com\\\/TiendaRoseMvd\",\"https:\\\/\\\/www.instagram.com\\\/rose.mvd\"]}]}<\/script>\n<!-- \/ Yoast SEO plugin. -->","yoast_head_json":{"title":"L\u00e1piz Labial Hidratante Aloe Vera - ROSE MVD","description":"Labial nutritivo que cuida y realza tus labios. Con aloe vera, aguacate, aceite de jojoba, vitamina E, ricino y oliva, hidrataci\u00f3n profunda y suavidad","robots":{"index":"index","follow":"follow","max-snippet":"max-snippet:-1","max-image-preview":"max-image-preview:large","max-video-preview":"max-video-preview:-1"},"canonical":"https:\/\/rosemvd.com\/index.php\/producto\/lapiz-labial-hidratante-aloe-vera\/","og_locale":"es_ES","og_type":"article","og_title":"L\u00e1piz Labial Hidratante Aloe Vera - ROSE MVD","og_description":"Labial nutritivo que cuida y realza tus labios. Con aloe vera, aguacate, aceite de jojoba, vitamina E, ricino y oliva, hidrataci\u00f3n profunda y suavidad","og_url":"https:\/\/rosemvd.com\/index.php\/producto\/lapiz-labial-hidratante-aloe-vera\/","og_site_name":"ROSE MVD","article_publisher":"https:\/\/www.facebook.com\/TiendaRoseMvd","article_modified_time":"2026-04-21T19:17:35+00:00","og_image":[{"width":1142,"height":942,"url":"https:\/\/rosemvd.com\/wp-content\/uploads\/2025\/10\/D_NQ_NP_2X_936128-CBT87031829115_072025-F-e1760378468365.webp","type":"image\/webp"}],"twitter_card":"summary_large_image","twitter_misc":{"Tiempo de lectura":"1 minuto"},"schema":{"@context":"https:\/\/schema.org","@graph":[{"@type":"WebPage","@id":"https:\/\/rosemvd.com\/index.php\/producto\/lapiz-labial-hidratante-aloe-vera\/","url":"https:\/\/rosemvd.com\/index.php\/producto\/lapiz-labial-hidratante-aloe-vera\/","name":"L\u00e1piz Labial Hidratante Aloe Vera - ROSE MVD","isPartOf":{"@id":"https:\/\/rosemvd.com\/#website"},"primaryImageOfPage":{"@id":"https:\/\/rosemvd.com\/index.php\/producto\/lapiz-labial-hidratante-aloe-vera\/#primaryimage"},"image":{"@id":"https:\/\/rosemvd.com\/index.php\/producto\/lapiz-labial-hidratante-aloe-vera\/#primaryimage"},"thumbnailUrl":"https:\/\/rosemvd.com\/wp-content\/uploads\/2025\/10\/D_NQ_NP_2X_936128-CBT87031829115_072025-F-e1760378468365.webp","datePublished":"2025-10-15T16:53:37+00:00","dateModified":"2026-04-21T19:17:35+00:00","description":"Labial nutritivo que cuida y realza tus labios. Con aloe vera, aguacate, aceite de jojoba, vitamina E, ricino y oliva, hidrataci\u00f3n profunda y suavidad","breadcrumb":{"@id":"https:\/\/rosemvd.com\/index.php\/producto\/lapiz-labial-hidratante-aloe-vera\/#breadcrumb"},"inLanguage":"es","potentialAction":[{"@type":"ReadAction","target":["https:\/\/rosemvd.com\/index.php\/producto\/lapiz-labial-hidratante-aloe-vera\/"]}]},{"@type":"ImageObject","inLanguage":"es","@id":"https:\/\/rosemvd.com\/index.php\/producto\/lapiz-labial-hidratante-aloe-vera\/#primaryimage","url":"https:\/\/rosemvd.com\/wp-content\/uploads\/2025\/10\/D_NQ_NP_2X_936128-CBT87031829115_072025-F-e1760378468365.webp","contentUrl":"https:\/\/rosemvd.com\/wp-content\/uploads\/2025\/10\/D_NQ_NP_2X_936128-CBT87031829115_072025-F-e1760378468365.webp","width":1142,"height":942},{"@type":"BreadcrumbList","@id":"https:\/\/rosemvd.com\/index.php\/producto\/lapiz-labial-hidratante-aloe-vera\/#breadcrumb","itemListElement":[{"@type":"ListItem","position":1,"name":"Portada","item":"https:\/\/rosemvd.com\/"},{"@type":"ListItem","position":2,"name":"Tienda","item":"https:\/\/rosemvd.com\/index.php\/tienda\/"},{"@type":"ListItem","position":3,"name":"L\u00e1piz Labial Hidratante Aloe Vera"}]},{"@type":"WebSite","@id":"https:\/\/rosemvd.com\/#website","url":"https:\/\/rosemvd.com\/","name":"ROSE MVD","description":"Todo lo que no sab\u00edas que necesitabas, lo \u00faltimo en tendencia, utilidad e innovaci\u00f3n","publisher":{"@id":"https:\/\/rosemvd.com\/#organization"},"potentialAction":[{"@type":"SearchAction","target":{"@type":"EntryPoint","urlTemplate":"https:\/\/rosemvd.com\/?s={search_term_string}"},"query-input":{"@type":"PropertyValueSpecification","valueRequired":true,"valueName":"search_term_string"}}],"inLanguage":"es"},{"@type":"Organization","@id":"https:\/\/rosemvd.com\/#organization","name":"ROSE MVD","alternateName":"ROSE MVD","url":"https:\/\/rosemvd.com\/","logo":{"@type":"ImageObject","inLanguage":"es","@id":"https:\/\/rosemvd.com\/#\/schema\/logo\/image\/","url":"https:\/\/rosemvd.com\/wp-content\/uploads\/2023\/03\/Sin-titulo-2_Mesa-de-trabajo-1.png","contentUrl":"https:\/\/rosemvd.com\/wp-content\/uploads\/2023\/03\/Sin-titulo-2_Mesa-de-trabajo-1.png","width":2084,"height":2084,"caption":"ROSE MVD"},"image":{"@id":"https:\/\/rosemvd.com\/#\/schema\/logo\/image\/"},"sameAs":["https:\/\/www.facebook.com\/TiendaRoseMvd","https:\/\/www.instagram.com\/rose.mvd"]}]}},"_links":{"self":[{"href":"https:\/\/rosemvd.com\/index.php\/wp-json\/wp\/v2\/product\/14953","targetHints":{"allow":["GET"]}}],"collection":[{"href":"https:\/\/rosemvd.com\/index.php\/wp-json\/wp\/v2\/product"}],"about":[{"href":"https:\/\/rosemvd.com\/index.php\/wp-json\/wp\/v2\/types\/product"}],"wp:featuredmedia":[{"embeddable":true,"href":"https:\/\/rosemvd.com\/index.php\/wp-json\/wp\/v2\/media\/14957"}],"wp:attachment":[{"href":"https:\/\/rosemvd.com\/index.php\/wp-json\/wp\/v2\/media?parent=14953"}],"wp:term":[{"taxonomy":"product_brand","embeddable":true,"href":"https:\/\/rosemvd.com\/index.php\/wp-json\/wp\/v2\/product_brand?post=14953"},{"taxonomy":"product_cat","embeddable":true,"href":"https:\/\/rosemvd.com\/index.php\/wp-json\/wp\/v2\/product_cat?post=14953"},{"taxonomy":"product_tag","embeddable":true,"href":"https:\/\/rosemvd.com\/index.php\/wp-json\/wp\/v2\/product_tag?post=14953"}],"curies":[{"name":"wp","href":"https:\/\/api.w.org\/{rel}","templated":true}]}}