{"id":14684,"date":"2025-09-23T13:57:00","date_gmt":"2025-09-23T16:57:00","guid":{"rendered":"https:\/\/rosemvd.com\/?post_type=product&#038;p=14684"},"modified":"2026-04-21T21:53:30","modified_gmt":"2026-04-22T00:53:30","slug":"audifono-doble-recargable-para-perdida-auditiva","status":"publish","type":"product","link":"https:\/\/rosemvd.com\/index.php\/producto\/audifono-doble-recargable-para-perdida-auditiva\/","title":{"rendered":"Aud\u00edfono Doble Recargable para P\u00e9rdida Auditiva"},"content":{"rendered":"<h5 data-start=\"123\" data-end=\"187\">Aud\u00edfono Recargable USB \u2013 Aparato para Problemas de Audici\u00f3n<\/h5>\n<h5 data-start=\"189\" data-end=\"222\"><\/h5>\n<h5 data-start=\"189\" data-end=\"222\">Caracter\u00edsticas principales<\/h5>\n<ul data-start=\"223\" data-end=\"885\">\n<li data-start=\"223\" data-end=\"382\">\n<p data-start=\"225\" data-end=\"382\"><strong data-start=\"225\" data-end=\"255\">Bater\u00eda de larga duraci\u00f3n:<\/strong> Autonom\u00eda para todo el d\u00eda con una sola carga. Olv\u00eddate de preocuparte por quedarte sin energ\u00eda en los momentos importantes.<\/p>\n<\/li>\n<li data-start=\"383\" data-end=\"501\">\n<p data-start=\"385\" data-end=\"501\"><strong data-start=\"385\" data-end=\"408\">Recargable por USB:<\/strong> F\u00e1cil y pr\u00e1ctico de cargar en cualquier puerto USB, sin necesidad de bater\u00edas desechables.<\/p>\n<\/li>\n<li data-start=\"502\" data-end=\"638\">\n<p data-start=\"504\" data-end=\"638\"><strong data-start=\"504\" data-end=\"536\">Dise\u00f1o cl\u00e1sico y resistente:<\/strong> Construcci\u00f3n robusta y de calidad, ideal para uso diario tanto en adultos como en personas mayores.<\/p>\n<\/li>\n<li data-start=\"639\" data-end=\"757\">\n<p data-start=\"641\" data-end=\"757\"><strong data-start=\"641\" data-end=\"668\">Ajuste c\u00f3modo y ligero:<\/strong> Dise\u00f1ado para adaptarse al o\u00eddo sin causar molestias, incluso durante largas jornadas.<\/p>\n<\/li>\n<li data-start=\"758\" data-end=\"885\">\n<p data-start=\"760\" data-end=\"885\"><strong data-start=\"760\" data-end=\"782\">Volumen regulable:<\/strong> Control sencillo para personalizar la intensidad del sonido y adaptarlo a tus necesidades auditivas.<\/p>\n<\/li>\n<\/ul>\n<h5 data-start=\"887\" data-end=\"903\">Beneficios<\/h5>\n<ul data-start=\"904\" data-end=\"1120\">\n<li data-start=\"904\" data-end=\"972\">\n<p data-start=\"906\" data-end=\"972\">Recupera la claridad en conversaciones y actividades cotidianas.<\/p>\n<\/li>\n<li data-start=\"973\" data-end=\"1012\">\n<p data-start=\"975\" data-end=\"1012\">F\u00e1cil de usar, pr\u00e1ctico y port\u00e1til.<\/p>\n<\/li>\n<li data-start=\"1013\" data-end=\"1120\">\n<p data-start=\"1015\" data-end=\"1120\">Soluci\u00f3n confiable y accesible para mejorar la calidad de vida de quienes tienen problemas de audici\u00f3n.<\/p>\n<\/li>\n<\/ul>\n","protected":false},"excerpt":{"rendered":"<p>Aud\u00edfono Recargable USB \u2013 Aparato para Problemas de Audici\u00f3n Caracter\u00edsticas principales Bater\u00eda de larga duraci\u00f3n: Autonom\u00eda para todo el d\u00eda con una sola carga. Olv\u00eddate de preocuparte por quedarte sin energ\u00eda en los momentos importantes. Recargable por USB: F\u00e1cil y pr\u00e1ctico de cargar en cualquier puerto USB, sin necesidad de bater\u00edas desechables. Dise\u00f1o cl\u00e1sico y [&hellip;]<\/p>\n","protected":false},"featured_media":14666,"template":"","meta":{"site-sidebar-layout":"default","site-content-layout":"","ast-site-content-layout":"default","site-content-style":"default","site-sidebar-style":"default","ast-global-header-display":"","ast-banner-title-visibility":"","ast-main-header-display":"","ast-hfb-above-header-display":"","ast-hfb-below-header-display":"","ast-hfb-mobile-header-display":"","site-post-title":"","ast-breadcrumbs-content":"","ast-featured-img":"","footer-sml-layout":"","ast-disable-related-posts":"","theme-transparent-header-meta":"default","adv-header-id-meta":"","stick-header-meta":"","header-above-stick-meta":"","header-main-stick-meta":"","header-below-stick-meta":"","astra-migrate-meta-layouts":"set","ast-page-background-enabled":"default","ast-page-background-meta":{"desktop":{"background-color":"var(--ast-global-color-4)","background-image":"","background-repeat":"repeat","background-position":"center center","background-size":"auto","background-attachment":"scroll","background-type":"","background-media":"","overlay-type":"","overlay-color":"","overlay-opacity":"","overlay-gradient":""},"tablet":{"background-color":"","background-image":"","background-repeat":"repeat","background-position":"center center","background-size":"auto","background-attachment":"scroll","background-type":"","background-media":"","overlay-type":"","overlay-color":"","overlay-opacity":"","overlay-gradient":""},"mobile":{"background-color":"","background-image":"","background-repeat":"repeat","background-position":"center center","background-size":"auto","background-attachment":"scroll","background-type":"","background-media":"","overlay-type":"","overlay-color":"","overlay-opacity":"","overlay-gradient":""}},"ast-content-background-meta":{"desktop":{"background-color":"var(--ast-global-color-5)","background-image":"","background-repeat":"repeat","background-position":"center center","background-size":"auto","background-attachment":"scroll","background-type":"","background-media":"","overlay-type":"","overlay-color":"","overlay-opacity":"","overlay-gradient":""},"tablet":{"background-color":"var(--ast-global-color-5)","background-image":"","background-repeat":"repeat","background-position":"center center","background-size":"auto","background-attachment":"scroll","background-type":"","background-media":"","overlay-type":"","overlay-color":"","overlay-opacity":"","overlay-gradient":""},"mobile":{"background-color":"var(--ast-global-color-5)","background-image":"","background-repeat":"repeat","background-position":"center center","background-size":"auto","background-attachment":"scroll","background-type":"","background-media":"","overlay-type":"","overlay-color":"","overlay-opacity":"","overlay-gradient":""}}},"product_brand":[],"product_cat":[447,457,368],"product_tag":[],"class_list":{"0":"post-14684","1":"product","2":"type-product","3":"status-publish","4":"has-post-thumbnail","6":"product_cat-bienestar","7":"product_cat-dispositivos-de-cuidado","8":"product_cat-otros","9":"desktop-align-left","10":"tablet-align-left","11":"mobile-align-left","13":"first","14":"instock","15":"shipping-taxable","16":"purchasable","17":"product-type-simple"},"yoast_head":"<!-- This site is optimized with the Yoast SEO plugin v27.3 - https:\/\/yoast.com\/product\/yoast-seo-wordpress\/ -->\n<title>Aud\u00edfono Doble Recargable para P\u00e9rdida Auditiva - ROSE MVD<\/title>\n<meta name=\"robots\" content=\"index, follow, max-snippet:-1, max-image-preview:large, max-video-preview:-1\" \/>\n<link rel=\"canonical\" href=\"https:\/\/rosemvd.com\/index.php\/producto\/audifono-doble-recargable-para-perdida-auditiva\/\" \/>\n<meta property=\"og:locale\" content=\"es_ES\" \/>\n<meta property=\"og:type\" content=\"article\" \/>\n<meta property=\"og:title\" content=\"Aud\u00edfono Doble Recargable para P\u00e9rdida Auditiva - ROSE MVD\" \/>\n<meta property=\"og:description\" content=\"Aud\u00edfono Recargable USB \u2013 Aparato para Problemas de Audici\u00f3n Caracter\u00edsticas principales Bater\u00eda de larga duraci\u00f3n: Autonom\u00eda para todo el d\u00eda con una sola carga. Olv\u00eddate de preocuparte por quedarte sin energ\u00eda en los momentos importantes. Recargable por USB: F\u00e1cil y pr\u00e1ctico de cargar en cualquier puerto USB, sin necesidad de bater\u00edas desechables. Dise\u00f1o cl\u00e1sico y [&hellip;]\" \/>\n<meta property=\"og:url\" content=\"https:\/\/rosemvd.com\/index.php\/producto\/audifono-doble-recargable-para-perdida-auditiva\/\" \/>\n<meta property=\"og:site_name\" content=\"ROSE MVD\" \/>\n<meta property=\"article:publisher\" content=\"https:\/\/www.facebook.com\/TiendaRoseMvd\" \/>\n<meta property=\"article:modified_time\" content=\"2026-04-22T00:53:30+00:00\" \/>\n<meta property=\"og:image\" content=\"https:\/\/rosemvd.com\/wp-content\/uploads\/2025\/09\/D_NQ_NP_2X_719563-MCO89869162879_082025-F.webp\" \/>\n\t<meta property=\"og:image:width\" content=\"1200\" \/>\n\t<meta property=\"og:image:height\" content=\"1156\" \/>\n\t<meta property=\"og:image:type\" content=\"image\/webp\" \/>\n<meta name=\"twitter:card\" content=\"summary_large_image\" \/>\n<meta name=\"twitter:label1\" content=\"Tiempo de lectura\" \/>\n\t<meta name=\"twitter:data1\" content=\"1 minuto\" \/>\n<script type=\"application\/ld+json\" class=\"yoast-schema-graph\">{\"@context\":\"https:\\\/\\\/schema.org\",\"@graph\":[{\"@type\":\"WebPage\",\"@id\":\"https:\\\/\\\/rosemvd.com\\\/index.php\\\/producto\\\/audifono-doble-recargable-para-perdida-auditiva\\\/\",\"url\":\"https:\\\/\\\/rosemvd.com\\\/index.php\\\/producto\\\/audifono-doble-recargable-para-perdida-auditiva\\\/\",\"name\":\"Aud\u00edfono Doble Recargable para P\u00e9rdida Auditiva - ROSE MVD\",\"isPartOf\":{\"@id\":\"https:\\\/\\\/rosemvd.com\\\/#website\"},\"primaryImageOfPage\":{\"@id\":\"https:\\\/\\\/rosemvd.com\\\/index.php\\\/producto\\\/audifono-doble-recargable-para-perdida-auditiva\\\/#primaryimage\"},\"image\":{\"@id\":\"https:\\\/\\\/rosemvd.com\\\/index.php\\\/producto\\\/audifono-doble-recargable-para-perdida-auditiva\\\/#primaryimage\"},\"thumbnailUrl\":\"https:\\\/\\\/rosemvd.com\\\/wp-content\\\/uploads\\\/2025\\\/09\\\/D_NQ_NP_2X_719563-MCO89869162879_082025-F.webp\",\"datePublished\":\"2025-09-23T16:57:00+00:00\",\"dateModified\":\"2026-04-22T00:53:30+00:00\",\"breadcrumb\":{\"@id\":\"https:\\\/\\\/rosemvd.com\\\/index.php\\\/producto\\\/audifono-doble-recargable-para-perdida-auditiva\\\/#breadcrumb\"},\"inLanguage\":\"es\",\"potentialAction\":[{\"@type\":\"ReadAction\",\"target\":[\"https:\\\/\\\/rosemvd.com\\\/index.php\\\/producto\\\/audifono-doble-recargable-para-perdida-auditiva\\\/\"]}]},{\"@type\":\"ImageObject\",\"inLanguage\":\"es\",\"@id\":\"https:\\\/\\\/rosemvd.com\\\/index.php\\\/producto\\\/audifono-doble-recargable-para-perdida-auditiva\\\/#primaryimage\",\"url\":\"https:\\\/\\\/rosemvd.com\\\/wp-content\\\/uploads\\\/2025\\\/09\\\/D_NQ_NP_2X_719563-MCO89869162879_082025-F.webp\",\"contentUrl\":\"https:\\\/\\\/rosemvd.com\\\/wp-content\\\/uploads\\\/2025\\\/09\\\/D_NQ_NP_2X_719563-MCO89869162879_082025-F.webp\",\"width\":1200,\"height\":1156},{\"@type\":\"BreadcrumbList\",\"@id\":\"https:\\\/\\\/rosemvd.com\\\/index.php\\\/producto\\\/audifono-doble-recargable-para-perdida-auditiva\\\/#breadcrumb\",\"itemListElement\":[{\"@type\":\"ListItem\",\"position\":1,\"name\":\"Portada\",\"item\":\"https:\\\/\\\/rosemvd.com\\\/\"},{\"@type\":\"ListItem\",\"position\":2,\"name\":\"Tienda\",\"item\":\"https:\\\/\\\/rosemvd.com\\\/index.php\\\/tienda\\\/\"},{\"@type\":\"ListItem\",\"position\":3,\"name\":\"Aud\u00edfono Doble Recargable para P\u00e9rdida Auditiva\"}]},{\"@type\":\"WebSite\",\"@id\":\"https:\\\/\\\/rosemvd.com\\\/#website\",\"url\":\"https:\\\/\\\/rosemvd.com\\\/\",\"name\":\"ROSE MVD\",\"description\":\"Todo lo que buscas lo pod\u00e9s encontrar en rose mvd, especializados en traer todas las cosas nuevas en tendencia y accesorios diferentes y \u00fanicos.\",\"publisher\":{\"@id\":\"https:\\\/\\\/rosemvd.com\\\/#organization\"},\"potentialAction\":[{\"@type\":\"SearchAction\",\"target\":{\"@type\":\"EntryPoint\",\"urlTemplate\":\"https:\\\/\\\/rosemvd.com\\\/?s={search_term_string}\"},\"query-input\":{\"@type\":\"PropertyValueSpecification\",\"valueRequired\":true,\"valueName\":\"search_term_string\"}}],\"inLanguage\":\"es\"},{\"@type\":\"Organization\",\"@id\":\"https:\\\/\\\/rosemvd.com\\\/#organization\",\"name\":\"ROSE MVD\",\"alternateName\":\"ROSE MVD\",\"url\":\"https:\\\/\\\/rosemvd.com\\\/\",\"logo\":{\"@type\":\"ImageObject\",\"inLanguage\":\"es\",\"@id\":\"https:\\\/\\\/rosemvd.com\\\/#\\\/schema\\\/logo\\\/image\\\/\",\"url\":\"https:\\\/\\\/rosemvd.com\\\/wp-content\\\/uploads\\\/2023\\\/03\\\/Sin-titulo-2_Mesa-de-trabajo-1.png\",\"contentUrl\":\"https:\\\/\\\/rosemvd.com\\\/wp-content\\\/uploads\\\/2023\\\/03\\\/Sin-titulo-2_Mesa-de-trabajo-1.png\",\"width\":2084,\"height\":2084,\"caption\":\"ROSE MVD\"},\"image\":{\"@id\":\"https:\\\/\\\/rosemvd.com\\\/#\\\/schema\\\/logo\\\/image\\\/\"},\"sameAs\":[\"https:\\\/\\\/www.facebook.com\\\/TiendaRoseMvd\",\"https:\\\/\\\/www.instagram.com\\\/rose.mvd\"]}]}<\/script>\n<!-- \/ Yoast SEO plugin. -->","yoast_head_json":{"title":"Aud\u00edfono Doble Recargable para P\u00e9rdida Auditiva - ROSE MVD","robots":{"index":"index","follow":"follow","max-snippet":"max-snippet:-1","max-image-preview":"max-image-preview:large","max-video-preview":"max-video-preview:-1"},"canonical":"https:\/\/rosemvd.com\/index.php\/producto\/audifono-doble-recargable-para-perdida-auditiva\/","og_locale":"es_ES","og_type":"article","og_title":"Aud\u00edfono Doble Recargable para P\u00e9rdida Auditiva - ROSE MVD","og_description":"Aud\u00edfono Recargable USB \u2013 Aparato para Problemas de Audici\u00f3n Caracter\u00edsticas principales Bater\u00eda de larga duraci\u00f3n: Autonom\u00eda para todo el d\u00eda con una sola carga. Olv\u00eddate de preocuparte por quedarte sin energ\u00eda en los momentos importantes. Recargable por USB: F\u00e1cil y pr\u00e1ctico de cargar en cualquier puerto USB, sin necesidad de bater\u00edas desechables. Dise\u00f1o cl\u00e1sico y [&hellip;]","og_url":"https:\/\/rosemvd.com\/index.php\/producto\/audifono-doble-recargable-para-perdida-auditiva\/","og_site_name":"ROSE MVD","article_publisher":"https:\/\/www.facebook.com\/TiendaRoseMvd","article_modified_time":"2026-04-22T00:53:30+00:00","og_image":[{"width":1200,"height":1156,"url":"https:\/\/rosemvd.com\/wp-content\/uploads\/2025\/09\/D_NQ_NP_2X_719563-MCO89869162879_082025-F.webp","type":"image\/webp"}],"twitter_card":"summary_large_image","twitter_misc":{"Tiempo de lectura":"1 minuto"},"schema":{"@context":"https:\/\/schema.org","@graph":[{"@type":"WebPage","@id":"https:\/\/rosemvd.com\/index.php\/producto\/audifono-doble-recargable-para-perdida-auditiva\/","url":"https:\/\/rosemvd.com\/index.php\/producto\/audifono-doble-recargable-para-perdida-auditiva\/","name":"Aud\u00edfono Doble Recargable para P\u00e9rdida Auditiva - ROSE MVD","isPartOf":{"@id":"https:\/\/rosemvd.com\/#website"},"primaryImageOfPage":{"@id":"https:\/\/rosemvd.com\/index.php\/producto\/audifono-doble-recargable-para-perdida-auditiva\/#primaryimage"},"image":{"@id":"https:\/\/rosemvd.com\/index.php\/producto\/audifono-doble-recargable-para-perdida-auditiva\/#primaryimage"},"thumbnailUrl":"https:\/\/rosemvd.com\/wp-content\/uploads\/2025\/09\/D_NQ_NP_2X_719563-MCO89869162879_082025-F.webp","datePublished":"2025-09-23T16:57:00+00:00","dateModified":"2026-04-22T00:53:30+00:00","breadcrumb":{"@id":"https:\/\/rosemvd.com\/index.php\/producto\/audifono-doble-recargable-para-perdida-auditiva\/#breadcrumb"},"inLanguage":"es","potentialAction":[{"@type":"ReadAction","target":["https:\/\/rosemvd.com\/index.php\/producto\/audifono-doble-recargable-para-perdida-auditiva\/"]}]},{"@type":"ImageObject","inLanguage":"es","@id":"https:\/\/rosemvd.com\/index.php\/producto\/audifono-doble-recargable-para-perdida-auditiva\/#primaryimage","url":"https:\/\/rosemvd.com\/wp-content\/uploads\/2025\/09\/D_NQ_NP_2X_719563-MCO89869162879_082025-F.webp","contentUrl":"https:\/\/rosemvd.com\/wp-content\/uploads\/2025\/09\/D_NQ_NP_2X_719563-MCO89869162879_082025-F.webp","width":1200,"height":1156},{"@type":"BreadcrumbList","@id":"https:\/\/rosemvd.com\/index.php\/producto\/audifono-doble-recargable-para-perdida-auditiva\/#breadcrumb","itemListElement":[{"@type":"ListItem","position":1,"name":"Portada","item":"https:\/\/rosemvd.com\/"},{"@type":"ListItem","position":2,"name":"Tienda","item":"https:\/\/rosemvd.com\/index.php\/tienda\/"},{"@type":"ListItem","position":3,"name":"Aud\u00edfono Doble Recargable para P\u00e9rdida Auditiva"}]},{"@type":"WebSite","@id":"https:\/\/rosemvd.com\/#website","url":"https:\/\/rosemvd.com\/","name":"ROSE MVD","description":"Todo lo que buscas lo pod\u00e9s encontrar en rose mvd, especializados en traer todas las cosas nuevas en tendencia y accesorios diferentes y \u00fanicos.","publisher":{"@id":"https:\/\/rosemvd.com\/#organization"},"potentialAction":[{"@type":"SearchAction","target":{"@type":"EntryPoint","urlTemplate":"https:\/\/rosemvd.com\/?s={search_term_string}"},"query-input":{"@type":"PropertyValueSpecification","valueRequired":true,"valueName":"search_term_string"}}],"inLanguage":"es"},{"@type":"Organization","@id":"https:\/\/rosemvd.com\/#organization","name":"ROSE MVD","alternateName":"ROSE MVD","url":"https:\/\/rosemvd.com\/","logo":{"@type":"ImageObject","inLanguage":"es","@id":"https:\/\/rosemvd.com\/#\/schema\/logo\/image\/","url":"https:\/\/rosemvd.com\/wp-content\/uploads\/2023\/03\/Sin-titulo-2_Mesa-de-trabajo-1.png","contentUrl":"https:\/\/rosemvd.com\/wp-content\/uploads\/2023\/03\/Sin-titulo-2_Mesa-de-trabajo-1.png","width":2084,"height":2084,"caption":"ROSE MVD"},"image":{"@id":"https:\/\/rosemvd.com\/#\/schema\/logo\/image\/"},"sameAs":["https:\/\/www.facebook.com\/TiendaRoseMvd","https:\/\/www.instagram.com\/rose.mvd"]}]}},"_links":{"self":[{"href":"https:\/\/rosemvd.com\/index.php\/wp-json\/wp\/v2\/product\/14684","targetHints":{"allow":["GET"]}}],"collection":[{"href":"https:\/\/rosemvd.com\/index.php\/wp-json\/wp\/v2\/product"}],"about":[{"href":"https:\/\/rosemvd.com\/index.php\/wp-json\/wp\/v2\/types\/product"}],"wp:featuredmedia":[{"embeddable":true,"href":"https:\/\/rosemvd.com\/index.php\/wp-json\/wp\/v2\/media\/14666"}],"wp:attachment":[{"href":"https:\/\/rosemvd.com\/index.php\/wp-json\/wp\/v2\/media?parent=14684"}],"wp:term":[{"taxonomy":"product_brand","embeddable":true,"href":"https:\/\/rosemvd.com\/index.php\/wp-json\/wp\/v2\/product_brand?post=14684"},{"taxonomy":"product_cat","embeddable":true,"href":"https:\/\/rosemvd.com\/index.php\/wp-json\/wp\/v2\/product_cat?post=14684"},{"taxonomy":"product_tag","embeddable":true,"href":"https:\/\/rosemvd.com\/index.php\/wp-json\/wp\/v2\/product_tag?post=14684"}],"curies":[{"name":"wp","href":"https:\/\/api.w.org\/{rel}","templated":true}]}}