{"id":13415,"date":"2025-07-19T11:47:10","date_gmt":"2025-07-19T14:47:10","guid":{"rendered":"https:\/\/rosemvd.com\/?post_type=product&#038;p=13415"},"modified":"2026-04-21T21:53:32","modified_gmt":"2026-04-22T00:53:32","slug":"stick-nasal-mejora-respiracion-1pcs","status":"publish","type":"product","link":"https:\/\/rosemvd.com\/index.php\/producto\/stick-nasal-mejora-respiracion-1pcs\/","title":{"rendered":"Stick Nasal Mejora Respiraci\u00f3n 1pcs"},"content":{"rendered":"<p data-start=\"151\" data-end=\"197\"><strong data-start=\"151\" data-end=\"197\">Stick Nasal Boom Boom \u2013 1 Aroma a Elecci\u00f3n<\/strong><\/p>\n<p data-start=\"199\" data-end=\"324\">Inhalador nasal compacto dise\u00f1ado para brindar una sensaci\u00f3n refrescante inmediata y mejorar la respiraci\u00f3n de forma natural.<\/p>\n<p data-start=\"326\" data-end=\"397\"><strong data-start=\"326\" data-end=\"340\">Contenido:<\/strong><br data-start=\"340\" data-end=\"343\" \/>1 unidad. Puedes elegir entre los siguientes aromas:<\/p>\n<ul data-start=\"398\" data-end=\"452\">\n<li data-start=\"398\" data-end=\"407\">\n<p data-start=\"400\" data-end=\"407\">Menta<\/p>\n<\/li>\n<li data-start=\"408\" data-end=\"429\">\n<p data-start=\"410\" data-end=\"429\">Menta de invierno<\/p>\n<\/li>\n<li data-start=\"430\" data-end=\"442\">\n<p data-start=\"432\" data-end=\"442\">Tropical<\/p>\n<\/li>\n<li data-start=\"443\" data-end=\"452\">\n<p data-start=\"445\" data-end=\"452\">Lavanda<\/p>\n<\/li>\n<\/ul>\n<p data-start=\"454\" data-end=\"471\"><strong data-start=\"454\" data-end=\"469\">Beneficios:<\/strong><\/p>\n<ul data-start=\"472\" data-end=\"647\">\n<li data-start=\"472\" data-end=\"512\">\n<p data-start=\"474\" data-end=\"512\">Alivio r\u00e1pido de la congesti\u00f3n nasal<\/p>\n<\/li>\n<li data-start=\"513\" data-end=\"550\">\n<p data-start=\"515\" data-end=\"550\">Sensaci\u00f3n de frescura y bienestar<\/p>\n<\/li>\n<li data-start=\"551\" data-end=\"591\">\n<p data-start=\"553\" data-end=\"591\">Mejora el enfoque y la concentraci\u00f3n<\/p>\n<\/li>\n<li data-start=\"592\" data-end=\"647\">\n<p data-start=\"594\" data-end=\"647\">Ideal para llevar al trabajo, estudio o entrenamiento<\/p>\n<\/li>\n<\/ul>\n<p data-start=\"649\" data-end=\"773\"><strong data-start=\"649\" data-end=\"676\">Ingredientes naturales:<\/strong><br data-start=\"676\" data-end=\"679\" \/>Formulado con aceites esenciales de mentol, menta, eucalipto y extractos arom\u00e1ticos naturales.<\/p>\n<p data-start=\"775\" data-end=\"886\" data-is-last-node=\"\" data-is-only-node=\"\"><strong data-start=\"775\" data-end=\"796\">Formato pr\u00e1ctico:<\/strong><br data-start=\"796\" data-end=\"799\" \/>Tama\u00f1o de bolsillo, f\u00e1cil de usar y llevar a cualquier parte. Perfecto para uso diario.<\/p>\n","protected":false},"excerpt":{"rendered":"<p>Stick Nasal Boom Boom \u2013 1 Aroma a Elecci\u00f3n Inhalador nasal compacto dise\u00f1ado para brindar una sensaci\u00f3n refrescante inmediata y mejorar la respiraci\u00f3n de forma natural. Contenido:1 unidad. Puedes elegir entre los siguientes aromas: Menta Menta de invierno Tropical Lavanda Beneficios: Alivio r\u00e1pido de la congesti\u00f3n nasal Sensaci\u00f3n de frescura y bienestar Mejora el enfoque [&hellip;]<\/p>\n","protected":false},"featured_media":13416,"template":"","meta":{"site-sidebar-layout":"default","site-content-layout":"","ast-site-content-layout":"default","site-content-style":"default","site-sidebar-style":"default","ast-global-header-display":"","ast-banner-title-visibility":"","ast-main-header-display":"","ast-hfb-above-header-display":"","ast-hfb-below-header-display":"","ast-hfb-mobile-header-display":"","site-post-title":"","ast-breadcrumbs-content":"","ast-featured-img":"","footer-sml-layout":"","ast-disable-related-posts":"","theme-transparent-header-meta":"default","adv-header-id-meta":"","stick-header-meta":"","header-above-stick-meta":"","header-main-stick-meta":"","header-below-stick-meta":"","astra-migrate-meta-layouts":"set","ast-page-background-enabled":"default","ast-page-background-meta":{"desktop":{"background-color":"var(--ast-global-color-4)","background-image":"","background-repeat":"repeat","background-position":"center center","background-size":"auto","background-attachment":"scroll","background-type":"","background-media":"","overlay-type":"","overlay-color":"","overlay-opacity":"","overlay-gradient":""},"tablet":{"background-color":"","background-image":"","background-repeat":"repeat","background-position":"center center","background-size":"auto","background-attachment":"scroll","background-type":"","background-media":"","overlay-type":"","overlay-color":"","overlay-opacity":"","overlay-gradient":""},"mobile":{"background-color":"","background-image":"","background-repeat":"repeat","background-position":"center center","background-size":"auto","background-attachment":"scroll","background-type":"","background-media":"","overlay-type":"","overlay-color":"","overlay-opacity":"","overlay-gradient":""}},"ast-content-background-meta":{"desktop":{"background-color":"var(--ast-global-color-5)","background-image":"","background-repeat":"repeat","background-position":"center center","background-size":"auto","background-attachment":"scroll","background-type":"","background-media":"","overlay-type":"","overlay-color":"","overlay-opacity":"","overlay-gradient":""},"tablet":{"background-color":"var(--ast-global-color-5)","background-image":"","background-repeat":"repeat","background-position":"center center","background-size":"auto","background-attachment":"scroll","background-type":"","background-media":"","overlay-type":"","overlay-color":"","overlay-opacity":"","overlay-gradient":""},"mobile":{"background-color":"var(--ast-global-color-5)","background-image":"","background-repeat":"repeat","background-position":"center center","background-size":"auto","background-attachment":"scroll","background-type":"","background-media":"","overlay-type":"","overlay-color":"","overlay-opacity":"","overlay-gradient":""}}},"product_brand":[],"product_cat":[447,457],"product_tag":[],"class_list":{"0":"post-13415","1":"product","2":"type-product","3":"status-publish","4":"has-post-thumbnail","6":"product_cat-bienestar","7":"product_cat-dispositivos-de-cuidado","8":"desktop-align-left","9":"tablet-align-left","10":"mobile-align-left","12":"first","13":"instock","14":"shipping-taxable","15":"purchasable","16":"product-type-variable"},"yoast_head":"<!-- This site is optimized with the Yoast SEO plugin v27.3 - https:\/\/yoast.com\/product\/yoast-seo-wordpress\/ -->\n<title>Stick Nasal Mejora Respiraci\u00f3n 1pcs - ROSE MVD<\/title>\n<meta name=\"description\" content=\"Inhalador nasal compacto dise\u00f1ado para brindar una sensaci\u00f3n refrescante inmediata y mejorar la respiraci\u00f3n de forma natural.\" \/>\n<meta name=\"robots\" content=\"index, follow, max-snippet:-1, max-image-preview:large, max-video-preview:-1\" \/>\n<link rel=\"canonical\" href=\"https:\/\/rosemvd.com\/index.php\/producto\/stick-nasal-mejora-respiracion-1pcs\/\" \/>\n<meta property=\"og:locale\" content=\"es_ES\" \/>\n<meta property=\"og:type\" content=\"article\" \/>\n<meta property=\"og:title\" content=\"Stick Nasal Mejora Respiraci\u00f3n 1pcs - ROSE MVD\" \/>\n<meta property=\"og:description\" content=\"Inhalador nasal compacto dise\u00f1ado para brindar una sensaci\u00f3n refrescante inmediata y mejorar la respiraci\u00f3n de forma natural.\" \/>\n<meta property=\"og:url\" content=\"https:\/\/rosemvd.com\/index.php\/producto\/stick-nasal-mejora-respiracion-1pcs\/\" \/>\n<meta property=\"og:site_name\" content=\"ROSE MVD\" \/>\n<meta property=\"article:publisher\" content=\"https:\/\/www.facebook.com\/TiendaRoseMvd\" \/>\n<meta property=\"article:modified_time\" content=\"2026-04-22T00:53:32+00:00\" \/>\n<meta property=\"og:image\" content=\"https:\/\/rosemvd.com\/wp-content\/uploads\/2025\/07\/D_NQ_NP_2X_994410-MLU86398785186_062025-F.webp\" \/>\n\t<meta property=\"og:image:width\" content=\"1080\" \/>\n\t<meta property=\"og:image:height\" content=\"720\" \/>\n\t<meta property=\"og:image:type\" content=\"image\/webp\" \/>\n<meta name=\"twitter:card\" content=\"summary_large_image\" \/>\n<meta name=\"twitter:label1\" content=\"Tiempo de lectura\" \/>\n\t<meta name=\"twitter:data1\" content=\"1 minuto\" \/>\n<script type=\"application\/ld+json\" class=\"yoast-schema-graph\">{\"@context\":\"https:\\\/\\\/schema.org\",\"@graph\":[{\"@type\":\"WebPage\",\"@id\":\"https:\\\/\\\/rosemvd.com\\\/index.php\\\/producto\\\/stick-nasal-mejora-respiracion-1pcs\\\/\",\"url\":\"https:\\\/\\\/rosemvd.com\\\/index.php\\\/producto\\\/stick-nasal-mejora-respiracion-1pcs\\\/\",\"name\":\"Stick Nasal Mejora Respiraci\u00f3n 1pcs - ROSE MVD\",\"isPartOf\":{\"@id\":\"https:\\\/\\\/rosemvd.com\\\/#website\"},\"primaryImageOfPage\":{\"@id\":\"https:\\\/\\\/rosemvd.com\\\/index.php\\\/producto\\\/stick-nasal-mejora-respiracion-1pcs\\\/#primaryimage\"},\"image\":{\"@id\":\"https:\\\/\\\/rosemvd.com\\\/index.php\\\/producto\\\/stick-nasal-mejora-respiracion-1pcs\\\/#primaryimage\"},\"thumbnailUrl\":\"https:\\\/\\\/rosemvd.com\\\/wp-content\\\/uploads\\\/2025\\\/07\\\/D_NQ_NP_2X_994410-MLU86398785186_062025-F.webp\",\"datePublished\":\"2025-07-19T14:47:10+00:00\",\"dateModified\":\"2026-04-22T00:53:32+00:00\",\"description\":\"Inhalador nasal compacto dise\u00f1ado para brindar una sensaci\u00f3n refrescante inmediata y mejorar la respiraci\u00f3n de forma natural.\",\"breadcrumb\":{\"@id\":\"https:\\\/\\\/rosemvd.com\\\/index.php\\\/producto\\\/stick-nasal-mejora-respiracion-1pcs\\\/#breadcrumb\"},\"inLanguage\":\"es\",\"potentialAction\":[{\"@type\":\"ReadAction\",\"target\":[\"https:\\\/\\\/rosemvd.com\\\/index.php\\\/producto\\\/stick-nasal-mejora-respiracion-1pcs\\\/\"]}]},{\"@type\":\"ImageObject\",\"inLanguage\":\"es\",\"@id\":\"https:\\\/\\\/rosemvd.com\\\/index.php\\\/producto\\\/stick-nasal-mejora-respiracion-1pcs\\\/#primaryimage\",\"url\":\"https:\\\/\\\/rosemvd.com\\\/wp-content\\\/uploads\\\/2025\\\/07\\\/D_NQ_NP_2X_994410-MLU86398785186_062025-F.webp\",\"contentUrl\":\"https:\\\/\\\/rosemvd.com\\\/wp-content\\\/uploads\\\/2025\\\/07\\\/D_NQ_NP_2X_994410-MLU86398785186_062025-F.webp\",\"width\":1080,\"height\":720},{\"@type\":\"BreadcrumbList\",\"@id\":\"https:\\\/\\\/rosemvd.com\\\/index.php\\\/producto\\\/stick-nasal-mejora-respiracion-1pcs\\\/#breadcrumb\",\"itemListElement\":[{\"@type\":\"ListItem\",\"position\":1,\"name\":\"Portada\",\"item\":\"https:\\\/\\\/rosemvd.com\\\/\"},{\"@type\":\"ListItem\",\"position\":2,\"name\":\"Tienda\",\"item\":\"https:\\\/\\\/rosemvd.com\\\/index.php\\\/tienda\\\/\"},{\"@type\":\"ListItem\",\"position\":3,\"name\":\"Stick Nasal Mejora Respiraci\u00f3n 1pcs\"}]},{\"@type\":\"WebSite\",\"@id\":\"https:\\\/\\\/rosemvd.com\\\/#website\",\"url\":\"https:\\\/\\\/rosemvd.com\\\/\",\"name\":\"ROSE MVD\",\"description\":\"Todo lo que no sab\u00edas que necesitabas, lo \u00faltimo en tendencia, utilidad e innovaci\u00f3n\",\"publisher\":{\"@id\":\"https:\\\/\\\/rosemvd.com\\\/#organization\"},\"potentialAction\":[{\"@type\":\"SearchAction\",\"target\":{\"@type\":\"EntryPoint\",\"urlTemplate\":\"https:\\\/\\\/rosemvd.com\\\/?s={search_term_string}\"},\"query-input\":{\"@type\":\"PropertyValueSpecification\",\"valueRequired\":true,\"valueName\":\"search_term_string\"}}],\"inLanguage\":\"es\"},{\"@type\":\"Organization\",\"@id\":\"https:\\\/\\\/rosemvd.com\\\/#organization\",\"name\":\"ROSE MVD\",\"alternateName\":\"ROSE MVD\",\"url\":\"https:\\\/\\\/rosemvd.com\\\/\",\"logo\":{\"@type\":\"ImageObject\",\"inLanguage\":\"es\",\"@id\":\"https:\\\/\\\/rosemvd.com\\\/#\\\/schema\\\/logo\\\/image\\\/\",\"url\":\"https:\\\/\\\/rosemvd.com\\\/wp-content\\\/uploads\\\/2023\\\/03\\\/Sin-titulo-2_Mesa-de-trabajo-1.png\",\"contentUrl\":\"https:\\\/\\\/rosemvd.com\\\/wp-content\\\/uploads\\\/2023\\\/03\\\/Sin-titulo-2_Mesa-de-trabajo-1.png\",\"width\":2084,\"height\":2084,\"caption\":\"ROSE MVD\"},\"image\":{\"@id\":\"https:\\\/\\\/rosemvd.com\\\/#\\\/schema\\\/logo\\\/image\\\/\"},\"sameAs\":[\"https:\\\/\\\/www.facebook.com\\\/TiendaRoseMvd\",\"https:\\\/\\\/www.instagram.com\\\/rose.mvd\"]}]}<\/script>\n<!-- \/ Yoast SEO plugin. -->","yoast_head_json":{"title":"Stick Nasal Mejora Respiraci\u00f3n 1pcs - ROSE MVD","description":"Inhalador nasal compacto dise\u00f1ado para brindar una sensaci\u00f3n refrescante inmediata y mejorar la respiraci\u00f3n de forma natural.","robots":{"index":"index","follow":"follow","max-snippet":"max-snippet:-1","max-image-preview":"max-image-preview:large","max-video-preview":"max-video-preview:-1"},"canonical":"https:\/\/rosemvd.com\/index.php\/producto\/stick-nasal-mejora-respiracion-1pcs\/","og_locale":"es_ES","og_type":"article","og_title":"Stick Nasal Mejora Respiraci\u00f3n 1pcs - ROSE MVD","og_description":"Inhalador nasal compacto dise\u00f1ado para brindar una sensaci\u00f3n refrescante inmediata y mejorar la respiraci\u00f3n de forma natural.","og_url":"https:\/\/rosemvd.com\/index.php\/producto\/stick-nasal-mejora-respiracion-1pcs\/","og_site_name":"ROSE MVD","article_publisher":"https:\/\/www.facebook.com\/TiendaRoseMvd","article_modified_time":"2026-04-22T00:53:32+00:00","og_image":[{"width":1080,"height":720,"url":"https:\/\/rosemvd.com\/wp-content\/uploads\/2025\/07\/D_NQ_NP_2X_994410-MLU86398785186_062025-F.webp","type":"image\/webp"}],"twitter_card":"summary_large_image","twitter_misc":{"Tiempo de lectura":"1 minuto"},"schema":{"@context":"https:\/\/schema.org","@graph":[{"@type":"WebPage","@id":"https:\/\/rosemvd.com\/index.php\/producto\/stick-nasal-mejora-respiracion-1pcs\/","url":"https:\/\/rosemvd.com\/index.php\/producto\/stick-nasal-mejora-respiracion-1pcs\/","name":"Stick Nasal Mejora Respiraci\u00f3n 1pcs - ROSE MVD","isPartOf":{"@id":"https:\/\/rosemvd.com\/#website"},"primaryImageOfPage":{"@id":"https:\/\/rosemvd.com\/index.php\/producto\/stick-nasal-mejora-respiracion-1pcs\/#primaryimage"},"image":{"@id":"https:\/\/rosemvd.com\/index.php\/producto\/stick-nasal-mejora-respiracion-1pcs\/#primaryimage"},"thumbnailUrl":"https:\/\/rosemvd.com\/wp-content\/uploads\/2025\/07\/D_NQ_NP_2X_994410-MLU86398785186_062025-F.webp","datePublished":"2025-07-19T14:47:10+00:00","dateModified":"2026-04-22T00:53:32+00:00","description":"Inhalador nasal compacto dise\u00f1ado para brindar una sensaci\u00f3n refrescante inmediata y mejorar la respiraci\u00f3n de forma natural.","breadcrumb":{"@id":"https:\/\/rosemvd.com\/index.php\/producto\/stick-nasal-mejora-respiracion-1pcs\/#breadcrumb"},"inLanguage":"es","potentialAction":[{"@type":"ReadAction","target":["https:\/\/rosemvd.com\/index.php\/producto\/stick-nasal-mejora-respiracion-1pcs\/"]}]},{"@type":"ImageObject","inLanguage":"es","@id":"https:\/\/rosemvd.com\/index.php\/producto\/stick-nasal-mejora-respiracion-1pcs\/#primaryimage","url":"https:\/\/rosemvd.com\/wp-content\/uploads\/2025\/07\/D_NQ_NP_2X_994410-MLU86398785186_062025-F.webp","contentUrl":"https:\/\/rosemvd.com\/wp-content\/uploads\/2025\/07\/D_NQ_NP_2X_994410-MLU86398785186_062025-F.webp","width":1080,"height":720},{"@type":"BreadcrumbList","@id":"https:\/\/rosemvd.com\/index.php\/producto\/stick-nasal-mejora-respiracion-1pcs\/#breadcrumb","itemListElement":[{"@type":"ListItem","position":1,"name":"Portada","item":"https:\/\/rosemvd.com\/"},{"@type":"ListItem","position":2,"name":"Tienda","item":"https:\/\/rosemvd.com\/index.php\/tienda\/"},{"@type":"ListItem","position":3,"name":"Stick Nasal Mejora Respiraci\u00f3n 1pcs"}]},{"@type":"WebSite","@id":"https:\/\/rosemvd.com\/#website","url":"https:\/\/rosemvd.com\/","name":"ROSE MVD","description":"Todo lo que no sab\u00edas que necesitabas, lo \u00faltimo en tendencia, utilidad e innovaci\u00f3n","publisher":{"@id":"https:\/\/rosemvd.com\/#organization"},"potentialAction":[{"@type":"SearchAction","target":{"@type":"EntryPoint","urlTemplate":"https:\/\/rosemvd.com\/?s={search_term_string}"},"query-input":{"@type":"PropertyValueSpecification","valueRequired":true,"valueName":"search_term_string"}}],"inLanguage":"es"},{"@type":"Organization","@id":"https:\/\/rosemvd.com\/#organization","name":"ROSE MVD","alternateName":"ROSE MVD","url":"https:\/\/rosemvd.com\/","logo":{"@type":"ImageObject","inLanguage":"es","@id":"https:\/\/rosemvd.com\/#\/schema\/logo\/image\/","url":"https:\/\/rosemvd.com\/wp-content\/uploads\/2023\/03\/Sin-titulo-2_Mesa-de-trabajo-1.png","contentUrl":"https:\/\/rosemvd.com\/wp-content\/uploads\/2023\/03\/Sin-titulo-2_Mesa-de-trabajo-1.png","width":2084,"height":2084,"caption":"ROSE MVD"},"image":{"@id":"https:\/\/rosemvd.com\/#\/schema\/logo\/image\/"},"sameAs":["https:\/\/www.facebook.com\/TiendaRoseMvd","https:\/\/www.instagram.com\/rose.mvd"]}]}},"_links":{"self":[{"href":"https:\/\/rosemvd.com\/index.php\/wp-json\/wp\/v2\/product\/13415","targetHints":{"allow":["GET"]}}],"collection":[{"href":"https:\/\/rosemvd.com\/index.php\/wp-json\/wp\/v2\/product"}],"about":[{"href":"https:\/\/rosemvd.com\/index.php\/wp-json\/wp\/v2\/types\/product"}],"wp:featuredmedia":[{"embeddable":true,"href":"https:\/\/rosemvd.com\/index.php\/wp-json\/wp\/v2\/media\/13416"}],"wp:attachment":[{"href":"https:\/\/rosemvd.com\/index.php\/wp-json\/wp\/v2\/media?parent=13415"}],"wp:term":[{"taxonomy":"product_brand","embeddable":true,"href":"https:\/\/rosemvd.com\/index.php\/wp-json\/wp\/v2\/product_brand?post=13415"},{"taxonomy":"product_cat","embeddable":true,"href":"https:\/\/rosemvd.com\/index.php\/wp-json\/wp\/v2\/product_cat?post=13415"},{"taxonomy":"product_tag","embeddable":true,"href":"https:\/\/rosemvd.com\/index.php\/wp-json\/wp\/v2\/product_tag?post=13415"}],"curies":[{"name":"wp","href":"https:\/\/api.w.org\/{rel}","templated":true}]}}