{"id":12322,"date":"2025-03-12T10:54:34","date_gmt":"2025-03-12T13:54:34","guid":{"rendered":"https:\/\/rosemvd.com\/?post_type=product&#038;p=12322"},"modified":"2026-04-20T10:43:44","modified_gmt":"2026-04-20T13:43:44","slug":"gargantilla-gotica-con-cadena","status":"publish","type":"product","link":"https:\/\/rosemvd.com\/index.php\/producto\/gargantilla-gotica-con-cadena\/","title":{"rendered":"Gargantilla G\u00f3tica con Cadena"},"content":{"rendered":"<p data-start=\"0\" data-end=\"284\">Este <strong data-start=\"5\" data-end=\"29\">collar estilo choker<\/strong> est\u00e1 elaborado en material de <strong data-start=\"60\" data-end=\"75\">s\u00edmil cuero<\/strong> y cuenta con un dise\u00f1o audaz y moderno. Su caracter\u00edstica principal es una <strong data-start=\"151\" data-end=\"176\">cadena plateada doble<\/strong> que sostiene un atractivo <strong data-start=\"203\" data-end=\"231\">dije en forma de coraz\u00f3n<\/strong>, lo que le otorga un estilo alternativo y atrevido.<\/p>\n<p data-start=\"286\" data-end=\"527\">Con una longitud de <strong data-start=\"306\" data-end=\"315\">45 cm<\/strong>, el collar ofrece <strong data-start=\"334\" data-end=\"357\">3 niveles de ajuste<\/strong>, lo que permite personalizar su uso para mayor comodidad. Ideal para quienes buscan un accesorio que complemente estilos <strong data-start=\"479\" data-end=\"487\">punk<\/strong>, <strong data-start=\"489\" data-end=\"500\">g\u00f3ticos<\/strong> o <strong data-start=\"503\" data-end=\"526\">de moda alternativa<\/strong>.<\/p>\n<p data-start=\"529\" data-end=\"549\"><strong data-start=\"529\" data-end=\"548\">Caracter\u00edsticas<\/strong>:<\/p>\n<ul data-start=\"550\" data-end=\"710\">\n<li data-start=\"550\" data-end=\"574\">Material: S\u00edmil cuero.<\/li>\n<li data-start=\"550\" data-end=\"574\">Color: Disponible solo en Negro<\/li>\n<li data-start=\"575\" data-end=\"593\">Longitud: 45 cm.<\/li>\n<li data-start=\"594\" data-end=\"617\">Niveles de ajuste: 3.<\/li>\n<li data-start=\"618\" data-end=\"670\">Detalles: Cadena plateada doble y dije de coraz\u00f3n.<\/li>\n<li data-start=\"671\" data-end=\"710\">Estilo: Choker, alternativo, moderno.<\/li>\n<\/ul>\n<p data-start=\"712\" data-end=\"840\" data-is-last-node=\"\" data-is-only-node=\"\">Este collar es perfecto para quienes desean agregar un toque distintivo y original a su look diario o para ocasiones especiales.<\/p>\n","protected":false},"excerpt":{"rendered":"<p>Este collar estilo choker est\u00e1 elaborado en material de s\u00edmil cuero y cuenta con un dise\u00f1o audaz y moderno. Su caracter\u00edstica principal es una cadena plateada doble que sostiene un atractivo dije en forma de coraz\u00f3n, lo que le otorga un estilo alternativo y atrevido. Con una longitud de 45 cm, el collar ofrece 3 [&hellip;]<\/p>\n","protected":false},"featured_media":12324,"template":"","meta":{"site-sidebar-layout":"default","site-content-layout":"","ast-site-content-layout":"default","site-content-style":"default","site-sidebar-style":"default","ast-global-header-display":"","ast-banner-title-visibility":"","ast-main-header-display":"","ast-hfb-above-header-display":"","ast-hfb-below-header-display":"","ast-hfb-mobile-header-display":"","site-post-title":"","ast-breadcrumbs-content":"","ast-featured-img":"","footer-sml-layout":"","ast-disable-related-posts":"","theme-transparent-header-meta":"default","adv-header-id-meta":"","stick-header-meta":"","header-above-stick-meta":"","header-main-stick-meta":"","header-below-stick-meta":"","astra-migrate-meta-layouts":"set","ast-page-background-enabled":"default","ast-page-background-meta":{"desktop":{"background-color":"var(--ast-global-color-4)","background-image":"","background-repeat":"repeat","background-position":"center center","background-size":"auto","background-attachment":"scroll","background-type":"","background-media":"","overlay-type":"","overlay-color":"","overlay-opacity":"","overlay-gradient":""},"tablet":{"background-color":"","background-image":"","background-repeat":"repeat","background-position":"center center","background-size":"auto","background-attachment":"scroll","background-type":"","background-media":"","overlay-type":"","overlay-color":"","overlay-opacity":"","overlay-gradient":""},"mobile":{"background-color":"","background-image":"","background-repeat":"repeat","background-position":"center center","background-size":"auto","background-attachment":"scroll","background-type":"","background-media":"","overlay-type":"","overlay-color":"","overlay-opacity":"","overlay-gradient":""}},"ast-content-background-meta":{"desktop":{"background-color":"var(--ast-global-color-5)","background-image":"","background-repeat":"repeat","background-position":"center center","background-size":"auto","background-attachment":"scroll","background-type":"","background-media":"","overlay-type":"","overlay-color":"","overlay-opacity":"","overlay-gradient":""},"tablet":{"background-color":"var(--ast-global-color-5)","background-image":"","background-repeat":"repeat","background-position":"center center","background-size":"auto","background-attachment":"scroll","background-type":"","background-media":"","overlay-type":"","overlay-color":"","overlay-opacity":"","overlay-gradient":""},"mobile":{"background-color":"var(--ast-global-color-5)","background-image":"","background-repeat":"repeat","background-position":"center center","background-size":"auto","background-attachment":"scroll","background-type":"","background-media":"","overlay-type":"","overlay-color":"","overlay-opacity":"","overlay-gradient":""}}},"product_brand":[],"product_cat":[184,185,445],"product_tag":[],"class_list":{"0":"post-12322","1":"product","2":"type-product","3":"status-publish","4":"has-post-thumbnail","6":"product_cat-collares","7":"product_cat-collares-collares-varios","8":"product_cat-joyeria","9":"desktop-align-left","10":"tablet-align-left","11":"mobile-align-left","13":"first","14":"instock","15":"shipping-taxable","16":"purchasable","17":"product-type-simple"},"yoast_head":"<!-- This site is optimized with the Yoast SEO plugin v27.3 - https:\/\/yoast.com\/product\/yoast-seo-wordpress\/ -->\n<title>Gargantilla G\u00f3tica con Cadena - ROSE MVD<\/title>\n<meta name=\"description\" content=\"Collar estilo choker, material de s\u00edmil cuero. Con cadena plateada doble y dije en forma de coraz\u00f3n, estilos punk, g\u00f3ticos o de moda alternativa\" \/>\n<meta name=\"robots\" content=\"index, follow, max-snippet:-1, max-image-preview:large, max-video-preview:-1\" \/>\n<link rel=\"canonical\" href=\"https:\/\/rosemvd.com\/index.php\/producto\/gargantilla-gotica-con-cadena\/\" \/>\n<meta property=\"og:locale\" content=\"es_ES\" \/>\n<meta property=\"og:type\" content=\"article\" \/>\n<meta property=\"og:title\" content=\"Gargantilla G\u00f3tica con Cadena - ROSE MVD\" \/>\n<meta property=\"og:description\" content=\"Collar estilo choker, material de s\u00edmil cuero. Con cadena plateada doble y dije en forma de coraz\u00f3n, estilos punk, g\u00f3ticos o de moda alternativa\" \/>\n<meta property=\"og:url\" content=\"https:\/\/rosemvd.com\/index.php\/producto\/gargantilla-gotica-con-cadena\/\" \/>\n<meta property=\"og:site_name\" content=\"ROSE MVD\" \/>\n<meta property=\"article:publisher\" content=\"https:\/\/www.facebook.com\/TiendaRoseMvd\" \/>\n<meta property=\"article:modified_time\" content=\"2026-04-20T13:43:44+00:00\" \/>\n<meta property=\"og:image\" content=\"https:\/\/rosemvd.com\/wp-content\/uploads\/2025\/03\/D_NQ_NP_679199-MLU82722089740_032025-O.webp\" \/>\n\t<meta property=\"og:image:width\" content=\"433\" \/>\n\t<meta property=\"og:image:height\" content=\"500\" \/>\n\t<meta property=\"og:image:type\" content=\"image\/webp\" \/>\n<meta name=\"twitter:card\" content=\"summary_large_image\" \/>\n<meta name=\"twitter:label1\" content=\"Tiempo de lectura\" \/>\n\t<meta name=\"twitter:data1\" content=\"1 minuto\" \/>\n<script type=\"application\/ld+json\" class=\"yoast-schema-graph\">{\"@context\":\"https:\\\/\\\/schema.org\",\"@graph\":[{\"@type\":\"WebPage\",\"@id\":\"https:\\\/\\\/rosemvd.com\\\/index.php\\\/producto\\\/gargantilla-gotica-con-cadena\\\/\",\"url\":\"https:\\\/\\\/rosemvd.com\\\/index.php\\\/producto\\\/gargantilla-gotica-con-cadena\\\/\",\"name\":\"Gargantilla G\u00f3tica con Cadena - ROSE MVD\",\"isPartOf\":{\"@id\":\"https:\\\/\\\/rosemvd.com\\\/#website\"},\"primaryImageOfPage\":{\"@id\":\"https:\\\/\\\/rosemvd.com\\\/index.php\\\/producto\\\/gargantilla-gotica-con-cadena\\\/#primaryimage\"},\"image\":{\"@id\":\"https:\\\/\\\/rosemvd.com\\\/index.php\\\/producto\\\/gargantilla-gotica-con-cadena\\\/#primaryimage\"},\"thumbnailUrl\":\"https:\\\/\\\/rosemvd.com\\\/wp-content\\\/uploads\\\/2025\\\/03\\\/D_NQ_NP_679199-MLU82722089740_032025-O.webp\",\"datePublished\":\"2025-03-12T13:54:34+00:00\",\"dateModified\":\"2026-04-20T13:43:44+00:00\",\"description\":\"Collar estilo choker, material de s\u00edmil cuero. Con cadena plateada doble y dije en forma de coraz\u00f3n, estilos punk, g\u00f3ticos o de moda alternativa\",\"breadcrumb\":{\"@id\":\"https:\\\/\\\/rosemvd.com\\\/index.php\\\/producto\\\/gargantilla-gotica-con-cadena\\\/#breadcrumb\"},\"inLanguage\":\"es\",\"potentialAction\":[{\"@type\":\"ReadAction\",\"target\":[\"https:\\\/\\\/rosemvd.com\\\/index.php\\\/producto\\\/gargantilla-gotica-con-cadena\\\/\"]}]},{\"@type\":\"ImageObject\",\"inLanguage\":\"es\",\"@id\":\"https:\\\/\\\/rosemvd.com\\\/index.php\\\/producto\\\/gargantilla-gotica-con-cadena\\\/#primaryimage\",\"url\":\"https:\\\/\\\/rosemvd.com\\\/wp-content\\\/uploads\\\/2025\\\/03\\\/D_NQ_NP_679199-MLU82722089740_032025-O.webp\",\"contentUrl\":\"https:\\\/\\\/rosemvd.com\\\/wp-content\\\/uploads\\\/2025\\\/03\\\/D_NQ_NP_679199-MLU82722089740_032025-O.webp\",\"width\":433,\"height\":500},{\"@type\":\"BreadcrumbList\",\"@id\":\"https:\\\/\\\/rosemvd.com\\\/index.php\\\/producto\\\/gargantilla-gotica-con-cadena\\\/#breadcrumb\",\"itemListElement\":[{\"@type\":\"ListItem\",\"position\":1,\"name\":\"Portada\",\"item\":\"https:\\\/\\\/rosemvd.com\\\/\"},{\"@type\":\"ListItem\",\"position\":2,\"name\":\"Tienda\",\"item\":\"https:\\\/\\\/rosemvd.com\\\/index.php\\\/tienda\\\/\"},{\"@type\":\"ListItem\",\"position\":3,\"name\":\"Gargantilla G\u00f3tica con Cadena\"}]},{\"@type\":\"WebSite\",\"@id\":\"https:\\\/\\\/rosemvd.com\\\/#website\",\"url\":\"https:\\\/\\\/rosemvd.com\\\/\",\"name\":\"ROSE MVD\",\"description\":\"Todo lo que no sab\u00edas que necesitabas, lo \u00faltimo en tendencia, utilidad e innovaci\u00f3n\",\"publisher\":{\"@id\":\"https:\\\/\\\/rosemvd.com\\\/#organization\"},\"potentialAction\":[{\"@type\":\"SearchAction\",\"target\":{\"@type\":\"EntryPoint\",\"urlTemplate\":\"https:\\\/\\\/rosemvd.com\\\/?s={search_term_string}\"},\"query-input\":{\"@type\":\"PropertyValueSpecification\",\"valueRequired\":true,\"valueName\":\"search_term_string\"}}],\"inLanguage\":\"es\"},{\"@type\":\"Organization\",\"@id\":\"https:\\\/\\\/rosemvd.com\\\/#organization\",\"name\":\"ROSE MVD\",\"alternateName\":\"ROSE MVD\",\"url\":\"https:\\\/\\\/rosemvd.com\\\/\",\"logo\":{\"@type\":\"ImageObject\",\"inLanguage\":\"es\",\"@id\":\"https:\\\/\\\/rosemvd.com\\\/#\\\/schema\\\/logo\\\/image\\\/\",\"url\":\"https:\\\/\\\/rosemvd.com\\\/wp-content\\\/uploads\\\/2023\\\/03\\\/Sin-titulo-2_Mesa-de-trabajo-1.png\",\"contentUrl\":\"https:\\\/\\\/rosemvd.com\\\/wp-content\\\/uploads\\\/2023\\\/03\\\/Sin-titulo-2_Mesa-de-trabajo-1.png\",\"width\":2084,\"height\":2084,\"caption\":\"ROSE MVD\"},\"image\":{\"@id\":\"https:\\\/\\\/rosemvd.com\\\/#\\\/schema\\\/logo\\\/image\\\/\"},\"sameAs\":[\"https:\\\/\\\/www.facebook.com\\\/TiendaRoseMvd\",\"https:\\\/\\\/www.instagram.com\\\/rose.mvd\"]}]}<\/script>\n<!-- \/ Yoast SEO plugin. -->","yoast_head_json":{"title":"Gargantilla G\u00f3tica con Cadena - ROSE MVD","description":"Collar estilo choker, material de s\u00edmil cuero. Con cadena plateada doble y dije en forma de coraz\u00f3n, estilos punk, g\u00f3ticos o de moda alternativa","robots":{"index":"index","follow":"follow","max-snippet":"max-snippet:-1","max-image-preview":"max-image-preview:large","max-video-preview":"max-video-preview:-1"},"canonical":"https:\/\/rosemvd.com\/index.php\/producto\/gargantilla-gotica-con-cadena\/","og_locale":"es_ES","og_type":"article","og_title":"Gargantilla G\u00f3tica con Cadena - ROSE MVD","og_description":"Collar estilo choker, material de s\u00edmil cuero. Con cadena plateada doble y dije en forma de coraz\u00f3n, estilos punk, g\u00f3ticos o de moda alternativa","og_url":"https:\/\/rosemvd.com\/index.php\/producto\/gargantilla-gotica-con-cadena\/","og_site_name":"ROSE MVD","article_publisher":"https:\/\/www.facebook.com\/TiendaRoseMvd","article_modified_time":"2026-04-20T13:43:44+00:00","og_image":[{"width":433,"height":500,"url":"https:\/\/rosemvd.com\/wp-content\/uploads\/2025\/03\/D_NQ_NP_679199-MLU82722089740_032025-O.webp","type":"image\/webp"}],"twitter_card":"summary_large_image","twitter_misc":{"Tiempo de lectura":"1 minuto"},"schema":{"@context":"https:\/\/schema.org","@graph":[{"@type":"WebPage","@id":"https:\/\/rosemvd.com\/index.php\/producto\/gargantilla-gotica-con-cadena\/","url":"https:\/\/rosemvd.com\/index.php\/producto\/gargantilla-gotica-con-cadena\/","name":"Gargantilla G\u00f3tica con Cadena - ROSE MVD","isPartOf":{"@id":"https:\/\/rosemvd.com\/#website"},"primaryImageOfPage":{"@id":"https:\/\/rosemvd.com\/index.php\/producto\/gargantilla-gotica-con-cadena\/#primaryimage"},"image":{"@id":"https:\/\/rosemvd.com\/index.php\/producto\/gargantilla-gotica-con-cadena\/#primaryimage"},"thumbnailUrl":"https:\/\/rosemvd.com\/wp-content\/uploads\/2025\/03\/D_NQ_NP_679199-MLU82722089740_032025-O.webp","datePublished":"2025-03-12T13:54:34+00:00","dateModified":"2026-04-20T13:43:44+00:00","description":"Collar estilo choker, material de s\u00edmil cuero. Con cadena plateada doble y dije en forma de coraz\u00f3n, estilos punk, g\u00f3ticos o de moda alternativa","breadcrumb":{"@id":"https:\/\/rosemvd.com\/index.php\/producto\/gargantilla-gotica-con-cadena\/#breadcrumb"},"inLanguage":"es","potentialAction":[{"@type":"ReadAction","target":["https:\/\/rosemvd.com\/index.php\/producto\/gargantilla-gotica-con-cadena\/"]}]},{"@type":"ImageObject","inLanguage":"es","@id":"https:\/\/rosemvd.com\/index.php\/producto\/gargantilla-gotica-con-cadena\/#primaryimage","url":"https:\/\/rosemvd.com\/wp-content\/uploads\/2025\/03\/D_NQ_NP_679199-MLU82722089740_032025-O.webp","contentUrl":"https:\/\/rosemvd.com\/wp-content\/uploads\/2025\/03\/D_NQ_NP_679199-MLU82722089740_032025-O.webp","width":433,"height":500},{"@type":"BreadcrumbList","@id":"https:\/\/rosemvd.com\/index.php\/producto\/gargantilla-gotica-con-cadena\/#breadcrumb","itemListElement":[{"@type":"ListItem","position":1,"name":"Portada","item":"https:\/\/rosemvd.com\/"},{"@type":"ListItem","position":2,"name":"Tienda","item":"https:\/\/rosemvd.com\/index.php\/tienda\/"},{"@type":"ListItem","position":3,"name":"Gargantilla G\u00f3tica con Cadena"}]},{"@type":"WebSite","@id":"https:\/\/rosemvd.com\/#website","url":"https:\/\/rosemvd.com\/","name":"ROSE MVD","description":"Todo lo que no sab\u00edas que necesitabas, lo \u00faltimo en tendencia, utilidad e innovaci\u00f3n","publisher":{"@id":"https:\/\/rosemvd.com\/#organization"},"potentialAction":[{"@type":"SearchAction","target":{"@type":"EntryPoint","urlTemplate":"https:\/\/rosemvd.com\/?s={search_term_string}"},"query-input":{"@type":"PropertyValueSpecification","valueRequired":true,"valueName":"search_term_string"}}],"inLanguage":"es"},{"@type":"Organization","@id":"https:\/\/rosemvd.com\/#organization","name":"ROSE MVD","alternateName":"ROSE MVD","url":"https:\/\/rosemvd.com\/","logo":{"@type":"ImageObject","inLanguage":"es","@id":"https:\/\/rosemvd.com\/#\/schema\/logo\/image\/","url":"https:\/\/rosemvd.com\/wp-content\/uploads\/2023\/03\/Sin-titulo-2_Mesa-de-trabajo-1.png","contentUrl":"https:\/\/rosemvd.com\/wp-content\/uploads\/2023\/03\/Sin-titulo-2_Mesa-de-trabajo-1.png","width":2084,"height":2084,"caption":"ROSE MVD"},"image":{"@id":"https:\/\/rosemvd.com\/#\/schema\/logo\/image\/"},"sameAs":["https:\/\/www.facebook.com\/TiendaRoseMvd","https:\/\/www.instagram.com\/rose.mvd"]}]}},"_links":{"self":[{"href":"https:\/\/rosemvd.com\/index.php\/wp-json\/wp\/v2\/product\/12322","targetHints":{"allow":["GET"]}}],"collection":[{"href":"https:\/\/rosemvd.com\/index.php\/wp-json\/wp\/v2\/product"}],"about":[{"href":"https:\/\/rosemvd.com\/index.php\/wp-json\/wp\/v2\/types\/product"}],"wp:featuredmedia":[{"embeddable":true,"href":"https:\/\/rosemvd.com\/index.php\/wp-json\/wp\/v2\/media\/12324"}],"wp:attachment":[{"href":"https:\/\/rosemvd.com\/index.php\/wp-json\/wp\/v2\/media?parent=12322"}],"wp:term":[{"taxonomy":"product_brand","embeddable":true,"href":"https:\/\/rosemvd.com\/index.php\/wp-json\/wp\/v2\/product_brand?post=12322"},{"taxonomy":"product_cat","embeddable":true,"href":"https:\/\/rosemvd.com\/index.php\/wp-json\/wp\/v2\/product_cat?post=12322"},{"taxonomy":"product_tag","embeddable":true,"href":"https:\/\/rosemvd.com\/index.php\/wp-json\/wp\/v2\/product_tag?post=12322"}],"curies":[{"name":"wp","href":"https:\/\/api.w.org\/{rel}","templated":true}]}}