{"id":12284,"date":"2025-03-11T12:00:44","date_gmt":"2025-03-11T15:00:44","guid":{"rendered":"https:\/\/rosemvd.com\/?post_type=product&#038;p=12284"},"modified":"2026-04-20T10:47:34","modified_gmt":"2026-04-20T13:47:34","slug":"conjunto-corazon-y-espada","status":"publish","type":"product","link":"https:\/\/rosemvd.com\/index.php\/producto\/conjunto-corazon-y-espada\/","title":{"rendered":"Conjunto Coraz\u00f3n y espada"},"content":{"rendered":"<p data-start=\"62\" data-end=\"621\">Este conjunto \u00fanico y simb\u00f3lico est\u00e1 dise\u00f1ado para compartir y llevar una poderosa representaci\u00f3n del amor y la uni\u00f3n. Est\u00e1 compuesto por una pulsera y un anillo, ambos elaborados en acero de alta calidad. La pulsera cuenta con un dije en forma de espada, mientras que el anillo presenta un coraz\u00f3n con una gema roja en el centro. Lo m\u00e1s especial de este conjunto es que la espada puede atravesar el coraz\u00f3n, simbolizando una conexi\u00f3n profunda y \u00fanica entre dos personas. El anillo tiene un talle \u00fanico de 17 mm de di\u00e1metro.<\/p>\n<p data-start=\"623\" data-end=\"643\"><strong data-start=\"623\" data-end=\"643\">Caracter\u00edsticas:<\/strong><\/p>\n<ul data-start=\"645\" data-end=\"938\">\n<li data-start=\"645\" data-end=\"683\"><strong data-start=\"647\" data-end=\"660\">Material:<\/strong> Acero de alta calidad.<\/li>\n<li data-start=\"684\" data-end=\"775\"><strong data-start=\"686\" data-end=\"699\">Conjunto:<\/strong> Incluye una pulsera con dije de espada y un anillo con coraz\u00f3n y gema roja.<\/li>\n<li data-start=\"776\" data-end=\"885\"><strong data-start=\"778\" data-end=\"789\">Dise\u00f1o:<\/strong> La espada de la pulsera puede atravesar el coraz\u00f3n del anillo, simbolizando la uni\u00f3n y el amor.<\/li>\n<li data-start=\"886\" data-end=\"935\"><strong data-start=\"888\" data-end=\"909\">Talle del anillo:<\/strong> Ajustable<\/li>\n<li data-start=\"886\" data-end=\"935\"><strong>Medida de Pulsera: 16cm + 4.5cm<\/strong><\/li>\n<\/ul>\n<p data-start=\"939\" data-end=\"1162\" data-is-last-node=\"\" data-is-only-node=\"\">Este conjunto es perfecto para parejas o amigos que desean llevar un accesorio especial que simbolice su conexi\u00f3n. Ideal para regalar en ocasiones importantes o como una forma significativa de compartir un v\u00ednculo personal.<\/p>\n","protected":false},"excerpt":{"rendered":"<p>Este conjunto \u00fanico y simb\u00f3lico est\u00e1 dise\u00f1ado para compartir y llevar una poderosa representaci\u00f3n del amor y la uni\u00f3n. Est\u00e1 compuesto por una pulsera y un anillo, ambos elaborados en acero de alta calidad. La pulsera cuenta con un dije en forma de espada, mientras que el anillo presenta un coraz\u00f3n con una gema roja [&hellip;]<\/p>\n","protected":false},"featured_media":12286,"template":"","meta":{"site-sidebar-layout":"default","site-content-layout":"","ast-site-content-layout":"default","site-content-style":"default","site-sidebar-style":"default","ast-global-header-display":"","ast-banner-title-visibility":"","ast-main-header-display":"","ast-hfb-above-header-display":"","ast-hfb-below-header-display":"","ast-hfb-mobile-header-display":"","site-post-title":"","ast-breadcrumbs-content":"","ast-featured-img":"","footer-sml-layout":"","ast-disable-related-posts":"","theme-transparent-header-meta":"default","adv-header-id-meta":"","stick-header-meta":"","header-above-stick-meta":"","header-main-stick-meta":"","header-below-stick-meta":"","astra-migrate-meta-layouts":"set","ast-page-background-enabled":"default","ast-page-background-meta":{"desktop":{"background-color":"var(--ast-global-color-4)","background-image":"","background-repeat":"repeat","background-position":"center center","background-size":"auto","background-attachment":"scroll","background-type":"","background-media":"","overlay-type":"","overlay-color":"","overlay-opacity":"","overlay-gradient":""},"tablet":{"background-color":"","background-image":"","background-repeat":"repeat","background-position":"center center","background-size":"auto","background-attachment":"scroll","background-type":"","background-media":"","overlay-type":"","overlay-color":"","overlay-opacity":"","overlay-gradient":""},"mobile":{"background-color":"","background-image":"","background-repeat":"repeat","background-position":"center center","background-size":"auto","background-attachment":"scroll","background-type":"","background-media":"","overlay-type":"","overlay-color":"","overlay-opacity":"","overlay-gradient":""}},"ast-content-background-meta":{"desktop":{"background-color":"var(--ast-global-color-5)","background-image":"","background-repeat":"repeat","background-position":"center center","background-size":"auto","background-attachment":"scroll","background-type":"","background-media":"","overlay-type":"","overlay-color":"","overlay-opacity":"","overlay-gradient":""},"tablet":{"background-color":"var(--ast-global-color-5)","background-image":"","background-repeat":"repeat","background-position":"center center","background-size":"auto","background-attachment":"scroll","background-type":"","background-media":"","overlay-type":"","overlay-color":"","overlay-opacity":"","overlay-gradient":""},"mobile":{"background-color":"var(--ast-global-color-5)","background-image":"","background-repeat":"repeat","background-position":"center center","background-size":"auto","background-attachment":"scroll","background-type":"","background-media":"","overlay-type":"","overlay-color":"","overlay-opacity":"","overlay-gradient":""}}},"product_brand":[],"product_cat":[278,445,274,280],"product_tag":[],"class_list":{"0":"post-12284","1":"product","2":"type-product","3":"status-publish","4":"has-post-thumbnail","6":"product_cat-anillos-parejas-amigos","7":"product_cat-joyeria","8":"product_cat-parejas-amigos","9":"product_cat-pulseras-parejas-amigos","10":"desktop-align-left","11":"tablet-align-left","12":"mobile-align-left","14":"first","15":"instock","16":"shipping-taxable","17":"purchasable","18":"product-type-simple"},"yoast_head":"<!-- This site is optimized with the Yoast SEO plugin v27.3 - https:\/\/yoast.com\/product\/yoast-seo-wordpress\/ -->\n<title>Conjunto Coraz\u00f3n y espada - ROSE MVD<\/title>\n<meta name=\"description\" content=\"Conjunto de pulsera y anillo en acero para parejas o amigos que desean llevar un accesorio especial. Ideal para regalar en ocasiones importantes\" \/>\n<meta name=\"robots\" content=\"index, follow, max-snippet:-1, max-image-preview:large, max-video-preview:-1\" \/>\n<link rel=\"canonical\" href=\"https:\/\/rosemvd.com\/index.php\/producto\/conjunto-corazon-y-espada\/\" \/>\n<meta property=\"og:locale\" content=\"es_ES\" \/>\n<meta property=\"og:type\" content=\"article\" \/>\n<meta property=\"og:title\" content=\"Conjunto Coraz\u00f3n y espada - ROSE MVD\" \/>\n<meta property=\"og:description\" content=\"Conjunto de pulsera y anillo en acero para parejas o amigos que desean llevar un accesorio especial. Ideal para regalar en ocasiones importantes\" \/>\n<meta property=\"og:url\" content=\"https:\/\/rosemvd.com\/index.php\/producto\/conjunto-corazon-y-espada\/\" \/>\n<meta property=\"og:site_name\" content=\"ROSE MVD\" \/>\n<meta property=\"article:publisher\" content=\"https:\/\/www.facebook.com\/TiendaRoseMvd\" \/>\n<meta property=\"article:modified_time\" content=\"2026-04-20T13:47:34+00:00\" \/>\n<meta property=\"og:image\" content=\"https:\/\/rosemvd.com\/wp-content\/uploads\/2025\/03\/81b3a01e-15ae-470a-905a-af2318311b9f.jpg\" \/>\n\t<meta property=\"og:image:width\" content=\"750\" \/>\n\t<meta property=\"og:image:height\" content=\"694\" \/>\n\t<meta property=\"og:image:type\" content=\"image\/jpeg\" \/>\n<meta name=\"twitter:card\" content=\"summary_large_image\" \/>\n<meta name=\"twitter:label1\" content=\"Tiempo de lectura\" \/>\n\t<meta name=\"twitter:data1\" content=\"2 minutos\" \/>\n<script type=\"application\/ld+json\" class=\"yoast-schema-graph\">{\"@context\":\"https:\\\/\\\/schema.org\",\"@graph\":[{\"@type\":\"WebPage\",\"@id\":\"https:\\\/\\\/rosemvd.com\\\/index.php\\\/producto\\\/conjunto-corazon-y-espada\\\/\",\"url\":\"https:\\\/\\\/rosemvd.com\\\/index.php\\\/producto\\\/conjunto-corazon-y-espada\\\/\",\"name\":\"Conjunto Coraz\u00f3n y espada - ROSE MVD\",\"isPartOf\":{\"@id\":\"https:\\\/\\\/rosemvd.com\\\/#website\"},\"primaryImageOfPage\":{\"@id\":\"https:\\\/\\\/rosemvd.com\\\/index.php\\\/producto\\\/conjunto-corazon-y-espada\\\/#primaryimage\"},\"image\":{\"@id\":\"https:\\\/\\\/rosemvd.com\\\/index.php\\\/producto\\\/conjunto-corazon-y-espada\\\/#primaryimage\"},\"thumbnailUrl\":\"https:\\\/\\\/rosemvd.com\\\/wp-content\\\/uploads\\\/2025\\\/03\\\/81b3a01e-15ae-470a-905a-af2318311b9f.jpg\",\"datePublished\":\"2025-03-11T15:00:44+00:00\",\"dateModified\":\"2026-04-20T13:47:34+00:00\",\"description\":\"Conjunto de pulsera y anillo en acero para parejas o amigos que desean llevar un accesorio especial. Ideal para regalar en ocasiones importantes\",\"breadcrumb\":{\"@id\":\"https:\\\/\\\/rosemvd.com\\\/index.php\\\/producto\\\/conjunto-corazon-y-espada\\\/#breadcrumb\"},\"inLanguage\":\"es\",\"potentialAction\":[{\"@type\":\"ReadAction\",\"target\":[\"https:\\\/\\\/rosemvd.com\\\/index.php\\\/producto\\\/conjunto-corazon-y-espada\\\/\"]}]},{\"@type\":\"ImageObject\",\"inLanguage\":\"es\",\"@id\":\"https:\\\/\\\/rosemvd.com\\\/index.php\\\/producto\\\/conjunto-corazon-y-espada\\\/#primaryimage\",\"url\":\"https:\\\/\\\/rosemvd.com\\\/wp-content\\\/uploads\\\/2025\\\/03\\\/81b3a01e-15ae-470a-905a-af2318311b9f.jpg\",\"contentUrl\":\"https:\\\/\\\/rosemvd.com\\\/wp-content\\\/uploads\\\/2025\\\/03\\\/81b3a01e-15ae-470a-905a-af2318311b9f.jpg\",\"width\":750,\"height\":694},{\"@type\":\"BreadcrumbList\",\"@id\":\"https:\\\/\\\/rosemvd.com\\\/index.php\\\/producto\\\/conjunto-corazon-y-espada\\\/#breadcrumb\",\"itemListElement\":[{\"@type\":\"ListItem\",\"position\":1,\"name\":\"Portada\",\"item\":\"https:\\\/\\\/rosemvd.com\\\/\"},{\"@type\":\"ListItem\",\"position\":2,\"name\":\"Tienda\",\"item\":\"https:\\\/\\\/rosemvd.com\\\/index.php\\\/tienda\\\/\"},{\"@type\":\"ListItem\",\"position\":3,\"name\":\"Conjunto Coraz\u00f3n y espada\"}]},{\"@type\":\"WebSite\",\"@id\":\"https:\\\/\\\/rosemvd.com\\\/#website\",\"url\":\"https:\\\/\\\/rosemvd.com\\\/\",\"name\":\"ROSE MVD\",\"description\":\"Todo lo que no sab\u00edas que necesitabas, lo \u00faltimo en tendencia, utilidad e innovaci\u00f3n\",\"publisher\":{\"@id\":\"https:\\\/\\\/rosemvd.com\\\/#organization\"},\"potentialAction\":[{\"@type\":\"SearchAction\",\"target\":{\"@type\":\"EntryPoint\",\"urlTemplate\":\"https:\\\/\\\/rosemvd.com\\\/?s={search_term_string}\"},\"query-input\":{\"@type\":\"PropertyValueSpecification\",\"valueRequired\":true,\"valueName\":\"search_term_string\"}}],\"inLanguage\":\"es\"},{\"@type\":\"Organization\",\"@id\":\"https:\\\/\\\/rosemvd.com\\\/#organization\",\"name\":\"ROSE MVD\",\"alternateName\":\"ROSE MVD\",\"url\":\"https:\\\/\\\/rosemvd.com\\\/\",\"logo\":{\"@type\":\"ImageObject\",\"inLanguage\":\"es\",\"@id\":\"https:\\\/\\\/rosemvd.com\\\/#\\\/schema\\\/logo\\\/image\\\/\",\"url\":\"https:\\\/\\\/rosemvd.com\\\/wp-content\\\/uploads\\\/2023\\\/03\\\/Sin-titulo-2_Mesa-de-trabajo-1.png\",\"contentUrl\":\"https:\\\/\\\/rosemvd.com\\\/wp-content\\\/uploads\\\/2023\\\/03\\\/Sin-titulo-2_Mesa-de-trabajo-1.png\",\"width\":2084,\"height\":2084,\"caption\":\"ROSE MVD\"},\"image\":{\"@id\":\"https:\\\/\\\/rosemvd.com\\\/#\\\/schema\\\/logo\\\/image\\\/\"},\"sameAs\":[\"https:\\\/\\\/www.facebook.com\\\/TiendaRoseMvd\",\"https:\\\/\\\/www.instagram.com\\\/rose.mvd\"]}]}<\/script>\n<!-- \/ Yoast SEO plugin. -->","yoast_head_json":{"title":"Conjunto Coraz\u00f3n y espada - ROSE MVD","description":"Conjunto de pulsera y anillo en acero para parejas o amigos que desean llevar un accesorio especial. Ideal para regalar en ocasiones importantes","robots":{"index":"index","follow":"follow","max-snippet":"max-snippet:-1","max-image-preview":"max-image-preview:large","max-video-preview":"max-video-preview:-1"},"canonical":"https:\/\/rosemvd.com\/index.php\/producto\/conjunto-corazon-y-espada\/","og_locale":"es_ES","og_type":"article","og_title":"Conjunto Coraz\u00f3n y espada - ROSE MVD","og_description":"Conjunto de pulsera y anillo en acero para parejas o amigos que desean llevar un accesorio especial. Ideal para regalar en ocasiones importantes","og_url":"https:\/\/rosemvd.com\/index.php\/producto\/conjunto-corazon-y-espada\/","og_site_name":"ROSE MVD","article_publisher":"https:\/\/www.facebook.com\/TiendaRoseMvd","article_modified_time":"2026-04-20T13:47:34+00:00","og_image":[{"width":750,"height":694,"url":"https:\/\/rosemvd.com\/wp-content\/uploads\/2025\/03\/81b3a01e-15ae-470a-905a-af2318311b9f.jpg","type":"image\/jpeg"}],"twitter_card":"summary_large_image","twitter_misc":{"Tiempo de lectura":"2 minutos"},"schema":{"@context":"https:\/\/schema.org","@graph":[{"@type":"WebPage","@id":"https:\/\/rosemvd.com\/index.php\/producto\/conjunto-corazon-y-espada\/","url":"https:\/\/rosemvd.com\/index.php\/producto\/conjunto-corazon-y-espada\/","name":"Conjunto Coraz\u00f3n y espada - ROSE MVD","isPartOf":{"@id":"https:\/\/rosemvd.com\/#website"},"primaryImageOfPage":{"@id":"https:\/\/rosemvd.com\/index.php\/producto\/conjunto-corazon-y-espada\/#primaryimage"},"image":{"@id":"https:\/\/rosemvd.com\/index.php\/producto\/conjunto-corazon-y-espada\/#primaryimage"},"thumbnailUrl":"https:\/\/rosemvd.com\/wp-content\/uploads\/2025\/03\/81b3a01e-15ae-470a-905a-af2318311b9f.jpg","datePublished":"2025-03-11T15:00:44+00:00","dateModified":"2026-04-20T13:47:34+00:00","description":"Conjunto de pulsera y anillo en acero para parejas o amigos que desean llevar un accesorio especial. Ideal para regalar en ocasiones importantes","breadcrumb":{"@id":"https:\/\/rosemvd.com\/index.php\/producto\/conjunto-corazon-y-espada\/#breadcrumb"},"inLanguage":"es","potentialAction":[{"@type":"ReadAction","target":["https:\/\/rosemvd.com\/index.php\/producto\/conjunto-corazon-y-espada\/"]}]},{"@type":"ImageObject","inLanguage":"es","@id":"https:\/\/rosemvd.com\/index.php\/producto\/conjunto-corazon-y-espada\/#primaryimage","url":"https:\/\/rosemvd.com\/wp-content\/uploads\/2025\/03\/81b3a01e-15ae-470a-905a-af2318311b9f.jpg","contentUrl":"https:\/\/rosemvd.com\/wp-content\/uploads\/2025\/03\/81b3a01e-15ae-470a-905a-af2318311b9f.jpg","width":750,"height":694},{"@type":"BreadcrumbList","@id":"https:\/\/rosemvd.com\/index.php\/producto\/conjunto-corazon-y-espada\/#breadcrumb","itemListElement":[{"@type":"ListItem","position":1,"name":"Portada","item":"https:\/\/rosemvd.com\/"},{"@type":"ListItem","position":2,"name":"Tienda","item":"https:\/\/rosemvd.com\/index.php\/tienda\/"},{"@type":"ListItem","position":3,"name":"Conjunto Coraz\u00f3n y espada"}]},{"@type":"WebSite","@id":"https:\/\/rosemvd.com\/#website","url":"https:\/\/rosemvd.com\/","name":"ROSE MVD","description":"Todo lo que no sab\u00edas que necesitabas, lo \u00faltimo en tendencia, utilidad e innovaci\u00f3n","publisher":{"@id":"https:\/\/rosemvd.com\/#organization"},"potentialAction":[{"@type":"SearchAction","target":{"@type":"EntryPoint","urlTemplate":"https:\/\/rosemvd.com\/?s={search_term_string}"},"query-input":{"@type":"PropertyValueSpecification","valueRequired":true,"valueName":"search_term_string"}}],"inLanguage":"es"},{"@type":"Organization","@id":"https:\/\/rosemvd.com\/#organization","name":"ROSE MVD","alternateName":"ROSE MVD","url":"https:\/\/rosemvd.com\/","logo":{"@type":"ImageObject","inLanguage":"es","@id":"https:\/\/rosemvd.com\/#\/schema\/logo\/image\/","url":"https:\/\/rosemvd.com\/wp-content\/uploads\/2023\/03\/Sin-titulo-2_Mesa-de-trabajo-1.png","contentUrl":"https:\/\/rosemvd.com\/wp-content\/uploads\/2023\/03\/Sin-titulo-2_Mesa-de-trabajo-1.png","width":2084,"height":2084,"caption":"ROSE MVD"},"image":{"@id":"https:\/\/rosemvd.com\/#\/schema\/logo\/image\/"},"sameAs":["https:\/\/www.facebook.com\/TiendaRoseMvd","https:\/\/www.instagram.com\/rose.mvd"]}]}},"_links":{"self":[{"href":"https:\/\/rosemvd.com\/index.php\/wp-json\/wp\/v2\/product\/12284","targetHints":{"allow":["GET"]}}],"collection":[{"href":"https:\/\/rosemvd.com\/index.php\/wp-json\/wp\/v2\/product"}],"about":[{"href":"https:\/\/rosemvd.com\/index.php\/wp-json\/wp\/v2\/types\/product"}],"wp:featuredmedia":[{"embeddable":true,"href":"https:\/\/rosemvd.com\/index.php\/wp-json\/wp\/v2\/media\/12286"}],"wp:attachment":[{"href":"https:\/\/rosemvd.com\/index.php\/wp-json\/wp\/v2\/media?parent=12284"}],"wp:term":[{"taxonomy":"product_brand","embeddable":true,"href":"https:\/\/rosemvd.com\/index.php\/wp-json\/wp\/v2\/product_brand?post=12284"},{"taxonomy":"product_cat","embeddable":true,"href":"https:\/\/rosemvd.com\/index.php\/wp-json\/wp\/v2\/product_cat?post=12284"},{"taxonomy":"product_tag","embeddable":true,"href":"https:\/\/rosemvd.com\/index.php\/wp-json\/wp\/v2\/product_tag?post=12284"}],"curies":[{"name":"wp","href":"https:\/\/api.w.org\/{rel}","templated":true}]}}