{"id":12165,"date":"2025-03-10T16:05:57","date_gmt":"2025-03-10T19:05:57","guid":{"rendered":"https:\/\/rosemvd.com\/?post_type=product&#038;p=12165"},"modified":"2026-04-20T10:41:52","modified_gmt":"2026-04-20T13:41:52","slug":"pendientes-luna-y-mini-estrella","status":"publish","type":"product","link":"https:\/\/rosemvd.com\/index.php\/producto\/pendientes-luna-y-mini-estrella\/","title":{"rendered":"Pendientes Luna y Mini Estrella"},"content":{"rendered":"<p data-start=\"0\" data-end=\"297\">Estos encantadores <strong data-start=\"19\" data-end=\"57\">pendientes enchapados en Plata 925<\/strong> ofrecen un dise\u00f1o delicado y celestial. Con un aro de <strong data-start=\"112\" data-end=\"133\">10 mm de di\u00e1metro<\/strong>, destacan por su <strong data-start=\"151\" data-end=\"173\">dije de media luna<\/strong>, acompa\u00f1ado de una <strong data-start=\"193\" data-end=\"213\">peque\u00f1a estrella<\/strong>, ambos decorados con brillantes <strong data-start=\"246\" data-end=\"259\">zirconias<\/strong> que a\u00f1aden un toque de brillo sutil.<\/p>\n<p data-start=\"299\" data-end=\"319\"><strong data-start=\"299\" data-end=\"318\">Caracter\u00edsticas<\/strong>:<\/p>\n<ul data-start=\"320\" data-end=\"512\">\n<li data-start=\"320\" data-end=\"359\"><strong data-start=\"322\" data-end=\"334\">Material<\/strong>: Enchapado en Plata 925 Hipoalerg\u00e9nico.<\/li>\n<li data-start=\"360\" data-end=\"390\"><strong data-start=\"362\" data-end=\"382\">Di\u00e1metro del aro<\/strong>: 10 mm.<\/li>\n<li data-start=\"391\" data-end=\"462\"><strong data-start=\"393\" data-end=\"401\">Dije<\/strong>: Media luna con una estrella, ambas decoradas con zirconias.<\/li>\n<\/ul>\n<p data-start=\"514\" data-end=\"712\" data-is-last-node=\"\" data-is-only-node=\"\">Perfectos para quienes buscan un accesorio elegante y con un aire m\u00edstico, estos pendientes son ideales para el uso diario o para ocasiones especiales, aportando un toque de glamour y sofisticaci\u00f3n.<\/p>\n","protected":false},"excerpt":{"rendered":"<p>Estos encantadores pendientes enchapados en Plata 925 ofrecen un dise\u00f1o delicado y celestial. Con un aro de 10 mm de di\u00e1metro, destacan por su dije de media luna, acompa\u00f1ado de una peque\u00f1a estrella, ambos decorados con brillantes zirconias que a\u00f1aden un toque de brillo sutil. Caracter\u00edsticas: Material: Enchapado en Plata 925 Hipoalerg\u00e9nico. Di\u00e1metro del aro: [&hellip;]<\/p>\n","protected":false},"featured_media":12168,"template":"","meta":{"site-sidebar-layout":"default","site-content-layout":"","ast-site-content-layout":"default","site-content-style":"default","site-sidebar-style":"default","ast-global-header-display":"","ast-banner-title-visibility":"","ast-main-header-display":"","ast-hfb-above-header-display":"","ast-hfb-below-header-display":"","ast-hfb-mobile-header-display":"","site-post-title":"","ast-breadcrumbs-content":"","ast-featured-img":"","footer-sml-layout":"","ast-disable-related-posts":"","theme-transparent-header-meta":"default","adv-header-id-meta":"","stick-header-meta":"","header-above-stick-meta":"","header-main-stick-meta":"","header-below-stick-meta":"","astra-migrate-meta-layouts":"set","ast-page-background-enabled":"default","ast-page-background-meta":{"desktop":{"background-color":"var(--ast-global-color-4)","background-image":"","background-repeat":"repeat","background-position":"center center","background-size":"auto","background-attachment":"scroll","background-type":"","background-media":"","overlay-type":"","overlay-color":"","overlay-opacity":"","overlay-gradient":""},"tablet":{"background-color":"","background-image":"","background-repeat":"repeat","background-position":"center center","background-size":"auto","background-attachment":"scroll","background-type":"","background-media":"","overlay-type":"","overlay-color":"","overlay-opacity":"","overlay-gradient":""},"mobile":{"background-color":"","background-image":"","background-repeat":"repeat","background-position":"center center","background-size":"auto","background-attachment":"scroll","background-type":"","background-media":"","overlay-type":"","overlay-color":"","overlay-opacity":"","overlay-gradient":""}},"ast-content-background-meta":{"desktop":{"background-color":"var(--ast-global-color-5)","background-image":"","background-repeat":"repeat","background-position":"center center","background-size":"auto","background-attachment":"scroll","background-type":"","background-media":"","overlay-type":"","overlay-color":"","overlay-opacity":"","overlay-gradient":""},"tablet":{"background-color":"var(--ast-global-color-5)","background-image":"","background-repeat":"repeat","background-position":"center center","background-size":"auto","background-attachment":"scroll","background-type":"","background-media":"","overlay-type":"","overlay-color":"","overlay-opacity":"","overlay-gradient":""},"mobile":{"background-color":"var(--ast-global-color-5)","background-image":"","background-repeat":"repeat","background-position":"center center","background-size":"auto","background-attachment":"scroll","background-type":"","background-media":"","overlay-type":"","overlay-color":"","overlay-opacity":"","overlay-gradient":""}}},"product_brand":[],"product_cat":[180,445,182],"product_tag":[],"class_list":{"0":"post-12165","1":"product","2":"type-product","3":"status-publish","4":"has-post-thumbnail","6":"product_cat-caravanas","7":"product_cat-joyeria","8":"product_cat-pendientes-ench-plata-925","9":"desktop-align-left","10":"tablet-align-left","11":"mobile-align-left","13":"first","14":"instock","15":"shipping-taxable","16":"purchasable","17":"product-type-simple"},"yoast_head":"<!-- This site is optimized with the Yoast SEO plugin v27.3 - https:\/\/yoast.com\/product\/yoast-seo-wordpress\/ -->\n<title>Pendientes Luna y Mini Estrella - ROSE MVD<\/title>\n<meta name=\"description\" content=\"Pendientes Luna y Mini Estrella enchapados en Plata 925 ofrecen un dise\u00f1o delicado y celestial. Con brillantes zirconias que a\u00f1aden un toque de brillo sutil\" \/>\n<meta name=\"robots\" content=\"index, follow, max-snippet:-1, max-image-preview:large, max-video-preview:-1\" \/>\n<link rel=\"canonical\" href=\"https:\/\/rosemvd.com\/index.php\/producto\/pendientes-luna-y-mini-estrella\/\" \/>\n<meta property=\"og:locale\" content=\"es_ES\" \/>\n<meta property=\"og:type\" content=\"article\" \/>\n<meta property=\"og:title\" content=\"Pendientes Luna y Mini Estrella - ROSE MVD\" \/>\n<meta property=\"og:description\" content=\"Pendientes Luna y Mini Estrella enchapados en Plata 925 ofrecen un dise\u00f1o delicado y celestial. Con brillantes zirconias que a\u00f1aden un toque de brillo sutil\" \/>\n<meta property=\"og:url\" content=\"https:\/\/rosemvd.com\/index.php\/producto\/pendientes-luna-y-mini-estrella\/\" \/>\n<meta property=\"og:site_name\" content=\"ROSE MVD\" \/>\n<meta property=\"article:publisher\" content=\"https:\/\/www.facebook.com\/TiendaRoseMvd\" \/>\n<meta property=\"article:modified_time\" content=\"2026-04-20T13:41:52+00:00\" \/>\n<meta property=\"og:image\" content=\"https:\/\/rosemvd.com\/wp-content\/uploads\/2025\/03\/D_NQ_NP_746133-MLU82674459380_032025-O.webp\" \/>\n\t<meta property=\"og:image:width\" content=\"444\" \/>\n\t<meta property=\"og:image:height\" content=\"410\" \/>\n\t<meta property=\"og:image:type\" content=\"image\/webp\" \/>\n<meta name=\"twitter:card\" content=\"summary_large_image\" \/>\n<meta name=\"twitter:label1\" content=\"Tiempo de lectura\" \/>\n\t<meta name=\"twitter:data1\" content=\"1 minuto\" \/>\n<script type=\"application\/ld+json\" class=\"yoast-schema-graph\">{\"@context\":\"https:\\\/\\\/schema.org\",\"@graph\":[{\"@type\":\"WebPage\",\"@id\":\"https:\\\/\\\/rosemvd.com\\\/index.php\\\/producto\\\/pendientes-luna-y-mini-estrella\\\/\",\"url\":\"https:\\\/\\\/rosemvd.com\\\/index.php\\\/producto\\\/pendientes-luna-y-mini-estrella\\\/\",\"name\":\"Pendientes Luna y Mini Estrella - ROSE MVD\",\"isPartOf\":{\"@id\":\"https:\\\/\\\/rosemvd.com\\\/#website\"},\"primaryImageOfPage\":{\"@id\":\"https:\\\/\\\/rosemvd.com\\\/index.php\\\/producto\\\/pendientes-luna-y-mini-estrella\\\/#primaryimage\"},\"image\":{\"@id\":\"https:\\\/\\\/rosemvd.com\\\/index.php\\\/producto\\\/pendientes-luna-y-mini-estrella\\\/#primaryimage\"},\"thumbnailUrl\":\"https:\\\/\\\/rosemvd.com\\\/wp-content\\\/uploads\\\/2025\\\/03\\\/D_NQ_NP_746133-MLU82674459380_032025-O.webp\",\"datePublished\":\"2025-03-10T19:05:57+00:00\",\"dateModified\":\"2026-04-20T13:41:52+00:00\",\"description\":\"Pendientes Luna y Mini Estrella enchapados en Plata 925 ofrecen un dise\u00f1o delicado y celestial. Con brillantes zirconias que a\u00f1aden un toque de brillo sutil\",\"breadcrumb\":{\"@id\":\"https:\\\/\\\/rosemvd.com\\\/index.php\\\/producto\\\/pendientes-luna-y-mini-estrella\\\/#breadcrumb\"},\"inLanguage\":\"es\",\"potentialAction\":[{\"@type\":\"ReadAction\",\"target\":[\"https:\\\/\\\/rosemvd.com\\\/index.php\\\/producto\\\/pendientes-luna-y-mini-estrella\\\/\"]}]},{\"@type\":\"ImageObject\",\"inLanguage\":\"es\",\"@id\":\"https:\\\/\\\/rosemvd.com\\\/index.php\\\/producto\\\/pendientes-luna-y-mini-estrella\\\/#primaryimage\",\"url\":\"https:\\\/\\\/rosemvd.com\\\/wp-content\\\/uploads\\\/2025\\\/03\\\/D_NQ_NP_746133-MLU82674459380_032025-O.webp\",\"contentUrl\":\"https:\\\/\\\/rosemvd.com\\\/wp-content\\\/uploads\\\/2025\\\/03\\\/D_NQ_NP_746133-MLU82674459380_032025-O.webp\",\"width\":444,\"height\":410},{\"@type\":\"BreadcrumbList\",\"@id\":\"https:\\\/\\\/rosemvd.com\\\/index.php\\\/producto\\\/pendientes-luna-y-mini-estrella\\\/#breadcrumb\",\"itemListElement\":[{\"@type\":\"ListItem\",\"position\":1,\"name\":\"Portada\",\"item\":\"https:\\\/\\\/rosemvd.com\\\/\"},{\"@type\":\"ListItem\",\"position\":2,\"name\":\"Tienda\",\"item\":\"https:\\\/\\\/rosemvd.com\\\/index.php\\\/tienda\\\/\"},{\"@type\":\"ListItem\",\"position\":3,\"name\":\"Pendientes Luna y Mini Estrella\"}]},{\"@type\":\"WebSite\",\"@id\":\"https:\\\/\\\/rosemvd.com\\\/#website\",\"url\":\"https:\\\/\\\/rosemvd.com\\\/\",\"name\":\"ROSE MVD\",\"description\":\"Todo lo que no sab\u00edas que necesitabas, lo \u00faltimo en tendencia, utilidad e innovaci\u00f3n\",\"publisher\":{\"@id\":\"https:\\\/\\\/rosemvd.com\\\/#organization\"},\"potentialAction\":[{\"@type\":\"SearchAction\",\"target\":{\"@type\":\"EntryPoint\",\"urlTemplate\":\"https:\\\/\\\/rosemvd.com\\\/?s={search_term_string}\"},\"query-input\":{\"@type\":\"PropertyValueSpecification\",\"valueRequired\":true,\"valueName\":\"search_term_string\"}}],\"inLanguage\":\"es\"},{\"@type\":\"Organization\",\"@id\":\"https:\\\/\\\/rosemvd.com\\\/#organization\",\"name\":\"ROSE MVD\",\"alternateName\":\"ROSE MVD\",\"url\":\"https:\\\/\\\/rosemvd.com\\\/\",\"logo\":{\"@type\":\"ImageObject\",\"inLanguage\":\"es\",\"@id\":\"https:\\\/\\\/rosemvd.com\\\/#\\\/schema\\\/logo\\\/image\\\/\",\"url\":\"https:\\\/\\\/rosemvd.com\\\/wp-content\\\/uploads\\\/2023\\\/03\\\/Sin-titulo-2_Mesa-de-trabajo-1.png\",\"contentUrl\":\"https:\\\/\\\/rosemvd.com\\\/wp-content\\\/uploads\\\/2023\\\/03\\\/Sin-titulo-2_Mesa-de-trabajo-1.png\",\"width\":2084,\"height\":2084,\"caption\":\"ROSE MVD\"},\"image\":{\"@id\":\"https:\\\/\\\/rosemvd.com\\\/#\\\/schema\\\/logo\\\/image\\\/\"},\"sameAs\":[\"https:\\\/\\\/www.facebook.com\\\/TiendaRoseMvd\",\"https:\\\/\\\/www.instagram.com\\\/rose.mvd\"]}]}<\/script>\n<!-- \/ Yoast SEO plugin. -->","yoast_head_json":{"title":"Pendientes Luna y Mini Estrella - ROSE MVD","description":"Pendientes Luna y Mini Estrella enchapados en Plata 925 ofrecen un dise\u00f1o delicado y celestial. Con brillantes zirconias que a\u00f1aden un toque de brillo sutil","robots":{"index":"index","follow":"follow","max-snippet":"max-snippet:-1","max-image-preview":"max-image-preview:large","max-video-preview":"max-video-preview:-1"},"canonical":"https:\/\/rosemvd.com\/index.php\/producto\/pendientes-luna-y-mini-estrella\/","og_locale":"es_ES","og_type":"article","og_title":"Pendientes Luna y Mini Estrella - ROSE MVD","og_description":"Pendientes Luna y Mini Estrella enchapados en Plata 925 ofrecen un dise\u00f1o delicado y celestial. Con brillantes zirconias que a\u00f1aden un toque de brillo sutil","og_url":"https:\/\/rosemvd.com\/index.php\/producto\/pendientes-luna-y-mini-estrella\/","og_site_name":"ROSE MVD","article_publisher":"https:\/\/www.facebook.com\/TiendaRoseMvd","article_modified_time":"2026-04-20T13:41:52+00:00","og_image":[{"width":444,"height":410,"url":"https:\/\/rosemvd.com\/wp-content\/uploads\/2025\/03\/D_NQ_NP_746133-MLU82674459380_032025-O.webp","type":"image\/webp"}],"twitter_card":"summary_large_image","twitter_misc":{"Tiempo de lectura":"1 minuto"},"schema":{"@context":"https:\/\/schema.org","@graph":[{"@type":"WebPage","@id":"https:\/\/rosemvd.com\/index.php\/producto\/pendientes-luna-y-mini-estrella\/","url":"https:\/\/rosemvd.com\/index.php\/producto\/pendientes-luna-y-mini-estrella\/","name":"Pendientes Luna y Mini Estrella - ROSE MVD","isPartOf":{"@id":"https:\/\/rosemvd.com\/#website"},"primaryImageOfPage":{"@id":"https:\/\/rosemvd.com\/index.php\/producto\/pendientes-luna-y-mini-estrella\/#primaryimage"},"image":{"@id":"https:\/\/rosemvd.com\/index.php\/producto\/pendientes-luna-y-mini-estrella\/#primaryimage"},"thumbnailUrl":"https:\/\/rosemvd.com\/wp-content\/uploads\/2025\/03\/D_NQ_NP_746133-MLU82674459380_032025-O.webp","datePublished":"2025-03-10T19:05:57+00:00","dateModified":"2026-04-20T13:41:52+00:00","description":"Pendientes Luna y Mini Estrella enchapados en Plata 925 ofrecen un dise\u00f1o delicado y celestial. Con brillantes zirconias que a\u00f1aden un toque de brillo sutil","breadcrumb":{"@id":"https:\/\/rosemvd.com\/index.php\/producto\/pendientes-luna-y-mini-estrella\/#breadcrumb"},"inLanguage":"es","potentialAction":[{"@type":"ReadAction","target":["https:\/\/rosemvd.com\/index.php\/producto\/pendientes-luna-y-mini-estrella\/"]}]},{"@type":"ImageObject","inLanguage":"es","@id":"https:\/\/rosemvd.com\/index.php\/producto\/pendientes-luna-y-mini-estrella\/#primaryimage","url":"https:\/\/rosemvd.com\/wp-content\/uploads\/2025\/03\/D_NQ_NP_746133-MLU82674459380_032025-O.webp","contentUrl":"https:\/\/rosemvd.com\/wp-content\/uploads\/2025\/03\/D_NQ_NP_746133-MLU82674459380_032025-O.webp","width":444,"height":410},{"@type":"BreadcrumbList","@id":"https:\/\/rosemvd.com\/index.php\/producto\/pendientes-luna-y-mini-estrella\/#breadcrumb","itemListElement":[{"@type":"ListItem","position":1,"name":"Portada","item":"https:\/\/rosemvd.com\/"},{"@type":"ListItem","position":2,"name":"Tienda","item":"https:\/\/rosemvd.com\/index.php\/tienda\/"},{"@type":"ListItem","position":3,"name":"Pendientes Luna y Mini Estrella"}]},{"@type":"WebSite","@id":"https:\/\/rosemvd.com\/#website","url":"https:\/\/rosemvd.com\/","name":"ROSE MVD","description":"Todo lo que no sab\u00edas que necesitabas, lo \u00faltimo en tendencia, utilidad e innovaci\u00f3n","publisher":{"@id":"https:\/\/rosemvd.com\/#organization"},"potentialAction":[{"@type":"SearchAction","target":{"@type":"EntryPoint","urlTemplate":"https:\/\/rosemvd.com\/?s={search_term_string}"},"query-input":{"@type":"PropertyValueSpecification","valueRequired":true,"valueName":"search_term_string"}}],"inLanguage":"es"},{"@type":"Organization","@id":"https:\/\/rosemvd.com\/#organization","name":"ROSE MVD","alternateName":"ROSE MVD","url":"https:\/\/rosemvd.com\/","logo":{"@type":"ImageObject","inLanguage":"es","@id":"https:\/\/rosemvd.com\/#\/schema\/logo\/image\/","url":"https:\/\/rosemvd.com\/wp-content\/uploads\/2023\/03\/Sin-titulo-2_Mesa-de-trabajo-1.png","contentUrl":"https:\/\/rosemvd.com\/wp-content\/uploads\/2023\/03\/Sin-titulo-2_Mesa-de-trabajo-1.png","width":2084,"height":2084,"caption":"ROSE MVD"},"image":{"@id":"https:\/\/rosemvd.com\/#\/schema\/logo\/image\/"},"sameAs":["https:\/\/www.facebook.com\/TiendaRoseMvd","https:\/\/www.instagram.com\/rose.mvd"]}]}},"_links":{"self":[{"href":"https:\/\/rosemvd.com\/index.php\/wp-json\/wp\/v2\/product\/12165","targetHints":{"allow":["GET"]}}],"collection":[{"href":"https:\/\/rosemvd.com\/index.php\/wp-json\/wp\/v2\/product"}],"about":[{"href":"https:\/\/rosemvd.com\/index.php\/wp-json\/wp\/v2\/types\/product"}],"wp:featuredmedia":[{"embeddable":true,"href":"https:\/\/rosemvd.com\/index.php\/wp-json\/wp\/v2\/media\/12168"}],"wp:attachment":[{"href":"https:\/\/rosemvd.com\/index.php\/wp-json\/wp\/v2\/media?parent=12165"}],"wp:term":[{"taxonomy":"product_brand","embeddable":true,"href":"https:\/\/rosemvd.com\/index.php\/wp-json\/wp\/v2\/product_brand?post=12165"},{"taxonomy":"product_cat","embeddable":true,"href":"https:\/\/rosemvd.com\/index.php\/wp-json\/wp\/v2\/product_cat?post=12165"},{"taxonomy":"product_tag","embeddable":true,"href":"https:\/\/rosemvd.com\/index.php\/wp-json\/wp\/v2\/product_tag?post=12165"}],"curies":[{"name":"wp","href":"https:\/\/api.w.org\/{rel}","templated":true}]}}