{"id":11634,"date":"2025-01-27T12:46:39","date_gmt":"2025-01-27T15:46:39","guid":{"rendered":"https:\/\/rosemvd.com\/?post_type=product&#038;p=11634"},"modified":"2026-03-04T13:41:32","modified_gmt":"2026-03-04T16:41:32","slug":"conjunto-de-lenceria-bordo","status":"publish","type":"product","link":"https:\/\/rosemvd.com\/index.php\/producto\/conjunto-de-lenceria-bordo\/","title":{"rendered":"Conjunto de Lencer\u00eda Bordo"},"content":{"rendered":"<p>Si\u00e9ntete incre\u00edblemente sexy y segura con este conjunto de lencer\u00eda delicado y seductor. Confeccionado en encaje trasl\u00facido de alta calidad, presenta finos detalles bordados que a\u00f1aden un toque de sofisticaci\u00f3n y sensualidad. Su dise\u00f1o ajustable, tanto en la parte superior como inferior, asegura un ajuste perfecto y c\u00f3modo para resaltar tu figura de forma natural. Disponible en tallas S, M y L, es ideal para aquellos momentos especiales en los que desees sentirte \u00fanica y elegante.<\/p>\n<p><strong>Caracter\u00edsticas<\/strong>:<\/p>\n<ul>\n<li>Conjunto de lencer\u00eda delicada y sensual en encaje trasl\u00facido.<\/li>\n<li>Detalles bordados que aportan un toque sofisticado y sexy.<\/li>\n<li>Disponible en tallas S, M y L, adecuado para diferentes tipos de cuerpo.<\/li>\n<li>Perfecto para momentos especiales o para elevar tu confianza diaria.<\/li>\n<\/ul>\n<p>Descubre el equilibrio perfecto entre comodidad y seducci\u00f3n con este conjunto \u00fanico, dise\u00f1ado para hacerte sentir incre\u00edble.<\/p>\n<p>TALLE S ( PECHO 86-90CM) (CONTORNO CINTURA 66-70CM)<br \/>\nTALLE M ( PECHO 90-94CM) (CONTORNO CINTURA 70-74CM)<br \/>\nTALLE L ( PECHO 94-100CM) (CONTORNO CINTURA 74-80CM)<br \/>\nTALLE XL ( PECHO 100-106CM) (CONTORNO CINTURA 80-86CM)<\/p>\n","protected":false},"excerpt":{"rendered":"<p>Si\u00e9ntete incre\u00edblemente sexy y segura con este conjunto de lencer\u00eda delicado y seductor. Confeccionado en encaje trasl\u00facido de alta calidad, presenta finos detalles bordados que a\u00f1aden un toque de sofisticaci\u00f3n y sensualidad. Su dise\u00f1o ajustable, tanto en la parte superior como inferior, asegura un ajuste perfecto y c\u00f3modo para resaltar tu figura de forma natural. [&hellip;]<\/p>\n","protected":false},"featured_media":11642,"template":"","meta":{"site-sidebar-layout":"default","site-content-layout":"","ast-site-content-layout":"default","site-content-style":"default","site-sidebar-style":"default","ast-global-header-display":"","ast-banner-title-visibility":"","ast-main-header-display":"","ast-hfb-above-header-display":"","ast-hfb-below-header-display":"","ast-hfb-mobile-header-display":"","site-post-title":"","ast-breadcrumbs-content":"","ast-featured-img":"","footer-sml-layout":"","ast-disable-related-posts":"","theme-transparent-header-meta":"default","adv-header-id-meta":"","stick-header-meta":"","header-above-stick-meta":"","header-main-stick-meta":"","header-below-stick-meta":"","astra-migrate-meta-layouts":"set","ast-page-background-enabled":"default","ast-page-background-meta":{"desktop":{"background-color":"var(--ast-global-color-4)","background-image":"","background-repeat":"repeat","background-position":"center center","background-size":"auto","background-attachment":"scroll","background-type":"","background-media":"","overlay-type":"","overlay-color":"","overlay-opacity":"","overlay-gradient":""},"tablet":{"background-color":"","background-image":"","background-repeat":"repeat","background-position":"center center","background-size":"auto","background-attachment":"scroll","background-type":"","background-media":"","overlay-type":"","overlay-color":"","overlay-opacity":"","overlay-gradient":""},"mobile":{"background-color":"","background-image":"","background-repeat":"repeat","background-position":"center center","background-size":"auto","background-attachment":"scroll","background-type":"","background-media":"","overlay-type":"","overlay-color":"","overlay-opacity":"","overlay-gradient":""}},"ast-content-background-meta":{"desktop":{"background-color":"var(--ast-global-color-5)","background-image":"","background-repeat":"repeat","background-position":"center center","background-size":"auto","background-attachment":"scroll","background-type":"","background-media":"","overlay-type":"","overlay-color":"","overlay-opacity":"","overlay-gradient":""},"tablet":{"background-color":"var(--ast-global-color-5)","background-image":"","background-repeat":"repeat","background-position":"center center","background-size":"auto","background-attachment":"scroll","background-type":"","background-media":"","overlay-type":"","overlay-color":"","overlay-opacity":"","overlay-gradient":""},"mobile":{"background-color":"var(--ast-global-color-5)","background-image":"","background-repeat":"repeat","background-position":"center center","background-size":"auto","background-attachment":"scroll","background-type":"","background-media":"","overlay-type":"","overlay-color":"","overlay-opacity":"","overlay-gradient":""}}},"product_brand":[],"product_cat":[17,424],"product_tag":[],"class_list":{"0":"post-11634","1":"product","2":"type-product","3":"status-publish","4":"has-post-thumbnail","6":"product_cat-belleza","7":"product_cat-lenceria","8":"desktop-align-left","9":"tablet-align-left","10":"mobile-align-left","12":"first","13":"outofstock","14":"shipping-taxable","15":"purchasable","16":"product-type-variable"},"yoast_head":"<!-- This site is optimized with the Yoast SEO plugin v27.3 - https:\/\/yoast.com\/product\/yoast-seo-wordpress\/ -->\n<title>Conjunto de Lencer\u00eda Bordo - ROSE MVD<\/title>\n<meta name=\"description\" content=\"combinaci\u00f3n perfecta entre sensualidad y confort. Hecho de delicado encaje, cada pieza est\u00e1 dise\u00f1ada para realzar tu figura de una manera sofisticada.\" \/>\n<meta name=\"robots\" content=\"index, follow, max-snippet:-1, max-image-preview:large, max-video-preview:-1\" \/>\n<link rel=\"canonical\" href=\"https:\/\/rosemvd.com\/index.php\/producto\/conjunto-de-lenceria-bordo\/\" \/>\n<meta property=\"og:locale\" content=\"es_ES\" \/>\n<meta property=\"og:type\" content=\"article\" \/>\n<meta property=\"og:title\" content=\"Conjunto de Lencer\u00eda Bordo - ROSE MVD\" \/>\n<meta property=\"og:description\" content=\"combinaci\u00f3n perfecta entre sensualidad y confort. Hecho de delicado encaje, cada pieza est\u00e1 dise\u00f1ada para realzar tu figura de una manera sofisticada.\" \/>\n<meta property=\"og:url\" content=\"https:\/\/rosemvd.com\/index.php\/producto\/conjunto-de-lenceria-bordo\/\" \/>\n<meta property=\"og:site_name\" content=\"ROSE MVD\" \/>\n<meta property=\"article:publisher\" content=\"https:\/\/www.facebook.com\/TiendaRoseMvd\" \/>\n<meta property=\"article:modified_time\" content=\"2026-03-04T16:41:32+00:00\" \/>\n<meta property=\"og:image\" content=\"https:\/\/rosemvd.com\/wp-content\/uploads\/2025\/01\/D_NQ_NP_962015-MLU82134318373_012025-O.webp\" \/>\n\t<meta property=\"og:image:width\" content=\"373\" \/>\n\t<meta property=\"og:image:height\" content=\"500\" \/>\n\t<meta property=\"og:image:type\" content=\"image\/webp\" \/>\n<meta name=\"twitter:card\" content=\"summary_large_image\" \/>\n<meta name=\"twitter:label1\" content=\"Tiempo de lectura\" \/>\n\t<meta name=\"twitter:data1\" content=\"1 minuto\" \/>\n<script type=\"application\/ld+json\" class=\"yoast-schema-graph\">{\"@context\":\"https:\\\/\\\/schema.org\",\"@graph\":[{\"@type\":\"WebPage\",\"@id\":\"https:\\\/\\\/rosemvd.com\\\/index.php\\\/producto\\\/conjunto-de-lenceria-bordo\\\/\",\"url\":\"https:\\\/\\\/rosemvd.com\\\/index.php\\\/producto\\\/conjunto-de-lenceria-bordo\\\/\",\"name\":\"Conjunto de Lencer\u00eda Bordo - ROSE MVD\",\"isPartOf\":{\"@id\":\"https:\\\/\\\/rosemvd.com\\\/#website\"},\"primaryImageOfPage\":{\"@id\":\"https:\\\/\\\/rosemvd.com\\\/index.php\\\/producto\\\/conjunto-de-lenceria-bordo\\\/#primaryimage\"},\"image\":{\"@id\":\"https:\\\/\\\/rosemvd.com\\\/index.php\\\/producto\\\/conjunto-de-lenceria-bordo\\\/#primaryimage\"},\"thumbnailUrl\":\"https:\\\/\\\/rosemvd.com\\\/wp-content\\\/uploads\\\/2025\\\/01\\\/D_NQ_NP_962015-MLU82134318373_012025-O.webp\",\"datePublished\":\"2025-01-27T15:46:39+00:00\",\"dateModified\":\"2026-03-04T16:41:32+00:00\",\"description\":\"combinaci\u00f3n perfecta entre sensualidad y confort. Hecho de delicado encaje, cada pieza est\u00e1 dise\u00f1ada para realzar tu figura de una manera sofisticada.\",\"breadcrumb\":{\"@id\":\"https:\\\/\\\/rosemvd.com\\\/index.php\\\/producto\\\/conjunto-de-lenceria-bordo\\\/#breadcrumb\"},\"inLanguage\":\"es\",\"potentialAction\":[{\"@type\":\"ReadAction\",\"target\":[\"https:\\\/\\\/rosemvd.com\\\/index.php\\\/producto\\\/conjunto-de-lenceria-bordo\\\/\"]}]},{\"@type\":\"ImageObject\",\"inLanguage\":\"es\",\"@id\":\"https:\\\/\\\/rosemvd.com\\\/index.php\\\/producto\\\/conjunto-de-lenceria-bordo\\\/#primaryimage\",\"url\":\"https:\\\/\\\/rosemvd.com\\\/wp-content\\\/uploads\\\/2025\\\/01\\\/D_NQ_NP_962015-MLU82134318373_012025-O.webp\",\"contentUrl\":\"https:\\\/\\\/rosemvd.com\\\/wp-content\\\/uploads\\\/2025\\\/01\\\/D_NQ_NP_962015-MLU82134318373_012025-O.webp\",\"width\":373,\"height\":500},{\"@type\":\"BreadcrumbList\",\"@id\":\"https:\\\/\\\/rosemvd.com\\\/index.php\\\/producto\\\/conjunto-de-lenceria-bordo\\\/#breadcrumb\",\"itemListElement\":[{\"@type\":\"ListItem\",\"position\":1,\"name\":\"Portada\",\"item\":\"https:\\\/\\\/rosemvd.com\\\/\"},{\"@type\":\"ListItem\",\"position\":2,\"name\":\"Tienda\",\"item\":\"https:\\\/\\\/rosemvd.com\\\/index.php\\\/tienda\\\/\"},{\"@type\":\"ListItem\",\"position\":3,\"name\":\"Conjunto de Lencer\u00eda Bordo\"}]},{\"@type\":\"WebSite\",\"@id\":\"https:\\\/\\\/rosemvd.com\\\/#website\",\"url\":\"https:\\\/\\\/rosemvd.com\\\/\",\"name\":\"ROSE MVD\",\"description\":\"Todo lo que buscas lo pod\u00e9s encontrar en rose mvd, especializados en traer todas las cosas nuevas en tendencia y accesorios diferentes y \u00fanicos.\",\"publisher\":{\"@id\":\"https:\\\/\\\/rosemvd.com\\\/#organization\"},\"potentialAction\":[{\"@type\":\"SearchAction\",\"target\":{\"@type\":\"EntryPoint\",\"urlTemplate\":\"https:\\\/\\\/rosemvd.com\\\/?s={search_term_string}\"},\"query-input\":{\"@type\":\"PropertyValueSpecification\",\"valueRequired\":true,\"valueName\":\"search_term_string\"}}],\"inLanguage\":\"es\"},{\"@type\":\"Organization\",\"@id\":\"https:\\\/\\\/rosemvd.com\\\/#organization\",\"name\":\"ROSE MVD\",\"alternateName\":\"ROSE MVD\",\"url\":\"https:\\\/\\\/rosemvd.com\\\/\",\"logo\":{\"@type\":\"ImageObject\",\"inLanguage\":\"es\",\"@id\":\"https:\\\/\\\/rosemvd.com\\\/#\\\/schema\\\/logo\\\/image\\\/\",\"url\":\"https:\\\/\\\/rosemvd.com\\\/wp-content\\\/uploads\\\/2023\\\/03\\\/Sin-titulo-2_Mesa-de-trabajo-1.png\",\"contentUrl\":\"https:\\\/\\\/rosemvd.com\\\/wp-content\\\/uploads\\\/2023\\\/03\\\/Sin-titulo-2_Mesa-de-trabajo-1.png\",\"width\":2084,\"height\":2084,\"caption\":\"ROSE MVD\"},\"image\":{\"@id\":\"https:\\\/\\\/rosemvd.com\\\/#\\\/schema\\\/logo\\\/image\\\/\"},\"sameAs\":[\"https:\\\/\\\/www.facebook.com\\\/TiendaRoseMvd\",\"https:\\\/\\\/www.instagram.com\\\/rose.mvd\"]}]}<\/script>\n<!-- \/ Yoast SEO plugin. -->","yoast_head_json":{"title":"Conjunto de Lencer\u00eda Bordo - ROSE MVD","description":"combinaci\u00f3n perfecta entre sensualidad y confort. Hecho de delicado encaje, cada pieza est\u00e1 dise\u00f1ada para realzar tu figura de una manera sofisticada.","robots":{"index":"index","follow":"follow","max-snippet":"max-snippet:-1","max-image-preview":"max-image-preview:large","max-video-preview":"max-video-preview:-1"},"canonical":"https:\/\/rosemvd.com\/index.php\/producto\/conjunto-de-lenceria-bordo\/","og_locale":"es_ES","og_type":"article","og_title":"Conjunto de Lencer\u00eda Bordo - ROSE MVD","og_description":"combinaci\u00f3n perfecta entre sensualidad y confort. Hecho de delicado encaje, cada pieza est\u00e1 dise\u00f1ada para realzar tu figura de una manera sofisticada.","og_url":"https:\/\/rosemvd.com\/index.php\/producto\/conjunto-de-lenceria-bordo\/","og_site_name":"ROSE MVD","article_publisher":"https:\/\/www.facebook.com\/TiendaRoseMvd","article_modified_time":"2026-03-04T16:41:32+00:00","og_image":[{"width":373,"height":500,"url":"https:\/\/rosemvd.com\/wp-content\/uploads\/2025\/01\/D_NQ_NP_962015-MLU82134318373_012025-O.webp","type":"image\/webp"}],"twitter_card":"summary_large_image","twitter_misc":{"Tiempo de lectura":"1 minuto"},"schema":{"@context":"https:\/\/schema.org","@graph":[{"@type":"WebPage","@id":"https:\/\/rosemvd.com\/index.php\/producto\/conjunto-de-lenceria-bordo\/","url":"https:\/\/rosemvd.com\/index.php\/producto\/conjunto-de-lenceria-bordo\/","name":"Conjunto de Lencer\u00eda Bordo - ROSE MVD","isPartOf":{"@id":"https:\/\/rosemvd.com\/#website"},"primaryImageOfPage":{"@id":"https:\/\/rosemvd.com\/index.php\/producto\/conjunto-de-lenceria-bordo\/#primaryimage"},"image":{"@id":"https:\/\/rosemvd.com\/index.php\/producto\/conjunto-de-lenceria-bordo\/#primaryimage"},"thumbnailUrl":"https:\/\/rosemvd.com\/wp-content\/uploads\/2025\/01\/D_NQ_NP_962015-MLU82134318373_012025-O.webp","datePublished":"2025-01-27T15:46:39+00:00","dateModified":"2026-03-04T16:41:32+00:00","description":"combinaci\u00f3n perfecta entre sensualidad y confort. Hecho de delicado encaje, cada pieza est\u00e1 dise\u00f1ada para realzar tu figura de una manera sofisticada.","breadcrumb":{"@id":"https:\/\/rosemvd.com\/index.php\/producto\/conjunto-de-lenceria-bordo\/#breadcrumb"},"inLanguage":"es","potentialAction":[{"@type":"ReadAction","target":["https:\/\/rosemvd.com\/index.php\/producto\/conjunto-de-lenceria-bordo\/"]}]},{"@type":"ImageObject","inLanguage":"es","@id":"https:\/\/rosemvd.com\/index.php\/producto\/conjunto-de-lenceria-bordo\/#primaryimage","url":"https:\/\/rosemvd.com\/wp-content\/uploads\/2025\/01\/D_NQ_NP_962015-MLU82134318373_012025-O.webp","contentUrl":"https:\/\/rosemvd.com\/wp-content\/uploads\/2025\/01\/D_NQ_NP_962015-MLU82134318373_012025-O.webp","width":373,"height":500},{"@type":"BreadcrumbList","@id":"https:\/\/rosemvd.com\/index.php\/producto\/conjunto-de-lenceria-bordo\/#breadcrumb","itemListElement":[{"@type":"ListItem","position":1,"name":"Portada","item":"https:\/\/rosemvd.com\/"},{"@type":"ListItem","position":2,"name":"Tienda","item":"https:\/\/rosemvd.com\/index.php\/tienda\/"},{"@type":"ListItem","position":3,"name":"Conjunto de Lencer\u00eda Bordo"}]},{"@type":"WebSite","@id":"https:\/\/rosemvd.com\/#website","url":"https:\/\/rosemvd.com\/","name":"ROSE MVD","description":"Todo lo que buscas lo pod\u00e9s encontrar en rose mvd, especializados en traer todas las cosas nuevas en tendencia y accesorios diferentes y \u00fanicos.","publisher":{"@id":"https:\/\/rosemvd.com\/#organization"},"potentialAction":[{"@type":"SearchAction","target":{"@type":"EntryPoint","urlTemplate":"https:\/\/rosemvd.com\/?s={search_term_string}"},"query-input":{"@type":"PropertyValueSpecification","valueRequired":true,"valueName":"search_term_string"}}],"inLanguage":"es"},{"@type":"Organization","@id":"https:\/\/rosemvd.com\/#organization","name":"ROSE MVD","alternateName":"ROSE MVD","url":"https:\/\/rosemvd.com\/","logo":{"@type":"ImageObject","inLanguage":"es","@id":"https:\/\/rosemvd.com\/#\/schema\/logo\/image\/","url":"https:\/\/rosemvd.com\/wp-content\/uploads\/2023\/03\/Sin-titulo-2_Mesa-de-trabajo-1.png","contentUrl":"https:\/\/rosemvd.com\/wp-content\/uploads\/2023\/03\/Sin-titulo-2_Mesa-de-trabajo-1.png","width":2084,"height":2084,"caption":"ROSE MVD"},"image":{"@id":"https:\/\/rosemvd.com\/#\/schema\/logo\/image\/"},"sameAs":["https:\/\/www.facebook.com\/TiendaRoseMvd","https:\/\/www.instagram.com\/rose.mvd"]}]}},"_links":{"self":[{"href":"https:\/\/rosemvd.com\/index.php\/wp-json\/wp\/v2\/product\/11634","targetHints":{"allow":["GET"]}}],"collection":[{"href":"https:\/\/rosemvd.com\/index.php\/wp-json\/wp\/v2\/product"}],"about":[{"href":"https:\/\/rosemvd.com\/index.php\/wp-json\/wp\/v2\/types\/product"}],"wp:featuredmedia":[{"embeddable":true,"href":"https:\/\/rosemvd.com\/index.php\/wp-json\/wp\/v2\/media\/11642"}],"wp:attachment":[{"href":"https:\/\/rosemvd.com\/index.php\/wp-json\/wp\/v2\/media?parent=11634"}],"wp:term":[{"taxonomy":"product_brand","embeddable":true,"href":"https:\/\/rosemvd.com\/index.php\/wp-json\/wp\/v2\/product_brand?post=11634"},{"taxonomy":"product_cat","embeddable":true,"href":"https:\/\/rosemvd.com\/index.php\/wp-json\/wp\/v2\/product_cat?post=11634"},{"taxonomy":"product_tag","embeddable":true,"href":"https:\/\/rosemvd.com\/index.php\/wp-json\/wp\/v2\/product_tag?post=11634"}],"curies":[{"name":"wp","href":"https:\/\/api.w.org\/{rel}","templated":true}]}}