{"id":10133,"date":"2024-07-23T21:42:23","date_gmt":"2024-07-24T00:42:23","guid":{"rendered":"https:\/\/rosemvd.com\/?post_type=product&#038;p=10133"},"modified":"2024-09-17T11:12:51","modified_gmt":"2024-09-17T14:12:51","slug":"linterna-encendedor-electrico","status":"publish","type":"product","link":"https:\/\/rosemvd.com\/index.php\/producto\/linterna-encendedor-electrico\/","title":{"rendered":"Linterna Encendedor El\u00e9ctrico"},"content":{"rendered":"<p>\u00a1El Encendedor Linterna El\u00e9ctrico Impermeable ideal para todas tus aventuras!<br \/>\nDise\u00f1ado para resistir condiciones clim\u00e1ticas adversas, este dispositivo es impermeable y resistente al viento, lo que lo hace ideal para actividades al aire libre.<\/p>\n<p>Linterna LED integrada proporciona una fuente de luz confiable en situaciones de emergencia o aventuras nocturnas.<\/p>\n<p>Compacto y f\u00e1cil de transportar, este encendedor linterna el\u00e9ctrico es una herramienta pr\u00e1ctica para cualquier entusiasta de actividades al aire libre o para preparaci\u00f3n ante emergencias.<\/p>\n<p><strong>Especificaciones:<\/strong><br \/>\nM\u00e9todo de carga: Carga USB<br \/>\nVoltaje de carga: 5V<br \/>\nTiempo de carga: alrededor de 1-2h<br \/>\nTiempo de iluminaci\u00f3n: aproximadamente 1,5 h<\/p>\n","protected":false},"excerpt":{"rendered":"<p>\u00a1El Encendedor Linterna El\u00e9ctrico Impermeable ideal para todas tus aventuras! Dise\u00f1ado para resistir condiciones clim\u00e1ticas adversas, este dispositivo es impermeable y resistente al viento, lo que lo hace ideal para actividades al aire libre. Linterna LED integrada proporciona una fuente de luz confiable en situaciones de emergencia o aventuras nocturnas. Compacto y f\u00e1cil de transportar, [&hellip;]<\/p>\n","protected":false},"featured_media":10630,"template":"","meta":{"site-sidebar-layout":"default","site-content-layout":"","ast-site-content-layout":"default","site-content-style":"default","site-sidebar-style":"default","ast-global-header-display":"","ast-banner-title-visibility":"","ast-main-header-display":"","ast-hfb-above-header-display":"","ast-hfb-below-header-display":"","ast-hfb-mobile-header-display":"","site-post-title":"","ast-breadcrumbs-content":"","ast-featured-img":"","footer-sml-layout":"","ast-disable-related-posts":"","theme-transparent-header-meta":"default","adv-header-id-meta":"","stick-header-meta":"","header-above-stick-meta":"","header-main-stick-meta":"","header-below-stick-meta":"","astra-migrate-meta-layouts":"set","ast-page-background-enabled":"default","ast-page-background-meta":{"desktop":{"background-color":"var(--ast-global-color-4)","background-image":"","background-repeat":"repeat","background-position":"center center","background-size":"auto","background-attachment":"scroll","background-type":"","background-media":"","overlay-type":"","overlay-color":"","overlay-opacity":"","overlay-gradient":""},"tablet":{"background-color":"","background-image":"","background-repeat":"repeat","background-position":"center center","background-size":"auto","background-attachment":"scroll","background-type":"","background-media":"","overlay-type":"","overlay-color":"","overlay-opacity":"","overlay-gradient":""},"mobile":{"background-color":"","background-image":"","background-repeat":"repeat","background-position":"center center","background-size":"auto","background-attachment":"scroll","background-type":"","background-media":"","overlay-type":"","overlay-color":"","overlay-opacity":"","overlay-gradient":""}},"ast-content-background-meta":{"desktop":{"background-color":"var(--ast-global-color-5)","background-image":"","background-repeat":"repeat","background-position":"center center","background-size":"auto","background-attachment":"scroll","background-type":"","background-media":"","overlay-type":"","overlay-color":"","overlay-opacity":"","overlay-gradient":""},"tablet":{"background-color":"var(--ast-global-color-5)","background-image":"","background-repeat":"repeat","background-position":"center center","background-size":"auto","background-attachment":"scroll","background-type":"","background-media":"","overlay-type":"","overlay-color":"","overlay-opacity":"","overlay-gradient":""},"mobile":{"background-color":"var(--ast-global-color-5)","background-image":"","background-repeat":"repeat","background-position":"center center","background-size":"auto","background-attachment":"scroll","background-type":"","background-media":"","overlay-type":"","overlay-color":"","overlay-opacity":"","overlay-gradient":""}}},"product_brand":[],"product_cat":[368,389],"product_tag":[],"class_list":{"0":"post-10133","1":"product","2":"type-product","3":"status-publish","4":"has-post-thumbnail","6":"product_cat-otros","7":"product_cat-varios","8":"desktop-align-left","9":"tablet-align-left","10":"mobile-align-left","12":"first","13":"instock","14":"shipping-taxable","15":"purchasable","16":"product-type-simple"},"yoast_head":"<!-- This site is optimized with the Yoast SEO plugin v27.3 - https:\/\/yoast.com\/product\/yoast-seo-wordpress\/ -->\n<title>Linterna Encendedor El\u00e9ctrico - ROSE MVD<\/title>\n<meta name=\"description\" content=\"Linterna Encendedor El\u00e9ctrico, Dise\u00f1ado para resistir condiciones clim\u00e1ticas adversas, este dispositivo es impermeable y resistente al viento.\" \/>\n<meta name=\"robots\" content=\"index, follow, max-snippet:-1, max-image-preview:large, max-video-preview:-1\" \/>\n<link rel=\"canonical\" href=\"https:\/\/rosemvd.com\/index.php\/producto\/linterna-encendedor-electrico\/\" \/>\n<meta property=\"og:locale\" content=\"es_ES\" \/>\n<meta property=\"og:type\" content=\"article\" \/>\n<meta property=\"og:title\" content=\"Linterna Encendedor El\u00e9ctrico - ROSE MVD\" \/>\n<meta property=\"og:description\" content=\"Linterna Encendedor El\u00e9ctrico, Dise\u00f1ado para resistir condiciones clim\u00e1ticas adversas, este dispositivo es impermeable y resistente al viento.\" \/>\n<meta property=\"og:url\" content=\"https:\/\/rosemvd.com\/index.php\/producto\/linterna-encendedor-electrico\/\" \/>\n<meta property=\"og:site_name\" content=\"ROSE MVD\" \/>\n<meta property=\"article:publisher\" content=\"https:\/\/www.facebook.com\/TiendaRoseMvd\" \/>\n<meta property=\"article:modified_time\" content=\"2024-09-17T14:12:51+00:00\" \/>\n<meta property=\"og:image\" content=\"https:\/\/rosemvd.com\/wp-content\/uploads\/2024\/07\/D_NQ_NP_2X_707760-MLA77117737107_062024-F.webp\" \/>\n\t<meta property=\"og:image:width\" content=\"1198\" \/>\n\t<meta property=\"og:image:height\" content=\"1068\" \/>\n\t<meta property=\"og:image:type\" content=\"image\/webp\" \/>\n<meta name=\"twitter:card\" content=\"summary_large_image\" \/>\n<meta name=\"twitter:label1\" content=\"Tiempo de lectura\" \/>\n\t<meta name=\"twitter:data1\" content=\"1 minuto\" \/>\n<script type=\"application\/ld+json\" class=\"yoast-schema-graph\">{\"@context\":\"https:\\\/\\\/schema.org\",\"@graph\":[{\"@type\":\"WebPage\",\"@id\":\"https:\\\/\\\/rosemvd.com\\\/index.php\\\/producto\\\/linterna-encendedor-electrico\\\/\",\"url\":\"https:\\\/\\\/rosemvd.com\\\/index.php\\\/producto\\\/linterna-encendedor-electrico\\\/\",\"name\":\"Linterna Encendedor El\u00e9ctrico - ROSE MVD\",\"isPartOf\":{\"@id\":\"https:\\\/\\\/rosemvd.com\\\/#website\"},\"primaryImageOfPage\":{\"@id\":\"https:\\\/\\\/rosemvd.com\\\/index.php\\\/producto\\\/linterna-encendedor-electrico\\\/#primaryimage\"},\"image\":{\"@id\":\"https:\\\/\\\/rosemvd.com\\\/index.php\\\/producto\\\/linterna-encendedor-electrico\\\/#primaryimage\"},\"thumbnailUrl\":\"https:\\\/\\\/rosemvd.com\\\/wp-content\\\/uploads\\\/2024\\\/07\\\/D_NQ_NP_2X_707760-MLA77117737107_062024-F.webp\",\"datePublished\":\"2024-07-24T00:42:23+00:00\",\"dateModified\":\"2024-09-17T14:12:51+00:00\",\"description\":\"Linterna Encendedor El\u00e9ctrico, Dise\u00f1ado para resistir condiciones clim\u00e1ticas adversas, este dispositivo es impermeable y resistente al viento.\",\"breadcrumb\":{\"@id\":\"https:\\\/\\\/rosemvd.com\\\/index.php\\\/producto\\\/linterna-encendedor-electrico\\\/#breadcrumb\"},\"inLanguage\":\"es\",\"potentialAction\":[{\"@type\":\"ReadAction\",\"target\":[\"https:\\\/\\\/rosemvd.com\\\/index.php\\\/producto\\\/linterna-encendedor-electrico\\\/\"]}]},{\"@type\":\"ImageObject\",\"inLanguage\":\"es\",\"@id\":\"https:\\\/\\\/rosemvd.com\\\/index.php\\\/producto\\\/linterna-encendedor-electrico\\\/#primaryimage\",\"url\":\"https:\\\/\\\/rosemvd.com\\\/wp-content\\\/uploads\\\/2024\\\/07\\\/D_NQ_NP_2X_707760-MLA77117737107_062024-F.webp\",\"contentUrl\":\"https:\\\/\\\/rosemvd.com\\\/wp-content\\\/uploads\\\/2024\\\/07\\\/D_NQ_NP_2X_707760-MLA77117737107_062024-F.webp\",\"width\":1198,\"height\":1068},{\"@type\":\"BreadcrumbList\",\"@id\":\"https:\\\/\\\/rosemvd.com\\\/index.php\\\/producto\\\/linterna-encendedor-electrico\\\/#breadcrumb\",\"itemListElement\":[{\"@type\":\"ListItem\",\"position\":1,\"name\":\"Portada\",\"item\":\"https:\\\/\\\/rosemvd.com\\\/\"},{\"@type\":\"ListItem\",\"position\":2,\"name\":\"Tienda\",\"item\":\"https:\\\/\\\/rosemvd.com\\\/index.php\\\/tienda\\\/\"},{\"@type\":\"ListItem\",\"position\":3,\"name\":\"Linterna Encendedor El\u00e9ctrico\"}]},{\"@type\":\"WebSite\",\"@id\":\"https:\\\/\\\/rosemvd.com\\\/#website\",\"url\":\"https:\\\/\\\/rosemvd.com\\\/\",\"name\":\"ROSE MVD\",\"description\":\"Todo lo que buscas lo pod\u00e9s encontrar en rose mvd, especializados en traer todas las cosas nuevas en tendencia y accesorios diferentes y \u00fanicos.\",\"publisher\":{\"@id\":\"https:\\\/\\\/rosemvd.com\\\/#organization\"},\"potentialAction\":[{\"@type\":\"SearchAction\",\"target\":{\"@type\":\"EntryPoint\",\"urlTemplate\":\"https:\\\/\\\/rosemvd.com\\\/?s={search_term_string}\"},\"query-input\":{\"@type\":\"PropertyValueSpecification\",\"valueRequired\":true,\"valueName\":\"search_term_string\"}}],\"inLanguage\":\"es\"},{\"@type\":\"Organization\",\"@id\":\"https:\\\/\\\/rosemvd.com\\\/#organization\",\"name\":\"ROSE MVD\",\"alternateName\":\"ROSE MVD\",\"url\":\"https:\\\/\\\/rosemvd.com\\\/\",\"logo\":{\"@type\":\"ImageObject\",\"inLanguage\":\"es\",\"@id\":\"https:\\\/\\\/rosemvd.com\\\/#\\\/schema\\\/logo\\\/image\\\/\",\"url\":\"https:\\\/\\\/rosemvd.com\\\/wp-content\\\/uploads\\\/2023\\\/03\\\/Sin-titulo-2_Mesa-de-trabajo-1.png\",\"contentUrl\":\"https:\\\/\\\/rosemvd.com\\\/wp-content\\\/uploads\\\/2023\\\/03\\\/Sin-titulo-2_Mesa-de-trabajo-1.png\",\"width\":2084,\"height\":2084,\"caption\":\"ROSE MVD\"},\"image\":{\"@id\":\"https:\\\/\\\/rosemvd.com\\\/#\\\/schema\\\/logo\\\/image\\\/\"},\"sameAs\":[\"https:\\\/\\\/www.facebook.com\\\/TiendaRoseMvd\",\"https:\\\/\\\/www.instagram.com\\\/rose.mvd\"]}]}<\/script>\n<!-- \/ Yoast SEO plugin. -->","yoast_head_json":{"title":"Linterna Encendedor El\u00e9ctrico - ROSE MVD","description":"Linterna Encendedor El\u00e9ctrico, Dise\u00f1ado para resistir condiciones clim\u00e1ticas adversas, este dispositivo es impermeable y resistente al viento.","robots":{"index":"index","follow":"follow","max-snippet":"max-snippet:-1","max-image-preview":"max-image-preview:large","max-video-preview":"max-video-preview:-1"},"canonical":"https:\/\/rosemvd.com\/index.php\/producto\/linterna-encendedor-electrico\/","og_locale":"es_ES","og_type":"article","og_title":"Linterna Encendedor El\u00e9ctrico - ROSE MVD","og_description":"Linterna Encendedor El\u00e9ctrico, Dise\u00f1ado para resistir condiciones clim\u00e1ticas adversas, este dispositivo es impermeable y resistente al viento.","og_url":"https:\/\/rosemvd.com\/index.php\/producto\/linterna-encendedor-electrico\/","og_site_name":"ROSE MVD","article_publisher":"https:\/\/www.facebook.com\/TiendaRoseMvd","article_modified_time":"2024-09-17T14:12:51+00:00","og_image":[{"width":1198,"height":1068,"url":"https:\/\/rosemvd.com\/wp-content\/uploads\/2024\/07\/D_NQ_NP_2X_707760-MLA77117737107_062024-F.webp","type":"image\/webp"}],"twitter_card":"summary_large_image","twitter_misc":{"Tiempo de lectura":"1 minuto"},"schema":{"@context":"https:\/\/schema.org","@graph":[{"@type":"WebPage","@id":"https:\/\/rosemvd.com\/index.php\/producto\/linterna-encendedor-electrico\/","url":"https:\/\/rosemvd.com\/index.php\/producto\/linterna-encendedor-electrico\/","name":"Linterna Encendedor El\u00e9ctrico - ROSE MVD","isPartOf":{"@id":"https:\/\/rosemvd.com\/#website"},"primaryImageOfPage":{"@id":"https:\/\/rosemvd.com\/index.php\/producto\/linterna-encendedor-electrico\/#primaryimage"},"image":{"@id":"https:\/\/rosemvd.com\/index.php\/producto\/linterna-encendedor-electrico\/#primaryimage"},"thumbnailUrl":"https:\/\/rosemvd.com\/wp-content\/uploads\/2024\/07\/D_NQ_NP_2X_707760-MLA77117737107_062024-F.webp","datePublished":"2024-07-24T00:42:23+00:00","dateModified":"2024-09-17T14:12:51+00:00","description":"Linterna Encendedor El\u00e9ctrico, Dise\u00f1ado para resistir condiciones clim\u00e1ticas adversas, este dispositivo es impermeable y resistente al viento.","breadcrumb":{"@id":"https:\/\/rosemvd.com\/index.php\/producto\/linterna-encendedor-electrico\/#breadcrumb"},"inLanguage":"es","potentialAction":[{"@type":"ReadAction","target":["https:\/\/rosemvd.com\/index.php\/producto\/linterna-encendedor-electrico\/"]}]},{"@type":"ImageObject","inLanguage":"es","@id":"https:\/\/rosemvd.com\/index.php\/producto\/linterna-encendedor-electrico\/#primaryimage","url":"https:\/\/rosemvd.com\/wp-content\/uploads\/2024\/07\/D_NQ_NP_2X_707760-MLA77117737107_062024-F.webp","contentUrl":"https:\/\/rosemvd.com\/wp-content\/uploads\/2024\/07\/D_NQ_NP_2X_707760-MLA77117737107_062024-F.webp","width":1198,"height":1068},{"@type":"BreadcrumbList","@id":"https:\/\/rosemvd.com\/index.php\/producto\/linterna-encendedor-electrico\/#breadcrumb","itemListElement":[{"@type":"ListItem","position":1,"name":"Portada","item":"https:\/\/rosemvd.com\/"},{"@type":"ListItem","position":2,"name":"Tienda","item":"https:\/\/rosemvd.com\/index.php\/tienda\/"},{"@type":"ListItem","position":3,"name":"Linterna Encendedor El\u00e9ctrico"}]},{"@type":"WebSite","@id":"https:\/\/rosemvd.com\/#website","url":"https:\/\/rosemvd.com\/","name":"ROSE MVD","description":"Todo lo que buscas lo pod\u00e9s encontrar en rose mvd, especializados en traer todas las cosas nuevas en tendencia y accesorios diferentes y \u00fanicos.","publisher":{"@id":"https:\/\/rosemvd.com\/#organization"},"potentialAction":[{"@type":"SearchAction","target":{"@type":"EntryPoint","urlTemplate":"https:\/\/rosemvd.com\/?s={search_term_string}"},"query-input":{"@type":"PropertyValueSpecification","valueRequired":true,"valueName":"search_term_string"}}],"inLanguage":"es"},{"@type":"Organization","@id":"https:\/\/rosemvd.com\/#organization","name":"ROSE MVD","alternateName":"ROSE MVD","url":"https:\/\/rosemvd.com\/","logo":{"@type":"ImageObject","inLanguage":"es","@id":"https:\/\/rosemvd.com\/#\/schema\/logo\/image\/","url":"https:\/\/rosemvd.com\/wp-content\/uploads\/2023\/03\/Sin-titulo-2_Mesa-de-trabajo-1.png","contentUrl":"https:\/\/rosemvd.com\/wp-content\/uploads\/2023\/03\/Sin-titulo-2_Mesa-de-trabajo-1.png","width":2084,"height":2084,"caption":"ROSE MVD"},"image":{"@id":"https:\/\/rosemvd.com\/#\/schema\/logo\/image\/"},"sameAs":["https:\/\/www.facebook.com\/TiendaRoseMvd","https:\/\/www.instagram.com\/rose.mvd"]}]}},"_links":{"self":[{"href":"https:\/\/rosemvd.com\/index.php\/wp-json\/wp\/v2\/product\/10133","targetHints":{"allow":["GET"]}}],"collection":[{"href":"https:\/\/rosemvd.com\/index.php\/wp-json\/wp\/v2\/product"}],"about":[{"href":"https:\/\/rosemvd.com\/index.php\/wp-json\/wp\/v2\/types\/product"}],"wp:featuredmedia":[{"embeddable":true,"href":"https:\/\/rosemvd.com\/index.php\/wp-json\/wp\/v2\/media\/10630"}],"wp:attachment":[{"href":"https:\/\/rosemvd.com\/index.php\/wp-json\/wp\/v2\/media?parent=10133"}],"wp:term":[{"taxonomy":"product_brand","embeddable":true,"href":"https:\/\/rosemvd.com\/index.php\/wp-json\/wp\/v2\/product_brand?post=10133"},{"taxonomy":"product_cat","embeddable":true,"href":"https:\/\/rosemvd.com\/index.php\/wp-json\/wp\/v2\/product_cat?post=10133"},{"taxonomy":"product_tag","embeddable":true,"href":"https:\/\/rosemvd.com\/index.php\/wp-json\/wp\/v2\/product_tag?post=10133"}],"curies":[{"name":"wp","href":"https:\/\/api.w.org\/{rel}","templated":true}]}}